{"id":11048,"date":"2017-02-27T03:52:13","date_gmt":"2017-02-27T01:52:13","guid":{"rendered":"http:\/\/www.iobevo.com\/online\/?page_id=11048\/"},"modified":"2024-03-06T10:24:39","modified_gmt":"2024-03-06T08:24:39","slug":"io-bevo-fit","status":"publish","type":"page","link":"https:\/\/www.iobevo.com\/online\/servizi\/io-bevo-fit\/","title":{"rendered":"io bevo FIT\u00ae"},"content":{"rendered":"<p><span class=\"mark2\">io bevo FIT<\/span><span class=\"mark3\">\u00ae<\/span> \u00e8 un servizio distribuzione di bevande per lo sport e il benessere e acqua microfiltrata e realizzato mediante corner self service e destinato al mondo fitness.<\/p>\n<p><span class=\"responsive\"><img fetchpriority=\"high\" decoding=\"async\" class=\"aligncenter wp-image-15119\" title=\"io bevo FIT\u00ae \" src=\"https:\/\/www.iobevo.com\/online\/wp-content\/uploads\/2018\/05\/Cover-donna-ft1-1024x724.jpg\" alt=\"io bevo FIT\u00ae \" width=\"700\" height=\"495\" srcset=\"https:\/\/www.iobevo.com\/online\/wp-content\/uploads\/2018\/05\/Cover-donna-ft1-1024x724.jpg 1024w, https:\/\/www.iobevo.com\/online\/wp-content\/uploads\/2018\/05\/Cover-donna-ft1-300x212.jpg 300w, https:\/\/www.iobevo.com\/online\/wp-content\/uploads\/2018\/05\/Cover-donna-ft1-768x543.jpg 768w\" sizes=\"(max-width: 700px) 100vw, 700px\" \/><\/span><\/p>\n<p>Caratteristica del servizio \u00e8 la grande variet\u00e0 di bevande, con ingredienti naturali e di qualit\u00e0, adeguate ai diversi gusti della clientela e in linea con il tema della salute e della nutrizione: Fitness Drink con sali minerali, Vegan Mix con frutta e spezie, Bevande salutistiche con stevia e aloe vera, T\u00e8 e infusi naturali, Plant Water, Bevande Light.<\/p>\n<p>Aspetto innovativo del progetto \u00e8 soprattutto la sua formula commerciale, per cui a fronte di un costo fisso e certo si ottengono tutti gli elementi del servizio: distributori, fornitura dei concentrati per tutte le bevande, fornitura di borracce personalizzate e di tutti gli accessori per la comunicazione e distribuzione.<\/p>\n<p><span class=\"mark2\">io bevo FIT<\/span><span class=\"mark3\">\u00ae<\/span> rappresenta un servizio originale e distintivo: a fronte di un costo fisso e certo si ottiene uno strumento efficace per aumentare il valore percepito del servizio Fitness, <strong>attrarre<\/strong> nuove fasce di clientela e <strong>fidelizzare<\/strong> gli abbonati.<\/p>\n<div class=\"accordion\" rel=\"1\">\n<div class=\"accordion-title\"><a href=\"#\">ELEMENTI DEL SERVIZIO IO BEVO FIT\u00ae<\/a><\/div>\n<div class=\"accordion-inner\"><span class=\"responsive\"><img decoding=\"async\" class=\"alignright wp-image-15125\" title=\"Concentrati per bevande isotoniche\" src=\"https:\/\/www.iobevo.com\/online\/wp-content\/uploads\/2018\/05\/Borraccia-ft2-160x300.jpg\" alt=\"Concentrati per bevande isotoniche\" width=\"121\" height=\"226\" srcset=\"https:\/\/www.iobevo.com\/online\/wp-content\/uploads\/2018\/05\/Borraccia-ft2-160x300.jpg 160w, https:\/\/www.iobevo.com\/online\/wp-content\/uploads\/2018\/05\/Borraccia-ft2-768x1438.jpg 768w, https:\/\/www.iobevo.com\/online\/wp-content\/uploads\/2018\/05\/Borraccia-ft2-547x1024.jpg 547w, https:\/\/www.iobevo.com\/online\/wp-content\/uploads\/2018\/05\/Borraccia-ft2.jpg 1125w\" sizes=\"(max-width: 121px) 100vw, 121px\" \/><\/span>Il servizio <span class=\"mark2\">io bevo FIT<\/span><span class=\"mark3\">\u00ae<\/span> viene realizzato mediante l\u2019installazione di isole self-service per la distribuzione di bevande e acqua microfiltrata a libero consumo. L\u2019innovazione del servizio consiste nel prodotto e soprattutto nella formula commerciale:<br \/>\na fronte di un costo fisso ad abbonato o a forfait annuo \u00e8 possibile disporre di tutti gli elementi tecnici per la realizzazione del servizio.<\/p>\n<ul>\n<li>analisi del contesto<\/li>\n<li>progettazione<\/li>\n<li>allestimento delle isole io bevo FIT\u00ae e installazione dei distributori<\/li>\n<li>manutenzione ordinaria e straordinaria<\/li>\n<li>fornitura di borracce personalizzate<\/li>\n<li>fornitura <strong>illimitata<\/strong> di concentrati in bag in box per le bevande<\/li>\n<li>servizio di microfiltrazione dell\u2019acqua realizzato secondo procedure certificate<\/li>\n<li>monitoraggio del servizio per individuare miglioramenti o integrazioni<\/li>\n<\/ul>\n<\/div>\n<div class=\"accordion-title\"><a href=\"#\">FORMAT E VARIET\u00c0 BEVANDE IO BEVO FIT\u00ae<\/a><\/div>\n<div class=\"accordion-inner\"><span class=\"responsive\"><img decoding=\"async\" class=\"alignright wp-image-15167\" title=\"Io bevo FIT\u00ae\" src=\"https:\/\/www.iobevo.com\/online\/wp-content\/uploads\/2018\/05\/donna_fitness-219x300.jpg\" alt=\"Io bevo FIT\u00ae\" width=\"150\" height=\"205\" srcset=\"https:\/\/www.iobevo.com\/online\/wp-content\/uploads\/2018\/05\/donna_fitness-219x300.jpg 219w, https:\/\/www.iobevo.com\/online\/wp-content\/uploads\/2018\/05\/donna_fitness.jpg 400w\" sizes=\"(max-width: 150px) 100vw, 150px\" \/><\/span>La scelta delle bevande rappresenta uno degli elementi essenziali del servizio, al fine di diversificare in modo ottimale la proposta e rispondere ai diversi gusti dei vostri abbonati.<br \/>\nOltre alle nostre proposte base potrete quindi scegliere i vostri format personalizzati, individuando le bevande nell\u2019ambito dell\u2019ampia gamma disponibile e personalizzando i dispenser con i vostri brand e comunicazione.<br \/>\nDi seguito troverete quindi un esempio di format base io bevo FIT e ancora di seguito l\u2019elenco completo delle gamme di bevande nel cui ambito potrete scegliere quelle che preferite offrire ai vostri abbonati.<\/p>\n<ul>\n<li><a href=\"https:\/\/www.iobevo.com\/online\/?page_id=15173\">IO BEVO FIT<\/a>\u00ae \u00bb<br \/>\n<em>sport &amp; wellness drinks<\/em><\/li>\n<li><a href=\"https:\/\/www.iobevo.com\/online\/?page_id=15173\">BEVISANO<\/a>\u00ae \u00bb<br \/>\n<em>bevande con aloe e stevia<\/em><\/li>\n<li><a href=\"https:\/\/www.iobevo.com\/online\/?page_id=15173#2\">PLANT WATER<\/a>\u00ae \u00bb<br \/>\n<em>wellness natural drink<\/em><\/li>\n<li><a href=\"https:\/\/www.iobevo.com\/online\/?page_id=15173#2\">VEGAN MIX<\/a>\u00ae \u00bb<br \/>\n<em>a base di frutta e spezie<\/em><\/li>\n<li><a href=\"https:\/\/www.iobevo.com\/online\/?page_id=15173#3\">SALUT\u00c8<\/a>\u00ae \u00bb<br \/>\n<em>bevande a base di t\u00e8 e infusi naturali<\/em><\/li>\n<li><a href=\"https:\/\/www.iobevo.com\/online\/?page_id=15173#3\">Format BEVO LIGHT<\/a> \u00bb<br \/>\n<em>bevande a ridotto contenuto calorico<\/em><\/li>\n<\/ul>\n<\/div>\n<div class=\"accordion-title\"><a href=\"#\">VANTAGGI IO BEVO FIT\u00ae<\/a><\/div>\n<div class=\"accordion-inner\"><span class=\"responsive\"><img loading=\"lazy\" decoding=\"async\" class=\"alignright wp-image-15164\" title=\"Vantaggi\" src=\"https:\/\/www.iobevo.com\/online\/wp-content\/uploads\/2018\/05\/Vantaggi-ft4-208x300.jpg\" alt=\"Vantaggi\" width=\"110\" height=\"159\" srcset=\"https:\/\/www.iobevo.com\/online\/wp-content\/uploads\/2018\/05\/Vantaggi-ft4-208x300.jpg 208w, https:\/\/www.iobevo.com\/online\/wp-content\/uploads\/2018\/05\/Vantaggi-ft4.jpg 404w\" sizes=\"(max-width: 110px) 100vw, 110px\" \/><\/span>Vantaggi commerciali<\/p>\n<p>Il servizio permette di ottenere diversi vantaggi: attrarre di nuove fasce di clientela, fidelizzare la clientela attuale, aumentare il valore aggiunto rispetto alla concorrenza, offrire un\u2019ampia scelta di bevande, aumentare la qualit\u00e0 nutrizionale delle bevande, ridurre i costi logistici, comunicare l\u2019attenzione all\u2019ambiente<\/p><\/div>\n<\/div>\n<div class=\"gap\" style=\"height: 30px;\"><\/div>\n","protected":false},"excerpt":{"rendered":"<p>io bevo FIT\u00ae \u00e8 un servizio distribuzione di bevande per lo sport e il benessere e acqua microfiltrata e realizzato mediante corner self service e destinato al mondo fitness. Caratteristica del servizio \u00e8 la grande variet\u00e0 di bevande, con ingredienti naturali e di qualit\u00e0, adeguate ai diversi gusti della clientela [&hellip;]<\/p>\n","protected":false},"author":84,"featured_media":2831,"parent":28,"menu_order":0,"comment_status":"closed","ping_status":"closed","template":"","meta":{"footnotes":""},"class_list":["post-11048","page","type-page","status-publish","has-post-thumbnail","hentry"],"yoast_head":"<!-- This site is optimized with the Yoast SEO plugin v27.3 - https:\/\/yoast.com\/product\/yoast-seo-wordpress\/ -->\n<title>| Bevande a libero consumo con io fitness<\/title>\n<meta name=\"description\" content=\"Con io fitness palestre e centri sportivi possono offrire ai loro clienti bevande isotoniche ed energetiche senza limiti mediante distributori automatici.\" \/>\n<meta name=\"robots\" content=\"index, follow, max-snippet:-1, max-image-preview:large, max-video-preview:-1\" \/>\n<link rel=\"canonical\" href=\"https:\/\/www.iobevo.com\/online\/servizi\/io-bevo-fit\/\" \/>\n<meta property=\"og:locale\" content=\"it_IT\" \/>\n<meta property=\"og:type\" content=\"article\" \/>\n<meta property=\"og:title\" content=\"Bevande a libero consumo con io fitness\" \/>\n<meta property=\"og:description\" content=\"Con io fitness palestre e centri sportivi possono offrire ai loro clienti bevande isotoniche ed energetiche senza limiti mediante distributori automatici.\" \/>\n<meta property=\"og:url\" content=\"https:\/\/www.iobevo.com\/online\/servizi\/io-bevo-fit\/\" \/>\n<meta property=\"og:site_name\" content=\"io bevo\u00ae\" \/>\n<meta property=\"article:modified_time\" content=\"2024-03-06T08:24:39+00:00\" \/>\n<meta property=\"og:image\" content=\"https:\/\/www.iobevo.com\/online\/wp-content\/uploads\/2017\/02\/io-fitness.jpg\" \/>\n\t<meta property=\"og:image:width\" content=\"1000\" \/>\n\t<meta property=\"og:image:height\" content=\"975\" \/>\n\t<meta property=\"og:image:type\" content=\"image\/jpeg\" \/>\n<meta name=\"twitter:card\" content=\"summary_large_image\" \/>\n<meta name=\"twitter:title\" content=\"Bevande a libero consumo con io fitness\" \/>\n<meta name=\"twitter:description\" content=\"Con io fitness palestre e centri sportivi possono offrire ai loro clienti bevande isotoniche ed energetiche senza limiti mediante distributori automatici.\" \/>\n<meta name=\"twitter:image\" content=\"https:\/\/www.iobevo.com\/online\/wp-content\/uploads\/2017\/02\/io-fitness.jpg\" \/>\n<meta name=\"twitter:site\" content=\"@IoBevo\" \/>\n<meta name=\"twitter:label1\" content=\"Tempo di lettura stimato\" \/>\n\t<meta name=\"twitter:data1\" content=\"4 minuti\" \/>\n<script type=\"application\/ld+json\" class=\"yoast-schema-graph\">{\"@context\":\"https:\\\/\\\/schema.org\",\"@graph\":[{\"@type\":\"WebPage\",\"@id\":\"https:\\\/\\\/www.iobevo.com\\\/online\\\/servizi\\\/io-bevo-fit\\\/\",\"url\":\"https:\\\/\\\/www.iobevo.com\\\/online\\\/servizi\\\/io-bevo-fit\\\/\",\"name\":\"| Bevande a libero consumo con io fitness\",\"isPartOf\":{\"@id\":\"https:\\\/\\\/www.iobevo.com\\\/online\\\/#website\"},\"primaryImageOfPage\":{\"@id\":\"https:\\\/\\\/www.iobevo.com\\\/online\\\/servizi\\\/io-bevo-fit\\\/#primaryimage\"},\"image\":{\"@id\":\"https:\\\/\\\/www.iobevo.com\\\/online\\\/servizi\\\/io-bevo-fit\\\/#primaryimage\"},\"thumbnailUrl\":\"https:\\\/\\\/www.iobevo.com\\\/online\\\/wp-content\\\/uploads\\\/2014\\\/01\\\/slide-2-bg-e1400667726929.png\",\"datePublished\":\"2017-02-27T01:52:13+00:00\",\"dateModified\":\"2024-03-06T08:24:39+00:00\",\"description\":\"Con io fitness palestre e centri sportivi possono offrire ai loro clienti bevande isotoniche ed energetiche senza limiti mediante distributori automatici.\",\"breadcrumb\":{\"@id\":\"https:\\\/\\\/www.iobevo.com\\\/online\\\/servizi\\\/io-bevo-fit\\\/#breadcrumb\"},\"inLanguage\":\"it-IT\",\"potentialAction\":[{\"@type\":\"ReadAction\",\"target\":[\"https:\\\/\\\/www.iobevo.com\\\/online\\\/servizi\\\/io-bevo-fit\\\/\"]}]},{\"@type\":\"ImageObject\",\"inLanguage\":\"it-IT\",\"@id\":\"https:\\\/\\\/www.iobevo.com\\\/online\\\/servizi\\\/io-bevo-fit\\\/#primaryimage\",\"url\":\"https:\\\/\\\/www.iobevo.com\\\/online\\\/wp-content\\\/uploads\\\/2014\\\/01\\\/slide-2-bg-e1400667726929.png\",\"contentUrl\":\"https:\\\/\\\/www.iobevo.com\\\/online\\\/wp-content\\\/uploads\\\/2014\\\/01\\\/slide-2-bg-e1400667726929.png\",\"width\":1512,\"height\":400},{\"@type\":\"BreadcrumbList\",\"@id\":\"https:\\\/\\\/www.iobevo.com\\\/online\\\/servizi\\\/io-bevo-fit\\\/#breadcrumb\",\"itemListElement\":[{\"@type\":\"ListItem\",\"position\":1,\"name\":\"Servizi\",\"item\":\"https:\\\/\\\/www.iobevo.com\\\/online\\\/servizi\\\/\"},{\"@type\":\"ListItem\",\"position\":2,\"name\":\"io bevo FIT\u00ae\"}]},{\"@type\":\"WebSite\",\"@id\":\"https:\\\/\\\/www.iobevo.com\\\/online\\\/#website\",\"url\":\"https:\\\/\\\/www.iobevo.com\\\/online\\\/\",\"name\":\"io bevo\u00ae\",\"description\":\"Drink Plastic free\",\"publisher\":{\"@id\":\"https:\\\/\\\/www.iobevo.com\\\/online\\\/#organization\"},\"potentialAction\":[{\"@type\":\"SearchAction\",\"target\":{\"@type\":\"EntryPoint\",\"urlTemplate\":\"https:\\\/\\\/www.iobevo.com\\\/online\\\/?s={search_term_string}\"},\"query-input\":{\"@type\":\"PropertyValueSpecification\",\"valueRequired\":true,\"valueName\":\"search_term_string\"}}],\"inLanguage\":\"it-IT\"},{\"@type\":\"Organization\",\"@id\":\"https:\\\/\\\/www.iobevo.com\\\/online\\\/#organization\",\"name\":\"General Beverage\",\"url\":\"https:\\\/\\\/www.iobevo.com\\\/online\\\/\",\"logo\":{\"@type\":\"ImageObject\",\"inLanguage\":\"it-IT\",\"@id\":\"https:\\\/\\\/www.iobevo.com\\\/online\\\/#\\\/schema\\\/logo\\\/image\\\/\",\"url\":\"https:\\\/\\\/www.iobevo.com\\\/online\\\/wp-content\\\/uploads\\\/2014\\\/01\\\/logo_gb_horizontal_grey_160x47.png\",\"contentUrl\":\"https:\\\/\\\/www.iobevo.com\\\/online\\\/wp-content\\\/uploads\\\/2014\\\/01\\\/logo_gb_horizontal_grey_160x47.png\",\"width\":160,\"height\":47,\"caption\":\"General Beverage\"},\"image\":{\"@id\":\"https:\\\/\\\/www.iobevo.com\\\/online\\\/#\\\/schema\\\/logo\\\/image\\\/\"},\"sameAs\":[\"https:\\\/\\\/x.com\\\/IoBevo\"]}]}<\/script>\n<!-- \/ Yoast SEO plugin. -->","yoast_head_json":{"title":"| Bevande a libero consumo con io fitness","description":"Con io fitness palestre e centri sportivi possono offrire ai loro clienti bevande isotoniche ed energetiche senza limiti mediante distributori automatici.","robots":{"index":"index","follow":"follow","max-snippet":"max-snippet:-1","max-image-preview":"max-image-preview:large","max-video-preview":"max-video-preview:-1"},"canonical":"https:\/\/www.iobevo.com\/online\/servizi\/io-bevo-fit\/","og_locale":"it_IT","og_type":"article","og_title":"Bevande a libero consumo con io fitness","og_description":"Con io fitness palestre e centri sportivi possono offrire ai loro clienti bevande isotoniche ed energetiche senza limiti mediante distributori automatici.","og_url":"https:\/\/www.iobevo.com\/online\/servizi\/io-bevo-fit\/","og_site_name":"io bevo\u00ae","article_modified_time":"2024-03-06T08:24:39+00:00","og_image":[{"width":1000,"height":975,"url":"https:\/\/www.iobevo.com\/online\/wp-content\/uploads\/2017\/02\/io-fitness.jpg","type":"image\/jpeg"}],"twitter_card":"summary_large_image","twitter_title":"Bevande a libero consumo con io fitness","twitter_description":"Con io fitness palestre e centri sportivi possono offrire ai loro clienti bevande isotoniche ed energetiche senza limiti mediante distributori automatici.","twitter_image":"https:\/\/www.iobevo.com\/online\/wp-content\/uploads\/2017\/02\/io-fitness.jpg","twitter_site":"@IoBevo","twitter_misc":{"Tempo di lettura stimato":"4 minuti"},"schema":{"@context":"https:\/\/schema.org","@graph":[{"@type":"WebPage","@id":"https:\/\/www.iobevo.com\/online\/servizi\/io-bevo-fit\/","url":"https:\/\/www.iobevo.com\/online\/servizi\/io-bevo-fit\/","name":"| Bevande a libero consumo con io fitness","isPartOf":{"@id":"https:\/\/www.iobevo.com\/online\/#website"},"primaryImageOfPage":{"@id":"https:\/\/www.iobevo.com\/online\/servizi\/io-bevo-fit\/#primaryimage"},"image":{"@id":"https:\/\/www.iobevo.com\/online\/servizi\/io-bevo-fit\/#primaryimage"},"thumbnailUrl":"https:\/\/www.iobevo.com\/online\/wp-content\/uploads\/2014\/01\/slide-2-bg-e1400667726929.png","datePublished":"2017-02-27T01:52:13+00:00","dateModified":"2024-03-06T08:24:39+00:00","description":"Con io fitness palestre e centri sportivi possono offrire ai loro clienti bevande isotoniche ed energetiche senza limiti mediante distributori automatici.","breadcrumb":{"@id":"https:\/\/www.iobevo.com\/online\/servizi\/io-bevo-fit\/#breadcrumb"},"inLanguage":"it-IT","potentialAction":[{"@type":"ReadAction","target":["https:\/\/www.iobevo.com\/online\/servizi\/io-bevo-fit\/"]}]},{"@type":"ImageObject","inLanguage":"it-IT","@id":"https:\/\/www.iobevo.com\/online\/servizi\/io-bevo-fit\/#primaryimage","url":"https:\/\/www.iobevo.com\/online\/wp-content\/uploads\/2014\/01\/slide-2-bg-e1400667726929.png","contentUrl":"https:\/\/www.iobevo.com\/online\/wp-content\/uploads\/2014\/01\/slide-2-bg-e1400667726929.png","width":1512,"height":400},{"@type":"BreadcrumbList","@id":"https:\/\/www.iobevo.com\/online\/servizi\/io-bevo-fit\/#breadcrumb","itemListElement":[{"@type":"ListItem","position":1,"name":"Servizi","item":"https:\/\/www.iobevo.com\/online\/servizi\/"},{"@type":"ListItem","position":2,"name":"io bevo FIT\u00ae"}]},{"@type":"WebSite","@id":"https:\/\/www.iobevo.com\/online\/#website","url":"https:\/\/www.iobevo.com\/online\/","name":"io bevo\u00ae","description":"Drink Plastic free","publisher":{"@id":"https:\/\/www.iobevo.com\/online\/#organization"},"potentialAction":[{"@type":"SearchAction","target":{"@type":"EntryPoint","urlTemplate":"https:\/\/www.iobevo.com\/online\/?s={search_term_string}"},"query-input":{"@type":"PropertyValueSpecification","valueRequired":true,"valueName":"search_term_string"}}],"inLanguage":"it-IT"},{"@type":"Organization","@id":"https:\/\/www.iobevo.com\/online\/#organization","name":"General Beverage","url":"https:\/\/www.iobevo.com\/online\/","logo":{"@type":"ImageObject","inLanguage":"it-IT","@id":"https:\/\/www.iobevo.com\/online\/#\/schema\/logo\/image\/","url":"https:\/\/www.iobevo.com\/online\/wp-content\/uploads\/2014\/01\/logo_gb_horizontal_grey_160x47.png","contentUrl":"https:\/\/www.iobevo.com\/online\/wp-content\/uploads\/2014\/01\/logo_gb_horizontal_grey_160x47.png","width":160,"height":47,"caption":"General Beverage"},"image":{"@id":"https:\/\/www.iobevo.com\/online\/#\/schema\/logo\/image\/"},"sameAs":["https:\/\/x.com\/IoBevo"]}]}},"_links":{"self":[{"href":"https:\/\/www.iobevo.com\/online\/wp-json\/wp\/v2\/pages\/11048","targetHints":{"allow":["GET"]}}],"collection":[{"href":"https:\/\/www.iobevo.com\/online\/wp-json\/wp\/v2\/pages"}],"about":[{"href":"https:\/\/www.iobevo.com\/online\/wp-json\/wp\/v2\/types\/page"}],"author":[{"embeddable":true,"href":"https:\/\/www.iobevo.com\/online\/wp-json\/wp\/v2\/users\/84"}],"replies":[{"embeddable":true,"href":"https:\/\/www.iobevo.com\/online\/wp-json\/wp\/v2\/comments?post=11048"}],"version-history":[{"count":1,"href":"https:\/\/www.iobevo.com\/online\/wp-json\/wp\/v2\/pages\/11048\/revisions"}],"predecessor-version":[{"id":20653,"href":"https:\/\/www.iobevo.com\/online\/wp-json\/wp\/v2\/pages\/11048\/revisions\/20653"}],"up":[{"embeddable":true,"href":"https:\/\/www.iobevo.com\/online\/wp-json\/wp\/v2\/pages\/28"}],"wp:featuredmedia":[{"embeddable":true,"href":"https:\/\/www.iobevo.com\/online\/wp-json\/wp\/v2\/media\/2831"}],"wp:attachment":[{"href":"https:\/\/www.iobevo.com\/online\/wp-json\/wp\/v2\/media?parent=11048"}],"curies":[{"name":"wp","href":"https:\/\/api.w.org\/{rel}","templated":true}]}}