{"id":11094,"date":"2017-02-27T13:11:33","date_gmt":"2017-02-27T11:11:33","guid":{"rendered":"http:\/\/www.iobevo.com\/online\/?page_id=11094\/"},"modified":"2018-02-06T12:24:38","modified_gmt":"2018-02-06T10:24:38","slug":"asia-bimbo-drink-breakfast","status":"publish","type":"page","link":"https:\/\/www.iobevo.com\/online\/distributori\/asia-bimbo-drink-breakfast\/","title":{"rendered":"Asia Bimbo Drink\u00ae Breakfast"},"content":{"rendered":"<p>Distributore che <span class=\"mark1\">io<\/span> <span class=\"mark2\">bevo<\/span><span class=\"mark3\">\u00ae<\/span> propone nel servizio bevande calde Bimbo Drink. Concilia un\u2019alta qualit\u00e0 delle bevande con elevate prestazioni tecniche: velocit\u00e0 di erogazione, affidabilit\u00e0, grande autonomia, sicurezza igienico-sanitaria. Nel format Bimbo Drink, partendo da 5 solubili base, si ottengono le seguenti bevande senza conservanti: orzo bio, latte, orzolatte, t\u00e8 deteinato, tisana a scelta, cioccolato equo e solidale certificato Fairtrade. Ha inoltre la possibilit\u00e0 di programmare un tasto per dose bricco, portando le possibili selezioni a 24 totali. La sua installazione pu\u00f2 avvenire sia per un utilizzo self service sia in cucina, per un utilizzo da parte del personale con distribuzione in bricchi e caraffe. Le bevande vengono predosate a seconda delle necessit\u00e0 e tutti i consumi vengono memorizzati in un software interno.<\/p>\n<p>\u00c8 studiato per facilitarne l\u2019utilizzo da parte dei bambini \u2013 visibilit\u00e0 e leggibilit\u00e0 dei tasti, riconoscibilit\u00e0 dei colori, altezza ed ergonomicit\u00e0, sicurezza di utilizzo \u2013 e caratterizzato da specifica comunicazione comunicazione BimboDrink.<\/p>\n<p><em>Caratteristiche di risparmio energetico<\/em>: coerentemente con le caratteristiche di sostenibilit\u00e0 ambientale dei servizi General Beverage, i distributori utilizzati sono stati progettati e realizzati per ottenere un effettivo risparmio energetico in quanto le caldaie sono provviste di un speciale isolamento Armaflex AC, materiale altamente flessibile a cellule chiuse. Principali vantaggi: risparmio energetico, efficiente barriera al vapore. Inoltre i distributori sono dotati di un controllo temperatura caldaia programmabile a scelta a seconda delle esigenze specifiche di utilizzo. L\u2019utente pu\u00f2 decidere se bloccare o abbassare la temperatura dell\u2019acqua in caldaia, quando non si rende necessario l\u2019utilizzo della stessa, il tutto programmabile tramite software. Il risparmio energetico a seguito di queste caratteristiche e predisposizioni \u00e8 valutabile intorno al <strong>30% <\/strong>in condizioni ambiente normali.<\/p>\n<div class=\"gap\" style=\"height: 30px;\"><\/div>\n<h3 class=\"title\"><span>Caratteristiche tecniche<\/span><\/h3>\n<div class=\"one_half\">\n<div class=\"description clearfix style-1\">\n<p>Sistema: <strong>Post-Mix<\/strong><\/p>\n<p>Tensione\/Frequenza: <strong>230 V \u2013 50 Hz<\/strong><\/p>\n<p>Potenza massima assorbita: <strong>3,2 Kw<\/strong><\/p>\n<p>Presa elettrica: <strong>Schuko 16A<\/strong><\/p>\n<p>Attacco acqua fredda: <strong>\u00bd \u201c<\/strong><\/p>\n<p>Capacit\u00e0 caldaia: <strong>Lt 10<\/strong><\/p>\n<p>Numero selezioni possibili:\u00a0<strong>12 x 2<\/strong><\/p>\n<p>Numero prodotti base: <strong>da 4 a 5<\/strong><\/p>\n<p>Temperatura in uscita: <strong>da 70\u00b0C a 96\u00b0C<\/strong><\/p>\n<p>Resistenze elettriche: <strong>nr. 2<\/strong><\/p>\n<p>Aspiratori vapore: <strong>nr. 1<\/strong><\/p>\n<p>Posizione uscita bevande: <strong>a scelta, centrale o laterale destra e sinistra<\/strong><\/p>\n<p>Sensore anti ebollizione: <strong>S\u00ec<\/strong><\/p>\n<p>Tasto stop: <strong>S\u00ec<\/strong><\/p>\n<p>Tastiera interna: <strong>S\u00ec<\/strong><\/p>\n<p>Appoggio tazza: <strong>S\u00ec<\/strong><\/p>\n<p>Larghezza: <strong>425 mm<\/strong><\/p>\n<p>Profondit\u00e0: <strong>495 mm<\/strong><\/p>\n<p>Altezza: <strong>770 mm<\/strong><\/p>\n<\/div>\n<\/div>\n<div class=\"one_half last\"><span class=\"responsive\"><img fetchpriority=\"high\" decoding=\"async\" class=\"aligncenter wp-image-11095\" src=\"http:\/\/www.iobevo.com\/online\/wp-content\/uploads\/2017\/02\/FOTO-DISPENSER-BIMBO-BREAKFAST-2004-165x300.jpg\" alt=\"ASIA BIMBO DRINK\" width=\"220\" height=\"400\" srcset=\"https:\/\/www.iobevo.com\/online\/wp-content\/uploads\/2017\/02\/FOTO-DISPENSER-BIMBO-BREAKFAST-2004-165x300.jpg 165w, https:\/\/www.iobevo.com\/online\/wp-content\/uploads\/2017\/02\/FOTO-DISPENSER-BIMBO-BREAKFAST-2004-768x1395.jpg 768w, https:\/\/www.iobevo.com\/online\/wp-content\/uploads\/2017\/02\/FOTO-DISPENSER-BIMBO-BREAKFAST-2004-564x1024.jpg 564w, https:\/\/www.iobevo.com\/online\/wp-content\/uploads\/2017\/02\/FOTO-DISPENSER-BIMBO-BREAKFAST-2004.jpg 1528w\" sizes=\"(max-width: 220px) 100vw, 220px\" \/><\/span><\/div>\n<div class=\"clear\"><\/div>\n","protected":false},"excerpt":{"rendered":"<p>Distributore che io bevo\u00ae propone nel servizio bevande calde Bimbo Drink. Concilia un\u2019alta qualit\u00e0 delle bevande con elevate prestazioni tecniche: velocit\u00e0 di erogazione, affidabilit\u00e0, grande autonomia, sicurezza igienico-sanitaria. Nel format Bimbo Drink, partendo da 5 solubili base, si ottengono le seguenti bevande senza conservanti: orzo bio, latte, orzolatte, t\u00e8 deteinato, [&hellip;]<\/p>\n","protected":false},"author":84,"featured_media":2831,"parent":136,"menu_order":0,"comment_status":"closed","ping_status":"closed","template":"","meta":{"footnotes":""},"class_list":["post-11094","page","type-page","status-publish","has-post-thumbnail","hentry"],"yoast_head":"<!-- This site is optimized with the Yoast SEO plugin v27.4 - https:\/\/yoast.com\/product\/yoast-seo-wordpress\/ -->\n<title>| Asia Bimbo Drink: distribuzione bevande calde per bambini<\/title>\n<meta name=\"description\" content=\"Asia Bimbo Drink \u00e8 il distributore di bevande calde ideali per bambini (orzo bio, latte, orzolatte, t\u00e8 deteinato, tisana a scelta, cioccolato Fairtrade)\" \/>\n<meta name=\"robots\" content=\"index, follow, max-snippet:-1, max-image-preview:large, max-video-preview:-1\" \/>\n<link rel=\"canonical\" href=\"https:\/\/www.iobevo.com\/online\/distributori\/asia-bimbo-drink-breakfast\/\" \/>\n<meta property=\"og:locale\" content=\"it_IT\" \/>\n<meta property=\"og:type\" content=\"article\" \/>\n<meta property=\"og:title\" content=\"| Asia Bimbo Drink: distribuzione bevande calde per bambini\" \/>\n<meta property=\"og:description\" content=\"Asia Bimbo Drink \u00e8 il distributore di bevande calde ideali per bambini (orzo bio, latte, orzolatte, t\u00e8 deteinato, tisana a scelta, cioccolato Fairtrade)\" \/>\n<meta property=\"og:url\" content=\"https:\/\/www.iobevo.com\/online\/distributori\/asia-bimbo-drink-breakfast\/\" \/>\n<meta property=\"og:site_name\" content=\"io bevo\u00ae\" \/>\n<meta property=\"article:modified_time\" content=\"2018-02-06T10:24:38+00:00\" \/>\n<meta property=\"og:image\" content=\"https:\/\/www.iobevo.com\/online\/wp-content\/uploads\/2014\/01\/slide-2-bg-e1400667726929.png\" \/>\n\t<meta property=\"og:image:width\" content=\"1512\" \/>\n\t<meta property=\"og:image:height\" content=\"400\" \/>\n\t<meta property=\"og:image:type\" content=\"image\/png\" \/>\n<meta name=\"twitter:card\" content=\"summary_large_image\" \/>\n<meta name=\"twitter:site\" content=\"@IoBevo\" \/>\n<meta name=\"twitter:label1\" content=\"Tempo di lettura stimato\" \/>\n\t<meta name=\"twitter:data1\" content=\"2 minuti\" \/>\n<script type=\"application\/ld+json\" class=\"yoast-schema-graph\">{\"@context\":\"https:\\\/\\\/schema.org\",\"@graph\":[{\"@type\":\"WebPage\",\"@id\":\"https:\\\/\\\/www.iobevo.com\\\/online\\\/distributori\\\/asia-bimbo-drink-breakfast\\\/\",\"url\":\"https:\\\/\\\/www.iobevo.com\\\/online\\\/distributori\\\/asia-bimbo-drink-breakfast\\\/\",\"name\":\"| Asia Bimbo Drink: distribuzione bevande calde per bambini\",\"isPartOf\":{\"@id\":\"https:\\\/\\\/www.iobevo.com\\\/online\\\/#website\"},\"primaryImageOfPage\":{\"@id\":\"https:\\\/\\\/www.iobevo.com\\\/online\\\/distributori\\\/asia-bimbo-drink-breakfast\\\/#primaryimage\"},\"image\":{\"@id\":\"https:\\\/\\\/www.iobevo.com\\\/online\\\/distributori\\\/asia-bimbo-drink-breakfast\\\/#primaryimage\"},\"thumbnailUrl\":\"https:\\\/\\\/www.iobevo.com\\\/online\\\/wp-content\\\/uploads\\\/2014\\\/01\\\/slide-2-bg-e1400667726929.png\",\"datePublished\":\"2017-02-27T11:11:33+00:00\",\"dateModified\":\"2018-02-06T10:24:38+00:00\",\"description\":\"Asia Bimbo Drink \u00e8 il distributore di bevande calde ideali per bambini (orzo bio, latte, orzolatte, t\u00e8 deteinato, tisana a scelta, cioccolato Fairtrade)\",\"breadcrumb\":{\"@id\":\"https:\\\/\\\/www.iobevo.com\\\/online\\\/distributori\\\/asia-bimbo-drink-breakfast\\\/#breadcrumb\"},\"inLanguage\":\"it-IT\",\"potentialAction\":[{\"@type\":\"ReadAction\",\"target\":[\"https:\\\/\\\/www.iobevo.com\\\/online\\\/distributori\\\/asia-bimbo-drink-breakfast\\\/\"]}]},{\"@type\":\"ImageObject\",\"inLanguage\":\"it-IT\",\"@id\":\"https:\\\/\\\/www.iobevo.com\\\/online\\\/distributori\\\/asia-bimbo-drink-breakfast\\\/#primaryimage\",\"url\":\"https:\\\/\\\/www.iobevo.com\\\/online\\\/wp-content\\\/uploads\\\/2014\\\/01\\\/slide-2-bg-e1400667726929.png\",\"contentUrl\":\"https:\\\/\\\/www.iobevo.com\\\/online\\\/wp-content\\\/uploads\\\/2014\\\/01\\\/slide-2-bg-e1400667726929.png\",\"width\":1512,\"height\":400},{\"@type\":\"BreadcrumbList\",\"@id\":\"https:\\\/\\\/www.iobevo.com\\\/online\\\/distributori\\\/asia-bimbo-drink-breakfast\\\/#breadcrumb\",\"itemListElement\":[{\"@type\":\"ListItem\",\"position\":1,\"name\":\"Distributori\",\"item\":\"https:\\\/\\\/www.iobevo.com\\\/online\\\/distributori\\\/\"},{\"@type\":\"ListItem\",\"position\":2,\"name\":\"Asia Bimbo Drink\u00ae Breakfast\"}]},{\"@type\":\"WebSite\",\"@id\":\"https:\\\/\\\/www.iobevo.com\\\/online\\\/#website\",\"url\":\"https:\\\/\\\/www.iobevo.com\\\/online\\\/\",\"name\":\"io bevo\u00ae\",\"description\":\"Drink Plastic free\",\"publisher\":{\"@id\":\"https:\\\/\\\/www.iobevo.com\\\/online\\\/#organization\"},\"potentialAction\":[{\"@type\":\"SearchAction\",\"target\":{\"@type\":\"EntryPoint\",\"urlTemplate\":\"https:\\\/\\\/www.iobevo.com\\\/online\\\/?s={search_term_string}\"},\"query-input\":{\"@type\":\"PropertyValueSpecification\",\"valueRequired\":true,\"valueName\":\"search_term_string\"}}],\"inLanguage\":\"it-IT\"},{\"@type\":\"Organization\",\"@id\":\"https:\\\/\\\/www.iobevo.com\\\/online\\\/#organization\",\"name\":\"General Beverage\",\"url\":\"https:\\\/\\\/www.iobevo.com\\\/online\\\/\",\"logo\":{\"@type\":\"ImageObject\",\"inLanguage\":\"it-IT\",\"@id\":\"https:\\\/\\\/www.iobevo.com\\\/online\\\/#\\\/schema\\\/logo\\\/image\\\/\",\"url\":\"https:\\\/\\\/www.iobevo.com\\\/online\\\/wp-content\\\/uploads\\\/2014\\\/01\\\/logo_gb_horizontal_grey_160x47.png\",\"contentUrl\":\"https:\\\/\\\/www.iobevo.com\\\/online\\\/wp-content\\\/uploads\\\/2014\\\/01\\\/logo_gb_horizontal_grey_160x47.png\",\"width\":160,\"height\":47,\"caption\":\"General Beverage\"},\"image\":{\"@id\":\"https:\\\/\\\/www.iobevo.com\\\/online\\\/#\\\/schema\\\/logo\\\/image\\\/\"},\"sameAs\":[\"https:\\\/\\\/x.com\\\/IoBevo\"]}]}<\/script>\n<!-- \/ Yoast SEO plugin. -->","yoast_head_json":{"title":"| Asia Bimbo Drink: distribuzione bevande calde per bambini","description":"Asia Bimbo Drink \u00e8 il distributore di bevande calde ideali per bambini (orzo bio, latte, orzolatte, t\u00e8 deteinato, tisana a scelta, cioccolato Fairtrade)","robots":{"index":"index","follow":"follow","max-snippet":"max-snippet:-1","max-image-preview":"max-image-preview:large","max-video-preview":"max-video-preview:-1"},"canonical":"https:\/\/www.iobevo.com\/online\/distributori\/asia-bimbo-drink-breakfast\/","og_locale":"it_IT","og_type":"article","og_title":"| Asia Bimbo Drink: distribuzione bevande calde per bambini","og_description":"Asia Bimbo Drink \u00e8 il distributore di bevande calde ideali per bambini (orzo bio, latte, orzolatte, t\u00e8 deteinato, tisana a scelta, cioccolato Fairtrade)","og_url":"https:\/\/www.iobevo.com\/online\/distributori\/asia-bimbo-drink-breakfast\/","og_site_name":"io bevo\u00ae","article_modified_time":"2018-02-06T10:24:38+00:00","og_image":[{"width":1512,"height":400,"url":"https:\/\/www.iobevo.com\/online\/wp-content\/uploads\/2014\/01\/slide-2-bg-e1400667726929.png","type":"image\/png"}],"twitter_card":"summary_large_image","twitter_site":"@IoBevo","twitter_misc":{"Tempo di lettura stimato":"2 minuti"},"schema":{"@context":"https:\/\/schema.org","@graph":[{"@type":"WebPage","@id":"https:\/\/www.iobevo.com\/online\/distributori\/asia-bimbo-drink-breakfast\/","url":"https:\/\/www.iobevo.com\/online\/distributori\/asia-bimbo-drink-breakfast\/","name":"| Asia Bimbo Drink: distribuzione bevande calde per bambini","isPartOf":{"@id":"https:\/\/www.iobevo.com\/online\/#website"},"primaryImageOfPage":{"@id":"https:\/\/www.iobevo.com\/online\/distributori\/asia-bimbo-drink-breakfast\/#primaryimage"},"image":{"@id":"https:\/\/www.iobevo.com\/online\/distributori\/asia-bimbo-drink-breakfast\/#primaryimage"},"thumbnailUrl":"https:\/\/www.iobevo.com\/online\/wp-content\/uploads\/2014\/01\/slide-2-bg-e1400667726929.png","datePublished":"2017-02-27T11:11:33+00:00","dateModified":"2018-02-06T10:24:38+00:00","description":"Asia Bimbo Drink \u00e8 il distributore di bevande calde ideali per bambini (orzo bio, latte, orzolatte, t\u00e8 deteinato, tisana a scelta, cioccolato Fairtrade)","breadcrumb":{"@id":"https:\/\/www.iobevo.com\/online\/distributori\/asia-bimbo-drink-breakfast\/#breadcrumb"},"inLanguage":"it-IT","potentialAction":[{"@type":"ReadAction","target":["https:\/\/www.iobevo.com\/online\/distributori\/asia-bimbo-drink-breakfast\/"]}]},{"@type":"ImageObject","inLanguage":"it-IT","@id":"https:\/\/www.iobevo.com\/online\/distributori\/asia-bimbo-drink-breakfast\/#primaryimage","url":"https:\/\/www.iobevo.com\/online\/wp-content\/uploads\/2014\/01\/slide-2-bg-e1400667726929.png","contentUrl":"https:\/\/www.iobevo.com\/online\/wp-content\/uploads\/2014\/01\/slide-2-bg-e1400667726929.png","width":1512,"height":400},{"@type":"BreadcrumbList","@id":"https:\/\/www.iobevo.com\/online\/distributori\/asia-bimbo-drink-breakfast\/#breadcrumb","itemListElement":[{"@type":"ListItem","position":1,"name":"Distributori","item":"https:\/\/www.iobevo.com\/online\/distributori\/"},{"@type":"ListItem","position":2,"name":"Asia Bimbo Drink\u00ae Breakfast"}]},{"@type":"WebSite","@id":"https:\/\/www.iobevo.com\/online\/#website","url":"https:\/\/www.iobevo.com\/online\/","name":"io bevo\u00ae","description":"Drink Plastic free","publisher":{"@id":"https:\/\/www.iobevo.com\/online\/#organization"},"potentialAction":[{"@type":"SearchAction","target":{"@type":"EntryPoint","urlTemplate":"https:\/\/www.iobevo.com\/online\/?s={search_term_string}"},"query-input":{"@type":"PropertyValueSpecification","valueRequired":true,"valueName":"search_term_string"}}],"inLanguage":"it-IT"},{"@type":"Organization","@id":"https:\/\/www.iobevo.com\/online\/#organization","name":"General Beverage","url":"https:\/\/www.iobevo.com\/online\/","logo":{"@type":"ImageObject","inLanguage":"it-IT","@id":"https:\/\/www.iobevo.com\/online\/#\/schema\/logo\/image\/","url":"https:\/\/www.iobevo.com\/online\/wp-content\/uploads\/2014\/01\/logo_gb_horizontal_grey_160x47.png","contentUrl":"https:\/\/www.iobevo.com\/online\/wp-content\/uploads\/2014\/01\/logo_gb_horizontal_grey_160x47.png","width":160,"height":47,"caption":"General Beverage"},"image":{"@id":"https:\/\/www.iobevo.com\/online\/#\/schema\/logo\/image\/"},"sameAs":["https:\/\/x.com\/IoBevo"]}]}},"_links":{"self":[{"href":"https:\/\/www.iobevo.com\/online\/wp-json\/wp\/v2\/pages\/11094","targetHints":{"allow":["GET"]}}],"collection":[{"href":"https:\/\/www.iobevo.com\/online\/wp-json\/wp\/v2\/pages"}],"about":[{"href":"https:\/\/www.iobevo.com\/online\/wp-json\/wp\/v2\/types\/page"}],"author":[{"embeddable":true,"href":"https:\/\/www.iobevo.com\/online\/wp-json\/wp\/v2\/users\/84"}],"replies":[{"embeddable":true,"href":"https:\/\/www.iobevo.com\/online\/wp-json\/wp\/v2\/comments?post=11094"}],"version-history":[{"count":0,"href":"https:\/\/www.iobevo.com\/online\/wp-json\/wp\/v2\/pages\/11094\/revisions"}],"up":[{"embeddable":true,"href":"https:\/\/www.iobevo.com\/online\/wp-json\/wp\/v2\/pages\/136"}],"wp:featuredmedia":[{"embeddable":true,"href":"https:\/\/www.iobevo.com\/online\/wp-json\/wp\/v2\/media\/2831"}],"wp:attachment":[{"href":"https:\/\/www.iobevo.com\/online\/wp-json\/wp\/v2\/media?parent=11094"}],"curies":[{"name":"wp","href":"https:\/\/api.w.org\/{rel}","templated":true}]}}