{"id":3878,"date":"2014-05-06T18:19:42","date_gmt":"2014-05-06T18:19:42","guid":{"rendered":"http:\/\/iobevo.com\/online\/?page_id=3878"},"modified":"2017-12-02T13:26:37","modified_gmt":"2017-12-02T11:26:37","slug":"distributore-orzobar","status":"publish","type":"page","link":"https:\/\/www.iobevo.com\/online\/distributori\/distributore-orzobar\/","title":{"rendered":"Distributore Orzobar"},"content":{"rendered":"<p><strong>D07 Orzobar<\/strong> \u00e8 il distributore di dimensioni ridotte che proponiamo per la distribuzione di orzo, caff\u00e8 ginseng e cioccolato per bar e piccole utenze.\u00a0Versione per due prodotti.<\/p>\n<p>E\u2019 predisposta con serbatoio di acqua con accesso e riempimento frontale. \u00c8 dotata di elettronica con segnalazioni a led.<\/p>\n<div class=\"gap\" style=\"height: 30px;\"><\/div>\n<h3 class=\"title\"><span>Caratteristiche tecniche<\/span><\/h3>\n<div class=\"one_half\">\n<div class=\"description clearfix style-1\">\n<p style=\"text-align: left;\">Capacit\u00e0 contenitori acqua: <strong>Lt 4<\/strong><\/p>\n<p style=\"text-align: left;\">Capacit\u00e0 contenitore Orzo:<br \/>\n<strong>300 grammi<\/strong><\/p>\n<p style=\"text-align: left;\">Capacit\u00e0 contenitore Ginseng:<br \/>\n<strong>800 grammi<\/strong><\/p>\n<p style=\"text-align: left;\">Larghezza: <strong>mm 255<\/strong><\/p>\n<p style=\"text-align: left;\">Profondit\u00e0: <strong>mm 305<\/strong><\/p>\n<p style=\"text-align: left;\">Altezza: <strong>mm 460<\/strong><\/p>\n<p style=\"text-align: left;\">Tensione-frequenza (Volt\/Hertz):<br \/>\n<strong>230 V &#8211; 50 Hz<\/strong><\/p>\n<p style=\"text-align: left;\">Potenza: <strong>1,3\u00a0Kw<\/strong><\/p>\n<p style=\"text-align: left;\">Numero selezioni possibili: <strong>2<\/strong><\/p>\n<p style=\"text-align: left;\">Numero prodotti base:\u00a0<strong>2<\/strong><\/p>\n<p style=\"text-align: left;\">Temperatura uscita bevande: <strong>70\u00b0 \/ 90\u00b0<\/strong><\/p>\n<p style=\"text-align: left;\">Presa elettrica: Schuko<\/p>\n<p style=\"text-align: left;\">Presa acqua:\u00a0<strong>\u00bd \u201c<\/strong><\/p>\n<p style=\"text-align: center;\"><\/div>\n<\/div>\n<div class=\"one_half last\"><span class=\"responsive\"><img fetchpriority=\"high\" decoding=\"async\" class=\"alignnone wp-image-3880\" src=\"http:\/\/iobevo.com\/online\/wp-content\/uploads\/2014\/05\/FOTO-81D-D07-ORZOBAR.jpg\" alt=\"ORZOBAR\" width=\"283\" height=\"414\" srcset=\"https:\/\/www.iobevo.com\/online\/wp-content\/uploads\/2014\/05\/FOTO-81D-D07-ORZOBAR.jpg 458w, https:\/\/www.iobevo.com\/online\/wp-content\/uploads\/2014\/05\/FOTO-81D-D07-ORZOBAR-205x300.jpg 205w\" sizes=\"(max-width: 283px) 100vw, 283px\" \/><\/span><\/div>\n<div class=\"clear\"><\/div><\/p>\n","protected":false},"excerpt":{"rendered":"<p>D07 Orzobar \u00e8 il distributore di dimensioni ridotte che proponiamo per la distribuzione di orzo, caff\u00e8 ginseng e cioccolato per bar e piccole utenze.\u00a0Versione per due prodotti. E\u2019 predisposta con serbatoio di acqua con accesso e riempimento frontale. \u00c8 dotata di elettronica con segnalazioni a led. Caratteristiche tecniche Capacit\u00e0 contenitori [&hellip;]<\/p>\n","protected":false},"author":84,"featured_media":2831,"parent":136,"menu_order":0,"comment_status":"open","ping_status":"closed","template":"","meta":{"footnotes":""},"class_list":["post-3878","page","type-page","status-publish","has-post-thumbnail","hentry"],"yoast_head":"<!-- This site is optimized with the Yoast SEO plugin v27.5 - https:\/\/yoast.com\/product\/yoast-seo-wordpress\/ -->\n<title>| Distributore OrzoBar per orzo, caff\u00e8 ginseng e cioccolato<\/title>\n<meta name=\"description\" content=\"Il distributore OrzoBar \u00e8 il dispenser di piccole dimensioni ideale nei bar e nelle piccole utenze per la distribuzione di orzo, caff\u00e8 ginseng e cioccolato.\" \/>\n<meta name=\"robots\" content=\"index, follow, max-snippet:-1, max-image-preview:large, max-video-preview:-1\" \/>\n<link rel=\"canonical\" href=\"https:\/\/www.iobevo.com\/online\/distributori\/distributore-orzobar\/\" \/>\n<meta property=\"og:locale\" content=\"it_IT\" \/>\n<meta property=\"og:type\" content=\"article\" \/>\n<meta property=\"og:title\" content=\"| Distributore OrzoBar per orzo, caff\u00e8 ginseng e cioccolato\" \/>\n<meta property=\"og:description\" content=\"Il distributore OrzoBar \u00e8 il dispenser di piccole dimensioni ideale nei bar e nelle piccole utenze per la distribuzione di orzo, caff\u00e8 ginseng e cioccolato.\" \/>\n<meta property=\"og:url\" content=\"https:\/\/www.iobevo.com\/online\/distributori\/distributore-orzobar\/\" \/>\n<meta property=\"og:site_name\" content=\"io bevo\u00ae\" \/>\n<meta property=\"article:modified_time\" content=\"2017-12-02T11:26:37+00:00\" \/>\n<meta property=\"og:image\" content=\"https:\/\/www.iobevo.com\/online\/wp-content\/uploads\/2014\/01\/slide-2-bg-e1400667726929.png\" \/>\n\t<meta property=\"og:image:width\" content=\"1512\" \/>\n\t<meta property=\"og:image:height\" content=\"400\" \/>\n\t<meta property=\"og:image:type\" content=\"image\/png\" \/>\n<meta name=\"twitter:card\" content=\"summary_large_image\" \/>\n<meta name=\"twitter:site\" content=\"@IoBevo\" \/>\n<meta name=\"twitter:label1\" content=\"Tempo di lettura stimato\" \/>\n\t<meta name=\"twitter:data1\" content=\"1 minuto\" \/>\n<script type=\"application\/ld+json\" class=\"yoast-schema-graph\">{\"@context\":\"https:\\\/\\\/schema.org\",\"@graph\":[{\"@type\":\"WebPage\",\"@id\":\"https:\\\/\\\/www.iobevo.com\\\/online\\\/distributori\\\/distributore-orzobar\\\/\",\"url\":\"https:\\\/\\\/www.iobevo.com\\\/online\\\/distributori\\\/distributore-orzobar\\\/\",\"name\":\"| Distributore OrzoBar per orzo, caff\u00e8 ginseng e cioccolato\",\"isPartOf\":{\"@id\":\"https:\\\/\\\/www.iobevo.com\\\/online\\\/#website\"},\"primaryImageOfPage\":{\"@id\":\"https:\\\/\\\/www.iobevo.com\\\/online\\\/distributori\\\/distributore-orzobar\\\/#primaryimage\"},\"image\":{\"@id\":\"https:\\\/\\\/www.iobevo.com\\\/online\\\/distributori\\\/distributore-orzobar\\\/#primaryimage\"},\"thumbnailUrl\":\"https:\\\/\\\/www.iobevo.com\\\/online\\\/wp-content\\\/uploads\\\/2014\\\/01\\\/slide-2-bg-e1400667726929.png\",\"datePublished\":\"2014-05-06T18:19:42+00:00\",\"dateModified\":\"2017-12-02T11:26:37+00:00\",\"description\":\"Il distributore OrzoBar \u00e8 il dispenser di piccole dimensioni ideale nei bar e nelle piccole utenze per la distribuzione di orzo, caff\u00e8 ginseng e cioccolato.\",\"breadcrumb\":{\"@id\":\"https:\\\/\\\/www.iobevo.com\\\/online\\\/distributori\\\/distributore-orzobar\\\/#breadcrumb\"},\"inLanguage\":\"it-IT\",\"potentialAction\":[{\"@type\":\"ReadAction\",\"target\":[\"https:\\\/\\\/www.iobevo.com\\\/online\\\/distributori\\\/distributore-orzobar\\\/\"]}]},{\"@type\":\"ImageObject\",\"inLanguage\":\"it-IT\",\"@id\":\"https:\\\/\\\/www.iobevo.com\\\/online\\\/distributori\\\/distributore-orzobar\\\/#primaryimage\",\"url\":\"https:\\\/\\\/www.iobevo.com\\\/online\\\/wp-content\\\/uploads\\\/2014\\\/01\\\/slide-2-bg-e1400667726929.png\",\"contentUrl\":\"https:\\\/\\\/www.iobevo.com\\\/online\\\/wp-content\\\/uploads\\\/2014\\\/01\\\/slide-2-bg-e1400667726929.png\",\"width\":1512,\"height\":400},{\"@type\":\"BreadcrumbList\",\"@id\":\"https:\\\/\\\/www.iobevo.com\\\/online\\\/distributori\\\/distributore-orzobar\\\/#breadcrumb\",\"itemListElement\":[{\"@type\":\"ListItem\",\"position\":1,\"name\":\"Distributori\",\"item\":\"https:\\\/\\\/www.iobevo.com\\\/online\\\/distributori\\\/\"},{\"@type\":\"ListItem\",\"position\":2,\"name\":\"Distributore Orzobar\"}]},{\"@type\":\"WebSite\",\"@id\":\"https:\\\/\\\/www.iobevo.com\\\/online\\\/#website\",\"url\":\"https:\\\/\\\/www.iobevo.com\\\/online\\\/\",\"name\":\"io bevo\u00ae\",\"description\":\"Drink Plastic free\",\"publisher\":{\"@id\":\"https:\\\/\\\/www.iobevo.com\\\/online\\\/#organization\"},\"potentialAction\":[{\"@type\":\"SearchAction\",\"target\":{\"@type\":\"EntryPoint\",\"urlTemplate\":\"https:\\\/\\\/www.iobevo.com\\\/online\\\/?s={search_term_string}\"},\"query-input\":{\"@type\":\"PropertyValueSpecification\",\"valueRequired\":true,\"valueName\":\"search_term_string\"}}],\"inLanguage\":\"it-IT\"},{\"@type\":\"Organization\",\"@id\":\"https:\\\/\\\/www.iobevo.com\\\/online\\\/#organization\",\"name\":\"General Beverage\",\"url\":\"https:\\\/\\\/www.iobevo.com\\\/online\\\/\",\"logo\":{\"@type\":\"ImageObject\",\"inLanguage\":\"it-IT\",\"@id\":\"https:\\\/\\\/www.iobevo.com\\\/online\\\/#\\\/schema\\\/logo\\\/image\\\/\",\"url\":\"https:\\\/\\\/www.iobevo.com\\\/online\\\/wp-content\\\/uploads\\\/2014\\\/01\\\/logo_gb_horizontal_grey_160x47.png\",\"contentUrl\":\"https:\\\/\\\/www.iobevo.com\\\/online\\\/wp-content\\\/uploads\\\/2014\\\/01\\\/logo_gb_horizontal_grey_160x47.png\",\"width\":160,\"height\":47,\"caption\":\"General Beverage\"},\"image\":{\"@id\":\"https:\\\/\\\/www.iobevo.com\\\/online\\\/#\\\/schema\\\/logo\\\/image\\\/\"},\"sameAs\":[\"https:\\\/\\\/x.com\\\/IoBevo\"]}]}<\/script>\n<!-- \/ Yoast SEO plugin. -->","yoast_head_json":{"title":"| Distributore OrzoBar per orzo, caff\u00e8 ginseng e cioccolato","description":"Il distributore OrzoBar \u00e8 il dispenser di piccole dimensioni ideale nei bar e nelle piccole utenze per la distribuzione di orzo, caff\u00e8 ginseng e cioccolato.","robots":{"index":"index","follow":"follow","max-snippet":"max-snippet:-1","max-image-preview":"max-image-preview:large","max-video-preview":"max-video-preview:-1"},"canonical":"https:\/\/www.iobevo.com\/online\/distributori\/distributore-orzobar\/","og_locale":"it_IT","og_type":"article","og_title":"| Distributore OrzoBar per orzo, caff\u00e8 ginseng e cioccolato","og_description":"Il distributore OrzoBar \u00e8 il dispenser di piccole dimensioni ideale nei bar e nelle piccole utenze per la distribuzione di orzo, caff\u00e8 ginseng e cioccolato.","og_url":"https:\/\/www.iobevo.com\/online\/distributori\/distributore-orzobar\/","og_site_name":"io bevo\u00ae","article_modified_time":"2017-12-02T11:26:37+00:00","og_image":[{"width":1512,"height":400,"url":"https:\/\/www.iobevo.com\/online\/wp-content\/uploads\/2014\/01\/slide-2-bg-e1400667726929.png","type":"image\/png"}],"twitter_card":"summary_large_image","twitter_site":"@IoBevo","twitter_misc":{"Tempo di lettura stimato":"1 minuto"},"schema":{"@context":"https:\/\/schema.org","@graph":[{"@type":"WebPage","@id":"https:\/\/www.iobevo.com\/online\/distributori\/distributore-orzobar\/","url":"https:\/\/www.iobevo.com\/online\/distributori\/distributore-orzobar\/","name":"| Distributore OrzoBar per orzo, caff\u00e8 ginseng e cioccolato","isPartOf":{"@id":"https:\/\/www.iobevo.com\/online\/#website"},"primaryImageOfPage":{"@id":"https:\/\/www.iobevo.com\/online\/distributori\/distributore-orzobar\/#primaryimage"},"image":{"@id":"https:\/\/www.iobevo.com\/online\/distributori\/distributore-orzobar\/#primaryimage"},"thumbnailUrl":"https:\/\/www.iobevo.com\/online\/wp-content\/uploads\/2014\/01\/slide-2-bg-e1400667726929.png","datePublished":"2014-05-06T18:19:42+00:00","dateModified":"2017-12-02T11:26:37+00:00","description":"Il distributore OrzoBar \u00e8 il dispenser di piccole dimensioni ideale nei bar e nelle piccole utenze per la distribuzione di orzo, caff\u00e8 ginseng e cioccolato.","breadcrumb":{"@id":"https:\/\/www.iobevo.com\/online\/distributori\/distributore-orzobar\/#breadcrumb"},"inLanguage":"it-IT","potentialAction":[{"@type":"ReadAction","target":["https:\/\/www.iobevo.com\/online\/distributori\/distributore-orzobar\/"]}]},{"@type":"ImageObject","inLanguage":"it-IT","@id":"https:\/\/www.iobevo.com\/online\/distributori\/distributore-orzobar\/#primaryimage","url":"https:\/\/www.iobevo.com\/online\/wp-content\/uploads\/2014\/01\/slide-2-bg-e1400667726929.png","contentUrl":"https:\/\/www.iobevo.com\/online\/wp-content\/uploads\/2014\/01\/slide-2-bg-e1400667726929.png","width":1512,"height":400},{"@type":"BreadcrumbList","@id":"https:\/\/www.iobevo.com\/online\/distributori\/distributore-orzobar\/#breadcrumb","itemListElement":[{"@type":"ListItem","position":1,"name":"Distributori","item":"https:\/\/www.iobevo.com\/online\/distributori\/"},{"@type":"ListItem","position":2,"name":"Distributore Orzobar"}]},{"@type":"WebSite","@id":"https:\/\/www.iobevo.com\/online\/#website","url":"https:\/\/www.iobevo.com\/online\/","name":"io bevo\u00ae","description":"Drink Plastic free","publisher":{"@id":"https:\/\/www.iobevo.com\/online\/#organization"},"potentialAction":[{"@type":"SearchAction","target":{"@type":"EntryPoint","urlTemplate":"https:\/\/www.iobevo.com\/online\/?s={search_term_string}"},"query-input":{"@type":"PropertyValueSpecification","valueRequired":true,"valueName":"search_term_string"}}],"inLanguage":"it-IT"},{"@type":"Organization","@id":"https:\/\/www.iobevo.com\/online\/#organization","name":"General Beverage","url":"https:\/\/www.iobevo.com\/online\/","logo":{"@type":"ImageObject","inLanguage":"it-IT","@id":"https:\/\/www.iobevo.com\/online\/#\/schema\/logo\/image\/","url":"https:\/\/www.iobevo.com\/online\/wp-content\/uploads\/2014\/01\/logo_gb_horizontal_grey_160x47.png","contentUrl":"https:\/\/www.iobevo.com\/online\/wp-content\/uploads\/2014\/01\/logo_gb_horizontal_grey_160x47.png","width":160,"height":47,"caption":"General Beverage"},"image":{"@id":"https:\/\/www.iobevo.com\/online\/#\/schema\/logo\/image\/"},"sameAs":["https:\/\/x.com\/IoBevo"]}]}},"_links":{"self":[{"href":"https:\/\/www.iobevo.com\/online\/wp-json\/wp\/v2\/pages\/3878","targetHints":{"allow":["GET"]}}],"collection":[{"href":"https:\/\/www.iobevo.com\/online\/wp-json\/wp\/v2\/pages"}],"about":[{"href":"https:\/\/www.iobevo.com\/online\/wp-json\/wp\/v2\/types\/page"}],"author":[{"embeddable":true,"href":"https:\/\/www.iobevo.com\/online\/wp-json\/wp\/v2\/users\/84"}],"replies":[{"embeddable":true,"href":"https:\/\/www.iobevo.com\/online\/wp-json\/wp\/v2\/comments?post=3878"}],"version-history":[{"count":0,"href":"https:\/\/www.iobevo.com\/online\/wp-json\/wp\/v2\/pages\/3878\/revisions"}],"up":[{"embeddable":true,"href":"https:\/\/www.iobevo.com\/online\/wp-json\/wp\/v2\/pages\/136"}],"wp:featuredmedia":[{"embeddable":true,"href":"https:\/\/www.iobevo.com\/online\/wp-json\/wp\/v2\/media\/2831"}],"wp:attachment":[{"href":"https:\/\/www.iobevo.com\/online\/wp-json\/wp\/v2\/media?parent=3878"}],"curies":[{"name":"wp","href":"https:\/\/api.w.org\/{rel}","templated":true}]}}