{"id":45,"date":"2014-01-20T09:00:22","date_gmt":"2014-01-20T09:00:22","guid":{"rendered":"http:\/\/iobevo.com\/online\/?page_id=45"},"modified":"2024-03-06T10:22:53","modified_gmt":"2024-03-06T08:22:53","slug":"free-coffee","status":"publish","type":"page","link":"https:\/\/www.iobevo.com\/online\/servizi\/free-coffee\/","title":{"rendered":"freecoffee\u00ae"},"content":{"rendered":"<h3>Il\u00a0caff\u00e8 espresso self service<\/h3>\n<p><span class=\"responsive\"><img fetchpriority=\"high\" decoding=\"async\" class=\"aligncenter wp-image-3177\" title=\"freecoffee\u00ae \" src=\"http:\/\/www.iobevo.com\/online\/wp-content\/uploads\/2014\/01\/servizio-freecoffee.jpg\" alt=\"freecoffee\u00ae \" width=\"700\" height=\"368\" srcset=\"https:\/\/www.iobevo.com\/online\/wp-content\/uploads\/2014\/01\/servizio-freecoffee.jpg 700w, https:\/\/www.iobevo.com\/online\/wp-content\/uploads\/2014\/01\/servizio-freecoffee-300x157.jpg 300w\" sizes=\"(max-width: 700px) 100vw, 700px\" \/><\/span><\/p>\n<p>Il servizio consiste nella distribuzione self service a libero consumo e a <strong>costo fisso<\/strong> di <strong>caff\u00e8 espresso<\/strong>, di caff\u00e8 espresso <span class=\"mark2\">Fairtrade<\/span><span class=\"mark3\">\u00ae<\/span> e di caff\u00e8 americano. Viene realizzato mediante l\u2019allestimento di corner-caff\u00e8 e l\u2019utilizzo di appositi distributori per caff\u00e8 espresso che, a partire dal caff\u00e8 in grani, permettono la distribuzione self service.<\/p>\n<p>Il servizio consente cos\u00ec di gustare, in aree dedicate all\u2019interno del ristorante aziendale e in un ambiente conviviale, un ottimo caff\u00e8 espresso tradizionale, preparato all\u2019istante.<\/p>\n<p><span class=\"mark2\">freecoffee<\/span><span class=\"mark3\">\u00ae<\/span> rappresenta la soluzione ideale dal punto di vista logistico e qualitativo per offrire il caff\u00e8 espresso nell\u2019ambito del pasto per le grandi comunit\u00e0, coniugando la modalit\u00e0 self service con la qualit\u00e0 di un vero caff\u00e8 espresso.<\/p>\n","protected":false},"excerpt":{"rendered":"<p>Il\u00a0caff\u00e8 espresso self service Il servizio consiste nella distribuzione self service a libero consumo e a costo fisso di caff\u00e8 espresso, di caff\u00e8 espresso Fairtrade\u00ae e di caff\u00e8 americano. Viene realizzato mediante l\u2019allestimento di corner-caff\u00e8 e l\u2019utilizzo di appositi distributori per caff\u00e8 espresso che, a partire dal caff\u00e8 in grani, [&hellip;]<\/p>\n","protected":false},"author":84,"featured_media":2831,"parent":28,"menu_order":3,"comment_status":"open","ping_status":"closed","template":"","meta":{"footnotes":""},"class_list":["post-45","page","type-page","status-publish","has-post-thumbnail","hentry"],"yoast_head":"<!-- This site is optimized with the Yoast SEO plugin v27.4 - https:\/\/yoast.com\/product\/yoast-seo-wordpress\/ -->\n<title>| Freecoffee, la soluzione io bevo per il caff\u00e8 espresso<\/title>\n<meta name=\"description\" content=\"Con Freecoffee la ristorazione collettiva (mense aziendali) si avvale della soluzione ideale per offrire un ottimo caff\u00e8 espresso in modalit\u00e0 self-service.\" \/>\n<meta name=\"robots\" content=\"index, follow, max-snippet:-1, max-image-preview:large, max-video-preview:-1\" \/>\n<link rel=\"canonical\" href=\"https:\/\/www.iobevo.com\/online\/servizi\/free-coffee\/\" \/>\n<meta property=\"og:locale\" content=\"it_IT\" \/>\n<meta property=\"og:type\" content=\"article\" \/>\n<meta property=\"og:title\" content=\"Freecoffee, la soluzione io bevo per il caff\u00e8 espress\" \/>\n<meta property=\"og:description\" content=\"Con Freecoffee la ristorazione collettiva (mense aziendali) si avvale della soluzione ideale per offrire un ottimo caff\u00e8 espresso in modalit\u00e0 self-service.\" \/>\n<meta property=\"og:url\" content=\"https:\/\/www.iobevo.com\/online\/servizi\/free-coffee\/\" \/>\n<meta property=\"og:site_name\" content=\"io bevo\u00ae\" \/>\n<meta property=\"article:modified_time\" content=\"2024-03-06T08:22:53+00:00\" \/>\n<meta property=\"og:image\" content=\"https:\/\/www.iobevo.com\/online\/wp-content\/uploads\/2014\/01\/servizio-freecoffee.jpg\" \/>\n\t<meta property=\"og:image:width\" content=\"700\" \/>\n\t<meta property=\"og:image:height\" content=\"368\" \/>\n\t<meta property=\"og:image:type\" content=\"image\/jpeg\" \/>\n<meta name=\"twitter:card\" content=\"summary_large_image\" \/>\n<meta name=\"twitter:title\" content=\"Freecoffee, la soluzione io bevo per il caff\u00e8 espress\" \/>\n<meta name=\"twitter:description\" content=\"Con Freecoffee la ristorazione collettiva (mense aziendali) si avvale della soluzione ideale per offrire un ottimo caff\u00e8 espresso in modalit\u00e0 self-service.\" \/>\n<meta name=\"twitter:image\" content=\"https:\/\/www.iobevo.com\/online\/wp-content\/uploads\/2014\/01\/servizio-freecoffee.jpg\" \/>\n<meta name=\"twitter:site\" content=\"@IoBevo\" \/>\n<meta name=\"twitter:label1\" content=\"Tempo di lettura stimato\" \/>\n\t<meta name=\"twitter:data1\" content=\"2 minuti\" \/>\n<script type=\"application\/ld+json\" class=\"yoast-schema-graph\">{\"@context\":\"https:\\\/\\\/schema.org\",\"@graph\":[{\"@type\":\"WebPage\",\"@id\":\"https:\\\/\\\/www.iobevo.com\\\/online\\\/servizi\\\/free-coffee\\\/\",\"url\":\"https:\\\/\\\/www.iobevo.com\\\/online\\\/servizi\\\/free-coffee\\\/\",\"name\":\"| Freecoffee, la soluzione io bevo per il caff\u00e8 espresso\",\"isPartOf\":{\"@id\":\"https:\\\/\\\/www.iobevo.com\\\/online\\\/#website\"},\"primaryImageOfPage\":{\"@id\":\"https:\\\/\\\/www.iobevo.com\\\/online\\\/servizi\\\/free-coffee\\\/#primaryimage\"},\"image\":{\"@id\":\"https:\\\/\\\/www.iobevo.com\\\/online\\\/servizi\\\/free-coffee\\\/#primaryimage\"},\"thumbnailUrl\":\"https:\\\/\\\/www.iobevo.com\\\/online\\\/wp-content\\\/uploads\\\/2014\\\/01\\\/slide-2-bg-e1400667726929.png\",\"datePublished\":\"2014-01-20T09:00:22+00:00\",\"dateModified\":\"2024-03-06T08:22:53+00:00\",\"description\":\"Con Freecoffee la ristorazione collettiva (mense aziendali) si avvale della soluzione ideale per offrire un ottimo caff\u00e8 espresso in modalit\u00e0 self-service.\",\"breadcrumb\":{\"@id\":\"https:\\\/\\\/www.iobevo.com\\\/online\\\/servizi\\\/free-coffee\\\/#breadcrumb\"},\"inLanguage\":\"it-IT\",\"potentialAction\":[{\"@type\":\"ReadAction\",\"target\":[\"https:\\\/\\\/www.iobevo.com\\\/online\\\/servizi\\\/free-coffee\\\/\"]}]},{\"@type\":\"ImageObject\",\"inLanguage\":\"it-IT\",\"@id\":\"https:\\\/\\\/www.iobevo.com\\\/online\\\/servizi\\\/free-coffee\\\/#primaryimage\",\"url\":\"https:\\\/\\\/www.iobevo.com\\\/online\\\/wp-content\\\/uploads\\\/2014\\\/01\\\/slide-2-bg-e1400667726929.png\",\"contentUrl\":\"https:\\\/\\\/www.iobevo.com\\\/online\\\/wp-content\\\/uploads\\\/2014\\\/01\\\/slide-2-bg-e1400667726929.png\",\"width\":1512,\"height\":400},{\"@type\":\"BreadcrumbList\",\"@id\":\"https:\\\/\\\/www.iobevo.com\\\/online\\\/servizi\\\/free-coffee\\\/#breadcrumb\",\"itemListElement\":[{\"@type\":\"ListItem\",\"position\":1,\"name\":\"Servizi\",\"item\":\"https:\\\/\\\/www.iobevo.com\\\/online\\\/servizi\\\/\"},{\"@type\":\"ListItem\",\"position\":2,\"name\":\"freecoffee\u00ae\"}]},{\"@type\":\"WebSite\",\"@id\":\"https:\\\/\\\/www.iobevo.com\\\/online\\\/#website\",\"url\":\"https:\\\/\\\/www.iobevo.com\\\/online\\\/\",\"name\":\"io bevo\u00ae\",\"description\":\"Drink Plastic free\",\"publisher\":{\"@id\":\"https:\\\/\\\/www.iobevo.com\\\/online\\\/#organization\"},\"potentialAction\":[{\"@type\":\"SearchAction\",\"target\":{\"@type\":\"EntryPoint\",\"urlTemplate\":\"https:\\\/\\\/www.iobevo.com\\\/online\\\/?s={search_term_string}\"},\"query-input\":{\"@type\":\"PropertyValueSpecification\",\"valueRequired\":true,\"valueName\":\"search_term_string\"}}],\"inLanguage\":\"it-IT\"},{\"@type\":\"Organization\",\"@id\":\"https:\\\/\\\/www.iobevo.com\\\/online\\\/#organization\",\"name\":\"General Beverage\",\"url\":\"https:\\\/\\\/www.iobevo.com\\\/online\\\/\",\"logo\":{\"@type\":\"ImageObject\",\"inLanguage\":\"it-IT\",\"@id\":\"https:\\\/\\\/www.iobevo.com\\\/online\\\/#\\\/schema\\\/logo\\\/image\\\/\",\"url\":\"https:\\\/\\\/www.iobevo.com\\\/online\\\/wp-content\\\/uploads\\\/2014\\\/01\\\/logo_gb_horizontal_grey_160x47.png\",\"contentUrl\":\"https:\\\/\\\/www.iobevo.com\\\/online\\\/wp-content\\\/uploads\\\/2014\\\/01\\\/logo_gb_horizontal_grey_160x47.png\",\"width\":160,\"height\":47,\"caption\":\"General Beverage\"},\"image\":{\"@id\":\"https:\\\/\\\/www.iobevo.com\\\/online\\\/#\\\/schema\\\/logo\\\/image\\\/\"},\"sameAs\":[\"https:\\\/\\\/x.com\\\/IoBevo\"]}]}<\/script>\n<!-- \/ Yoast SEO plugin. -->","yoast_head_json":{"title":"| Freecoffee, la soluzione io bevo per il caff\u00e8 espresso","description":"Con Freecoffee la ristorazione collettiva (mense aziendali) si avvale della soluzione ideale per offrire un ottimo caff\u00e8 espresso in modalit\u00e0 self-service.","robots":{"index":"index","follow":"follow","max-snippet":"max-snippet:-1","max-image-preview":"max-image-preview:large","max-video-preview":"max-video-preview:-1"},"canonical":"https:\/\/www.iobevo.com\/online\/servizi\/free-coffee\/","og_locale":"it_IT","og_type":"article","og_title":"Freecoffee, la soluzione io bevo per il caff\u00e8 espress","og_description":"Con Freecoffee la ristorazione collettiva (mense aziendali) si avvale della soluzione ideale per offrire un ottimo caff\u00e8 espresso in modalit\u00e0 self-service.","og_url":"https:\/\/www.iobevo.com\/online\/servizi\/free-coffee\/","og_site_name":"io bevo\u00ae","article_modified_time":"2024-03-06T08:22:53+00:00","og_image":[{"width":700,"height":368,"url":"https:\/\/www.iobevo.com\/online\/wp-content\/uploads\/2014\/01\/servizio-freecoffee.jpg","type":"image\/jpeg"}],"twitter_card":"summary_large_image","twitter_title":"Freecoffee, la soluzione io bevo per il caff\u00e8 espress","twitter_description":"Con Freecoffee la ristorazione collettiva (mense aziendali) si avvale della soluzione ideale per offrire un ottimo caff\u00e8 espresso in modalit\u00e0 self-service.","twitter_image":"https:\/\/www.iobevo.com\/online\/wp-content\/uploads\/2014\/01\/servizio-freecoffee.jpg","twitter_site":"@IoBevo","twitter_misc":{"Tempo di lettura stimato":"2 minuti"},"schema":{"@context":"https:\/\/schema.org","@graph":[{"@type":"WebPage","@id":"https:\/\/www.iobevo.com\/online\/servizi\/free-coffee\/","url":"https:\/\/www.iobevo.com\/online\/servizi\/free-coffee\/","name":"| Freecoffee, la soluzione io bevo per il caff\u00e8 espresso","isPartOf":{"@id":"https:\/\/www.iobevo.com\/online\/#website"},"primaryImageOfPage":{"@id":"https:\/\/www.iobevo.com\/online\/servizi\/free-coffee\/#primaryimage"},"image":{"@id":"https:\/\/www.iobevo.com\/online\/servizi\/free-coffee\/#primaryimage"},"thumbnailUrl":"https:\/\/www.iobevo.com\/online\/wp-content\/uploads\/2014\/01\/slide-2-bg-e1400667726929.png","datePublished":"2014-01-20T09:00:22+00:00","dateModified":"2024-03-06T08:22:53+00:00","description":"Con Freecoffee la ristorazione collettiva (mense aziendali) si avvale della soluzione ideale per offrire un ottimo caff\u00e8 espresso in modalit\u00e0 self-service.","breadcrumb":{"@id":"https:\/\/www.iobevo.com\/online\/servizi\/free-coffee\/#breadcrumb"},"inLanguage":"it-IT","potentialAction":[{"@type":"ReadAction","target":["https:\/\/www.iobevo.com\/online\/servizi\/free-coffee\/"]}]},{"@type":"ImageObject","inLanguage":"it-IT","@id":"https:\/\/www.iobevo.com\/online\/servizi\/free-coffee\/#primaryimage","url":"https:\/\/www.iobevo.com\/online\/wp-content\/uploads\/2014\/01\/slide-2-bg-e1400667726929.png","contentUrl":"https:\/\/www.iobevo.com\/online\/wp-content\/uploads\/2014\/01\/slide-2-bg-e1400667726929.png","width":1512,"height":400},{"@type":"BreadcrumbList","@id":"https:\/\/www.iobevo.com\/online\/servizi\/free-coffee\/#breadcrumb","itemListElement":[{"@type":"ListItem","position":1,"name":"Servizi","item":"https:\/\/www.iobevo.com\/online\/servizi\/"},{"@type":"ListItem","position":2,"name":"freecoffee\u00ae"}]},{"@type":"WebSite","@id":"https:\/\/www.iobevo.com\/online\/#website","url":"https:\/\/www.iobevo.com\/online\/","name":"io bevo\u00ae","description":"Drink Plastic free","publisher":{"@id":"https:\/\/www.iobevo.com\/online\/#organization"},"potentialAction":[{"@type":"SearchAction","target":{"@type":"EntryPoint","urlTemplate":"https:\/\/www.iobevo.com\/online\/?s={search_term_string}"},"query-input":{"@type":"PropertyValueSpecification","valueRequired":true,"valueName":"search_term_string"}}],"inLanguage":"it-IT"},{"@type":"Organization","@id":"https:\/\/www.iobevo.com\/online\/#organization","name":"General Beverage","url":"https:\/\/www.iobevo.com\/online\/","logo":{"@type":"ImageObject","inLanguage":"it-IT","@id":"https:\/\/www.iobevo.com\/online\/#\/schema\/logo\/image\/","url":"https:\/\/www.iobevo.com\/online\/wp-content\/uploads\/2014\/01\/logo_gb_horizontal_grey_160x47.png","contentUrl":"https:\/\/www.iobevo.com\/online\/wp-content\/uploads\/2014\/01\/logo_gb_horizontal_grey_160x47.png","width":160,"height":47,"caption":"General Beverage"},"image":{"@id":"https:\/\/www.iobevo.com\/online\/#\/schema\/logo\/image\/"},"sameAs":["https:\/\/x.com\/IoBevo"]}]}},"_links":{"self":[{"href":"https:\/\/www.iobevo.com\/online\/wp-json\/wp\/v2\/pages\/45","targetHints":{"allow":["GET"]}}],"collection":[{"href":"https:\/\/www.iobevo.com\/online\/wp-json\/wp\/v2\/pages"}],"about":[{"href":"https:\/\/www.iobevo.com\/online\/wp-json\/wp\/v2\/types\/page"}],"author":[{"embeddable":true,"href":"https:\/\/www.iobevo.com\/online\/wp-json\/wp\/v2\/users\/84"}],"replies":[{"embeddable":true,"href":"https:\/\/www.iobevo.com\/online\/wp-json\/wp\/v2\/comments?post=45"}],"version-history":[{"count":1,"href":"https:\/\/www.iobevo.com\/online\/wp-json\/wp\/v2\/pages\/45\/revisions"}],"predecessor-version":[{"id":20651,"href":"https:\/\/www.iobevo.com\/online\/wp-json\/wp\/v2\/pages\/45\/revisions\/20651"}],"up":[{"embeddable":true,"href":"https:\/\/www.iobevo.com\/online\/wp-json\/wp\/v2\/pages\/28"}],"wp:featuredmedia":[{"embeddable":true,"href":"https:\/\/www.iobevo.com\/online\/wp-json\/wp\/v2\/media\/2831"}],"wp:attachment":[{"href":"https:\/\/www.iobevo.com\/online\/wp-json\/wp\/v2\/media?parent=45"}],"curies":[{"name":"wp","href":"https:\/\/api.w.org\/{rel}","templated":true}]}}