{"id":6087,"date":"2014-07-07T15:01:25","date_gmt":"2014-07-07T15:01:25","guid":{"rendered":"http:\/\/www.iobevo.com\/online\/?page_id=6087"},"modified":"2022-07-12T15:08:22","modified_gmt":"2022-07-12T13:08:22","slug":"accueil","status":"publish","type":"page","link":"https:\/\/www.iobevo.com\/online\/accueil\/?lang=fr","title":{"rendered":"Accueil"},"content":{"rendered":"<div class=\"section section-parallax\" style=\"background-color: #f9f9f9; border: none; padding: 20px 0; \">\n<div class=\"container clearfix\">\n<div class=\"sixteen columns\">General Beverage est <strong>un fournisseur de solutions sp\u00e9cifiques pour les aliments et les boissons<\/strong>:<br \/>\npour chaque secteur du march\u00e9 et pour chaque exigence sp\u00e9cifique, il \u00e9labore des solutions et des projets personnalis\u00e9s pour la distribution d\u2019aliments et de boissons par des syst\u00e8mes automatis\u00e9s, dans le but de r\u00e9duire les co\u00fbts, promouvoir la qualit\u00e9 et cr\u00e9er un d\u00e9veloppement durable.<\/p>\n<p>Il produit les \u00e9quipements, les concentr\u00e9s et les solubles utilis\u00e9s dans le cadre de ses services, en consid\u00e9rant \u00a0la structure verticale de la production alimentaire et non alimentaire\u00a0 comme \u00a0un outil essentiel pour d\u00e9velopper pleinement son mod\u00e8le \u00e9conomique.<\/p><\/div>\n<\/div>\n<\/div>\n<div class=\"section section-parallax\" style=\"background-color: #ffffff; border: none; padding: 20px 0; \">\n<div class=\"container clearfix\">\n<div class=\"sixteen columns\"><h3 class=\"title\"><span>Services<\/span><\/h3><div class=\"latest-portfolio negative-wrap\"><div class=\"portfolio-item four columns\"><div class=\"portfolio-it\">\n\t\t\t\t  \t\t<a href=\"https:\/\/www.iobevo.com\/online\/portfolio-item\/freebeverage\/\" title=\"freebeverage\u00ae\"><span class=\"portfolio-pic\"><img decoding=\"async\" src=\"https:\/\/www.iobevo.com\/online\/wp-content\/uploads\/2014\/01\/freebeverage-460x300.jpg\" \/><div class=\"portfolio-overlay\"><span class=\"overlay-link\"><\/span><\/div><\/span><\/a>\n\t\t\t\t  \t\t<a href=\"https:\/\/www.iobevo.com\/online\/portfolio-item\/freebeverage\/\" title=\"freebeverage\u00ae\" class=\"portfolio-title\"><h4>freebeverage\u00ae<\/h4><span>Liberi di bere<\/span><\/a>\n\t\t\t\t  \t<\/div><\/div><div class=\"portfolio-item four columns\"><div class=\"portfolio-it\">\n\t\t\t\t  \t\t<a href=\"https:\/\/www.iobevo.com\/online\/portfolio-item\/io-breakfast\/\" title=\"io breakfast\u00ae\"><span class=\"portfolio-pic\"><img decoding=\"async\" src=\"https:\/\/www.iobevo.com\/online\/wp-content\/uploads\/2013\/01\/portfolio_io_breakfast-460x300.jpg\" \/><div class=\"portfolio-overlay\"><span class=\"overlay-link\"><\/span><\/div><\/span><\/a>\n\t\t\t\t  \t\t<a href=\"https:\/\/www.iobevo.com\/online\/portfolio-item\/io-breakfast\/\" title=\"io breakfast\u00ae\" class=\"portfolio-title\"><h4>io breakfast\u00ae<\/h4><span>Servizi di qualit\u00e0 per la colazione<\/span><\/a>\n\t\t\t\t  \t<\/div><\/div><div class=\"portfolio-item four columns\"><div class=\"portfolio-it\">\n\t\t\t\t  \t\t<a href=\"https:\/\/www.iobevo.com\/online\/portfolio-item\/io-sano\/\" title=\"io sano\u00ae\"><span class=\"portfolio-pic\"><img decoding=\"async\" src=\"https:\/\/www.iobevo.com\/online\/wp-content\/uploads\/2014\/01\/iosano-460x300.jpg\" \/><div class=\"portfolio-overlay\"><span class=\"overlay-link\"><\/span><\/div><\/span><\/a>\n\t\t\t\t  \t\t<a href=\"https:\/\/www.iobevo.com\/online\/portfolio-item\/io-sano\/\" title=\"io sano\u00ae\" class=\"portfolio-title\"><h4>io sano\u00ae<\/h4><span>Nutrire con cura<\/span><\/a>\n\t\t\t\t  \t<\/div><\/div><div class=\"portfolio-item four columns\"><div class=\"portfolio-it\">\n\t\t\t\t  \t\t<a href=\"https:\/\/www.iobevo.com\/online\/portfolio-item\/tisana-service\/\" title=\"Ti Sana\"><span class=\"portfolio-pic\"><img decoding=\"async\" src=\"https:\/\/www.iobevo.com\/online\/wp-content\/uploads\/2014\/01\/Fotolia_36464772_S-460x300.jpg\" \/><div class=\"portfolio-overlay\"><span class=\"overlay-link\"><\/span><\/div><\/span><\/a>\n\t\t\t\t  \t\t<a href=\"https:\/\/www.iobevo.com\/online\/portfolio-item\/tisana-service\/\" title=\"Ti Sana\" class=\"portfolio-title\"><h4>Ti Sana<\/h4><span>Distribuzione tisane naturali<\/span><\/a>\n\t\t\t\t  \t<\/div><\/div><\/div><div class=\"clear\"><\/div><a href=\"http:\/\/iobevo.com\/online\/?page_id=6112\" target=\"_self\" class=\" button green medium\" rel=\"slides[buttonlightbox]\"><i class='icon-leaf'><\/i>Tous les services\u00a0io bevo\u00ae<\/a><\/div>\n<\/div>\n<\/div>\n<div class=\"section section-parallax\" style=\"background-color: #ffffff; border: none; padding: 20px 0; \">\n<div class=\"container clearfix\">\n<div class=\"sixteen columns\"><h3 class=\"title\"><span>Secteurs du march\u00e9<\/span><\/h3><div class=\"latest-portfolio negative-wrap\"><div class=\"portfolio-item four columns\"><div class=\"portfolio-it\">\n\t\t\t\t  \t\t<a href=\"https:\/\/www.iobevo.com\/online\/portfolio-item\/mense-aziendali\/\" title=\"Mense aziendali\"><span class=\"portfolio-pic\"><img decoding=\"async\" src=\"https:\/\/www.iobevo.com\/online\/wp-content\/uploads\/2014\/02\/FOTO-48-mense-aziendali-13687094_l-460x300.jpg\" \/><div class=\"portfolio-overlay\"><span class=\"overlay-link\"><\/span><\/div><\/span><\/a>\n\t\t\t\t  \t\t<a href=\"https:\/\/www.iobevo.com\/online\/portfolio-item\/mense-aziendali\/\" title=\"Mense aziendali\" class=\"portfolio-title\"><h4>Mense aziendali<\/h4><span>Ristorazione sostenibile<\/span><\/a>\n\t\t\t\t  \t<\/div><\/div><div class=\"portfolio-item four columns\"><div class=\"portfolio-it\">\n\t\t\t\t  \t\t<a href=\"https:\/\/www.iobevo.com\/online\/portfolio-item\/mense-universitarie\/\" title=\"Mense universitarie\"><span class=\"portfolio-pic\"><img decoding=\"async\" src=\"https:\/\/www.iobevo.com\/online\/wp-content\/uploads\/2014\/02\/FOTO-49-mense-universitarie-3481295-amico-a-mensa-o-di-caffetteria-460x300.jpg\" \/><div class=\"portfolio-overlay\"><span class=\"overlay-link\"><\/span><\/div><\/span><\/a>\n\t\t\t\t  \t\t<a href=\"https:\/\/www.iobevo.com\/online\/portfolio-item\/mense-universitarie\/\" title=\"Mense universitarie\" class=\"portfolio-title\"><h4>Mense universitarie<\/h4><span>Ristoranti di universit\u00e0 e campus<\/span><\/a>\n\t\t\t\t  \t<\/div><\/div><div class=\"portfolio-item four columns\"><div class=\"portfolio-it\">\n\t\t\t\t  \t\t<a href=\"https:\/\/www.iobevo.com\/online\/portfolio-item\/case-di-riposo\/\" title=\"Case di Riposo\"><span class=\"portfolio-pic\"><img decoding=\"async\" src=\"https:\/\/www.iobevo.com\/online\/wp-content\/uploads\/2014\/04\/FOTO-51-settore-case-di-riposo-460x300.jpg\" \/><div class=\"portfolio-overlay\"><span class=\"overlay-link\"><\/span><\/div><\/span><\/a>\n\t\t\t\t  \t\t<a href=\"https:\/\/www.iobevo.com\/online\/portfolio-item\/case-di-riposo\/\" title=\"Case di Riposo\" class=\"portfolio-title\"><h4>Case di Riposo<\/h4><span>Ristorazione per la terza et\u00e0<\/span><\/a>\n\t\t\t\t  \t<\/div><\/div><div class=\"portfolio-item four columns\"><div class=\"portfolio-it\">\n\t\t\t\t  \t\t<a href=\"https:\/\/www.iobevo.com\/online\/portfolio-item\/villaggi-turistici\/\" title=\"Villaggi turistici\"><span class=\"portfolio-pic\"><img decoding=\"async\" src=\"https:\/\/www.iobevo.com\/online\/wp-content\/uploads\/2014\/04\/FOTO-54-villaggio-turistico-9213332-bellissima-spiaggia-con-le-palme-filippine-460x300.jpg\" \/><div class=\"portfolio-overlay\"><span class=\"overlay-link\"><\/span><\/div><\/span><\/a>\n\t\t\t\t  \t\t<a href=\"https:\/\/www.iobevo.com\/online\/portfolio-item\/villaggi-turistici\/\" title=\"Villaggi turistici\" class=\"portfolio-title\"><h4>Villaggi turistici<\/h4><span>Bevande per resort e camping<\/span><\/a>\n\t\t\t\t  \t<\/div><\/div><\/div><div class=\"clear\"><\/div><a href=\"http:\/\/iobevo.com\/online\/?page_id=6232\" target=\"_self\" class=\" button green medium\" rel=\"slides[buttonlightbox]\"><i class='icon-leaf'><\/i>Tous les secteurs du march\u00e9\u00a0<\/a><\/div>\n<\/div>\n<\/div>\n<div class=\"section section-parallax\" style=\"background-color: #ffffff; border: none; padding: 30px 0; \">\n<div class=\"container clearfix\">\n<div class=\"sixteen columns\">\n<div class=\"callout\">\n<div class=\"border clearfix\">\n<div class=\"callout-content\">\n<h2 class=\"highlight\">\u00cates-vous int\u00e9ress\u00e9s \u00e0 distribuer nos produits?<\/h2>\n<p>General Beverage vous offre une grande vari\u00e9t\u00e9 de produits sp\u00e9cialement con\u00e7us pour les diff\u00e9rents domaines de la distribution.\n      \t\t\t<\/p><\/div>\n<div class=\"callout-button\" style=\"margin:4px 0 0 0;;\">\n      \t\t\t\t<a class=\"button normal alternative-1\" href=\"http:\/\/iobevo.com\/online\/?page_id=6324\" target=\"_self\">Contactez-nous<\/a>\n      \t\t\t<\/div>\n<\/div>\n<\/div>\n<\/div>\n<\/div>\n<\/div>\n<div class=\"section section-parallax\" style=\"background-color: #ffffff; border: none; padding: 30px 0 0px 0; \">\n<div class=\"container clearfix\">\n<div class=\"sixteen columns\">\n<h3 class=\"title\"><span>Les prix de l\u2019environnement<\/span><\/h3>\n<div class=\"one_third\"><a href=\"http:\/\/www.iobevo.com\/online\/?page_id=3620\"><img decoding=\"async\" class=\"aligncenter\" src=\"https:\/\/www.iobevo.com\/online\/wp-content\/uploads\/2014\/02\/premio_impresa_ambiente.jpg\" alt=\"Premio impresa ambiente\" width=\"150\" height=\"101\" \/><\/a><\/p>\n<\/div>\n<div class=\"one_third\"><a href=\"https:\/\/www.iobevo.com\/online\/?page_id=3620\"><img decoding=\"async\" class=\"aligncenter\" src=\"https:\/\/iobevo.com\/online\/wp-content\/uploads\/2014\/02\/premio_toscana_ecoefficiente.jpg\" alt=\"Premio Toscana Ecoefficiente\" width=\"150\" height=\"101\" \/><\/a><\/p>\n<\/div>\n<div class=\"one_third last\"><a href=\"https:\/\/www.iobevo.com\/online\/?page_id=3620\"><img decoding=\"async\" class=\"aligncenter\" src=\"https:\/\/www.iobevo.com\/online\/wp-content\/uploads\/2014\/02\/premio_sviluppo_sostenibile.jpg\" alt=\"premio_sviluppo_sostenibile\" width=\"150\" height=\"101\" \/><\/a><\/div>\n<div class=\"clear\"><\/div>\n<h3 class=\"title\"><span>Soci\u00e9t\u00e9 avec syst\u00e8me de qualit\u00e9 certifi\u00e9<\/span><\/h3>\n<p style=\"text-align: center;\">\n<div class=\"one_fourth\">\n<a href=\"https:\/\/www.iobevo.com\/online\/wp-content\/uploads\/2019\/08\/Certificato-ISO-9001-2015-ITA.pdf\"><img loading=\"lazy\" decoding=\"async\" class=\"wp-image-4948 aligncenter\" src=\"https:\/\/www.iobevo.com\/online\/wp-content\/uploads\/2013\/01\/9001-180x180.jpg\" alt=\"9001\" width=\"100\" height=\"100\" srcset=\"https:\/\/www.iobevo.com\/online\/wp-content\/uploads\/2013\/01\/9001-180x180.jpg 180w, https:\/\/www.iobevo.com\/online\/wp-content\/uploads\/2013\/01\/9001-300x300.jpg 300w, https:\/\/www.iobevo.com\/online\/wp-content\/uploads\/2013\/01\/9001-60x60.jpg 60w, https:\/\/www.iobevo.com\/online\/wp-content\/uploads\/2013\/01\/9001.jpg 538w\" sizes=\"(max-width: 100px) 100vw, 100px\" \/><\/a><\/p>\n<p style=\"text-align: center;\">ISO 9001<\/p>\n<\/div>\n<p style=\"text-align: center;\">\n<div class=\"one_fourth\">\n<p style=\"text-align: center;\"><a href=\"https:\/\/www.iobevo.com\/online\/wp-content\/uploads\/2019\/08\/Certificato-ISO-14001_ita_18.pdf\"><img loading=\"lazy\" decoding=\"async\" class=\"wp-image-4949 aligncenter\" src=\"https:\/\/www.iobevo.com\/online\/wp-content\/uploads\/2013\/01\/14001-180x180.jpg\" alt=\"14001\" width=\"100\" height=\"100\" srcset=\"https:\/\/www.iobevo.com\/online\/wp-content\/uploads\/2013\/01\/14001-180x180.jpg 180w, https:\/\/www.iobevo.com\/online\/wp-content\/uploads\/2013\/01\/14001-300x300.jpg 300w, https:\/\/www.iobevo.com\/online\/wp-content\/uploads\/2013\/01\/14001-60x60.jpg 60w, https:\/\/www.iobevo.com\/online\/wp-content\/uploads\/2013\/01\/14001.jpg 538w\" sizes=\"(max-width: 100px) 100vw, 100px\" \/><\/a><\/p>\n<p style=\"text-align: center;\">ISO 14001<\/p>\n<p style=\"text-align: center;\"><\/div>\n<\/p>\n<div class=\"one_fourth\">\n<p style=\"text-align: center;\"><a href=\"https:\/\/www.iobevo.com\/online\/wp-content\/uploads\/2021\/04\/Certificato-ISO-45001-itaeng.pdf\"><img loading=\"lazy\" decoding=\"async\" class=\"wp-image-4949 aligncenter\" src=\"https:\/\/www.iobevo.com\/online\/wp-content\/uploads\/2013\/01\/14001-180x180.jpg\" alt=\"14001\" width=\"100\" height=\"100\" srcset=\"https:\/\/www.iobevo.com\/online\/wp-content\/uploads\/2013\/01\/14001-180x180.jpg 180w, https:\/\/www.iobevo.com\/online\/wp-content\/uploads\/2013\/01\/14001-300x300.jpg 300w, https:\/\/www.iobevo.com\/online\/wp-content\/uploads\/2013\/01\/14001-60x60.jpg 60w, https:\/\/www.iobevo.com\/online\/wp-content\/uploads\/2013\/01\/14001.jpg 538w\" sizes=\"(max-width: 100px) 100vw, 100px\" \/><\/a><\/p>\n<p style=\"text-align: center;\">ISO 45001<\/p>\n<\/div>\n<div class=\"one_fourth last\">\n<p><a href=\"https:\/\/www.iobevo.com\/online\/wp-content\/uploads\/2019\/09\/CERT-Certificate-novembre-2016-2020-1.pdf\"><img loading=\"lazy\" decoding=\"async\" class=\"wp-image-4959 aligncenter\" src=\"https:\/\/www.iobevo.com\/online\/wp-content\/uploads\/2013\/01\/Fairtrade_colours_blackR1-161x180.jpg\" alt=\"Fairtrade_colours_blackR1\" width=\"86\" height=\"100\" \/><\/a><\/p>\n<\/div>\n<div class=\"clear\"><\/div>\n<div class=\"one_third\">\n<p><img loading=\"lazy\" decoding=\"async\" class=\"wp-image-19696 aligncenter\" src=\"https:\/\/www.iobevo.com\/online\/wp-content\/uploads\/2022\/07\/Fgas-azienda-certificata-paganini-graziano.jpg\" alt=\"\" width=\"260\" height=\"81\" srcset=\"https:\/\/www.iobevo.com\/online\/wp-content\/uploads\/2022\/07\/Fgas-azienda-certificata-paganini-graziano.jpg 1100w, https:\/\/www.iobevo.com\/online\/wp-content\/uploads\/2022\/07\/Fgas-azienda-certificata-paganini-graziano-300x94.jpg 300w, https:\/\/www.iobevo.com\/online\/wp-content\/uploads\/2022\/07\/Fgas-azienda-certificata-paganini-graziano-1024x319.jpg 1024w, https:\/\/www.iobevo.com\/online\/wp-content\/uploads\/2022\/07\/Fgas-azienda-certificata-paganini-graziano-768x239.jpg 768w\" sizes=\"(max-width: 260px) 100vw, 260px\" \/><\/p>\n<\/div>\n<div class=\"one_third\">\n<p><a href=\"https:\/\/www.certificazioneleed.com\/notizie\/crediti-leed-distribuzione-bevande-mediante-sistemi-automatizzati-azienda-general-beverage-ms\/\" target=\"_blank\" rel=\"noopener\"><img loading=\"lazy\" decoding=\"async\" class=\"wp-image-19704 aligncenter\" src=\"https:\/\/www.iobevo.com\/online\/wp-content\/uploads\/2022\/07\/certificazione_leed.jpg\" alt=\"\" width=\"226\" height=\"97\" srcset=\"https:\/\/www.iobevo.com\/online\/wp-content\/uploads\/2022\/07\/certificazione_leed.jpg 1763w, https:\/\/www.iobevo.com\/online\/wp-content\/uploads\/2022\/07\/certificazione_leed-300x129.jpg 300w, https:\/\/www.iobevo.com\/online\/wp-content\/uploads\/2022\/07\/certificazione_leed-1024x439.jpg 1024w, https:\/\/www.iobevo.com\/online\/wp-content\/uploads\/2022\/07\/certificazione_leed-768x329.jpg 768w, https:\/\/www.iobevo.com\/online\/wp-content\/uploads\/2022\/07\/certificazione_leed-1536x659.jpg 1536w, https:\/\/www.iobevo.com\/online\/wp-content\/uploads\/2022\/07\/certificazione_leed-700x300.jpg 700w\" sizes=\"(max-width: 226px) 100vw, 226px\" \/><\/a><\/p>\n<\/div>\n<div class=\"one_third last\">\n<p><a href=\"https:\/\/www.certificazioneleed.com\/notizie\/crediti-leed-distribuzione-bevande-mediante-sistemi-automatizzati-azienda-general-beverage-ms\/\" target=\"_blank\" rel=\"noopener\"><img loading=\"lazy\" decoding=\"async\" class=\"wp-image-19711 aligncenter\" src=\"https:\/\/www.iobevo.com\/online\/wp-content\/uploads\/2022\/07\/certificazione_leed_00.jpg\" alt=\"\" width=\"226\" height=\"97\" srcset=\"https:\/\/www.iobevo.com\/online\/wp-content\/uploads\/2022\/07\/certificazione_leed_00.jpg 1756w, https:\/\/www.iobevo.com\/online\/wp-content\/uploads\/2022\/07\/certificazione_leed_00-300x129.jpg 300w, https:\/\/www.iobevo.com\/online\/wp-content\/uploads\/2022\/07\/certificazione_leed_00-1024x440.jpg 1024w, https:\/\/www.iobevo.com\/online\/wp-content\/uploads\/2022\/07\/certificazione_leed_00-768x330.jpg 768w, https:\/\/www.iobevo.com\/online\/wp-content\/uploads\/2022\/07\/certificazione_leed_00-1536x660.jpg 1536w, https:\/\/www.iobevo.com\/online\/wp-content\/uploads\/2022\/07\/certificazione_leed_00-700x300.jpg 700w\" sizes=\"(max-width: 226px) 100vw, 226px\" \/><\/a><\/p>\n<\/div>\n<div class=\"clear\"><\/div>\n<\/div>\n<\/div>\n<\/div>\n<div class=\"section section-parallax\" style=\"background-color: #f9f9f9; border: none; padding: 20px 0; \">\n<div class=\"container clearfix\">\n<div class=\"sixteen columns\"><\/div>\n<\/div>\n<\/div>\n<p><span class=\"responsive\"> <a href=\"https:\/\/www.iobevo.com\/online\/?page_id=15089\" target=\"_blank\" rel=\"noopener noreferrer\"><img loading=\"lazy\" decoding=\"async\" class=\"aligncenter wp-image-15088 size-full\" src=\"https:\/\/www.iobevo.com\/online\/wp-content\/uploads\/2018\/04\/por_creo_logo-2.png\" alt=\"\" width=\"600\" height=\"122\" srcset=\"https:\/\/www.iobevo.com\/online\/wp-content\/uploads\/2018\/04\/por_creo_logo-2.png 600w, https:\/\/www.iobevo.com\/online\/wp-content\/uploads\/2018\/04\/por_creo_logo-2-300x61.png 300w\" sizes=\"(max-width: 600px) 100vw, 600px\" \/><\/a><\/span><\/p>\n","protected":false},"excerpt":{"rendered":"<p>General Beverage est un fournisseur de solutions sp\u00e9cifiques pour les aliments et les boissons: pour chaque secteur du march\u00e9 et pour chaque exigence sp\u00e9cifique, il \u00e9labore des solutions et des projets personnalis\u00e9s pour la distribution d\u2019aliments et de boissons par des syst\u00e8mes automatis\u00e9s, dans le but de r\u00e9duire les co\u00fbts, [&hellip;]<\/p>\n","protected":false},"author":58,"featured_media":0,"parent":0,"menu_order":0,"comment_status":"closed","ping_status":"closed","template":"page-section.php","meta":{"footnotes":""},"class_list":["post-6087","page","type-page","status-publish","hentry"],"yoast_head":"<!-- This site is optimized with the Yoast SEO plugin v27.4 - https:\/\/yoast.com\/product\/yoast-seo-wordpress\/ -->\n<title>Accueil - io bevo\u00ae<\/title>\n<meta name=\"robots\" content=\"index, follow, max-snippet:-1, max-image-preview:large, max-video-preview:-1\" \/>\n<link rel=\"canonical\" href=\"https:\/\/www.iobevo.com\/online\/?lang=fr\" \/>\n<meta property=\"og:locale\" content=\"it_IT\" \/>\n<meta property=\"og:type\" content=\"article\" \/>\n<meta property=\"og:title\" content=\"Accueil - io bevo\u00ae\" \/>\n<meta property=\"og:description\" content=\"General Beverage est un fournisseur de solutions sp\u00e9cifiques pour les aliments et les boissons: pour chaque secteur du march\u00e9 et pour chaque exigence sp\u00e9cifique, il \u00e9labore des solutions et des projets personnalis\u00e9s pour la distribution d\u2019aliments et de boissons par des syst\u00e8mes automatis\u00e9s, dans le but de r\u00e9duire les co\u00fbts, [&hellip;]\" \/>\n<meta property=\"og:url\" content=\"https:\/\/www.iobevo.com\/online\/?lang=fr\" \/>\n<meta property=\"og:site_name\" content=\"io bevo\u00ae\" \/>\n<meta property=\"article:modified_time\" content=\"2022-07-12T13:08:22+00:00\" \/>\n<meta property=\"og:image\" content=\"https:\/\/www.iobevo.com\/online\/wp-content\/uploads\/2014\/02\/premio_impresa_ambiente.jpg\" \/>\n<meta name=\"twitter:card\" content=\"summary_large_image\" \/>\n<meta name=\"twitter:site\" content=\"@IoBevo\" \/>\n<meta name=\"twitter:label1\" content=\"Tempo di lettura stimato\" \/>\n\t<meta name=\"twitter:data1\" content=\"4 minuti\" \/>\n<script type=\"application\/ld+json\" class=\"yoast-schema-graph\">{\"@context\":\"https:\\\/\\\/schema.org\",\"@graph\":[{\"@type\":\"WebPage\",\"@id\":\"https:\\\/\\\/www.iobevo.com\\\/online\\\/?lang=fr\",\"url\":\"https:\\\/\\\/www.iobevo.com\\\/online\\\/?lang=fr\",\"name\":\"Accueil - io bevo\u00ae\",\"isPartOf\":{\"@id\":\"https:\\\/\\\/www.iobevo.com\\\/online\\\/#website\"},\"primaryImageOfPage\":{\"@id\":\"https:\\\/\\\/www.iobevo.com\\\/online\\\/?lang=fr#primaryimage\"},\"image\":{\"@id\":\"https:\\\/\\\/www.iobevo.com\\\/online\\\/?lang=fr#primaryimage\"},\"thumbnailUrl\":\"https:\\\/\\\/www.iobevo.com\\\/online\\\/wp-content\\\/uploads\\\/2014\\\/02\\\/premio_impresa_ambiente.jpg\",\"datePublished\":\"2014-07-07T15:01:25+00:00\",\"dateModified\":\"2022-07-12T13:08:22+00:00\",\"inLanguage\":\"it-IT\",\"potentialAction\":[{\"@type\":\"ReadAction\",\"target\":[\"https:\\\/\\\/www.iobevo.com\\\/online\\\/?lang=fr\"]}]},{\"@type\":\"ImageObject\",\"inLanguage\":\"it-IT\",\"@id\":\"https:\\\/\\\/www.iobevo.com\\\/online\\\/?lang=fr#primaryimage\",\"url\":\"https:\\\/\\\/www.iobevo.com\\\/online\\\/wp-content\\\/uploads\\\/2014\\\/02\\\/premio_impresa_ambiente.jpg\",\"contentUrl\":\"https:\\\/\\\/www.iobevo.com\\\/online\\\/wp-content\\\/uploads\\\/2014\\\/02\\\/premio_impresa_ambiente.jpg\",\"width\":150,\"height\":101},{\"@type\":\"WebSite\",\"@id\":\"https:\\\/\\\/www.iobevo.com\\\/online\\\/#website\",\"url\":\"https:\\\/\\\/www.iobevo.com\\\/online\\\/\",\"name\":\"io bevo\u00ae\",\"description\":\"Drink Plastic free\",\"publisher\":{\"@id\":\"https:\\\/\\\/www.iobevo.com\\\/online\\\/#organization\"},\"potentialAction\":[{\"@type\":\"SearchAction\",\"target\":{\"@type\":\"EntryPoint\",\"urlTemplate\":\"https:\\\/\\\/www.iobevo.com\\\/online\\\/?s={search_term_string}\"},\"query-input\":{\"@type\":\"PropertyValueSpecification\",\"valueRequired\":true,\"valueName\":\"search_term_string\"}}],\"inLanguage\":\"it-IT\"},{\"@type\":\"Organization\",\"@id\":\"https:\\\/\\\/www.iobevo.com\\\/online\\\/#organization\",\"name\":\"General Beverage\",\"url\":\"https:\\\/\\\/www.iobevo.com\\\/online\\\/\",\"logo\":{\"@type\":\"ImageObject\",\"inLanguage\":\"it-IT\",\"@id\":\"https:\\\/\\\/www.iobevo.com\\\/online\\\/#\\\/schema\\\/logo\\\/image\\\/\",\"url\":\"https:\\\/\\\/www.iobevo.com\\\/online\\\/wp-content\\\/uploads\\\/2014\\\/01\\\/logo_gb_horizontal_grey_160x47.png\",\"contentUrl\":\"https:\\\/\\\/www.iobevo.com\\\/online\\\/wp-content\\\/uploads\\\/2014\\\/01\\\/logo_gb_horizontal_grey_160x47.png\",\"width\":160,\"height\":47,\"caption\":\"General Beverage\"},\"image\":{\"@id\":\"https:\\\/\\\/www.iobevo.com\\\/online\\\/#\\\/schema\\\/logo\\\/image\\\/\"},\"sameAs\":[\"https:\\\/\\\/x.com\\\/IoBevo\"]}]}<\/script>\n<!-- \/ Yoast SEO plugin. -->","yoast_head_json":{"title":"Accueil - io bevo\u00ae","robots":{"index":"index","follow":"follow","max-snippet":"max-snippet:-1","max-image-preview":"max-image-preview:large","max-video-preview":"max-video-preview:-1"},"canonical":"https:\/\/www.iobevo.com\/online\/?lang=fr","og_locale":"it_IT","og_type":"article","og_title":"Accueil - io bevo\u00ae","og_description":"General Beverage est un fournisseur de solutions sp\u00e9cifiques pour les aliments et les boissons: pour chaque secteur du march\u00e9 et pour chaque exigence sp\u00e9cifique, il \u00e9labore des solutions et des projets personnalis\u00e9s pour la distribution d\u2019aliments et de boissons par des syst\u00e8mes automatis\u00e9s, dans le but de r\u00e9duire les co\u00fbts, [&hellip;]","og_url":"https:\/\/www.iobevo.com\/online\/?lang=fr","og_site_name":"io bevo\u00ae","article_modified_time":"2022-07-12T13:08:22+00:00","og_image":[{"url":"https:\/\/www.iobevo.com\/online\/wp-content\/uploads\/2014\/02\/premio_impresa_ambiente.jpg","type":"","width":"","height":""}],"twitter_card":"summary_large_image","twitter_site":"@IoBevo","twitter_misc":{"Tempo di lettura stimato":"4 minuti"},"schema":{"@context":"https:\/\/schema.org","@graph":[{"@type":"WebPage","@id":"https:\/\/www.iobevo.com\/online\/?lang=fr","url":"https:\/\/www.iobevo.com\/online\/?lang=fr","name":"Accueil - io bevo\u00ae","isPartOf":{"@id":"https:\/\/www.iobevo.com\/online\/#website"},"primaryImageOfPage":{"@id":"https:\/\/www.iobevo.com\/online\/?lang=fr#primaryimage"},"image":{"@id":"https:\/\/www.iobevo.com\/online\/?lang=fr#primaryimage"},"thumbnailUrl":"https:\/\/www.iobevo.com\/online\/wp-content\/uploads\/2014\/02\/premio_impresa_ambiente.jpg","datePublished":"2014-07-07T15:01:25+00:00","dateModified":"2022-07-12T13:08:22+00:00","inLanguage":"it-IT","potentialAction":[{"@type":"ReadAction","target":["https:\/\/www.iobevo.com\/online\/?lang=fr"]}]},{"@type":"ImageObject","inLanguage":"it-IT","@id":"https:\/\/www.iobevo.com\/online\/?lang=fr#primaryimage","url":"https:\/\/www.iobevo.com\/online\/wp-content\/uploads\/2014\/02\/premio_impresa_ambiente.jpg","contentUrl":"https:\/\/www.iobevo.com\/online\/wp-content\/uploads\/2014\/02\/premio_impresa_ambiente.jpg","width":150,"height":101},{"@type":"WebSite","@id":"https:\/\/www.iobevo.com\/online\/#website","url":"https:\/\/www.iobevo.com\/online\/","name":"io bevo\u00ae","description":"Drink Plastic free","publisher":{"@id":"https:\/\/www.iobevo.com\/online\/#organization"},"potentialAction":[{"@type":"SearchAction","target":{"@type":"EntryPoint","urlTemplate":"https:\/\/www.iobevo.com\/online\/?s={search_term_string}"},"query-input":{"@type":"PropertyValueSpecification","valueRequired":true,"valueName":"search_term_string"}}],"inLanguage":"it-IT"},{"@type":"Organization","@id":"https:\/\/www.iobevo.com\/online\/#organization","name":"General Beverage","url":"https:\/\/www.iobevo.com\/online\/","logo":{"@type":"ImageObject","inLanguage":"it-IT","@id":"https:\/\/www.iobevo.com\/online\/#\/schema\/logo\/image\/","url":"https:\/\/www.iobevo.com\/online\/wp-content\/uploads\/2014\/01\/logo_gb_horizontal_grey_160x47.png","contentUrl":"https:\/\/www.iobevo.com\/online\/wp-content\/uploads\/2014\/01\/logo_gb_horizontal_grey_160x47.png","width":160,"height":47,"caption":"General Beverage"},"image":{"@id":"https:\/\/www.iobevo.com\/online\/#\/schema\/logo\/image\/"},"sameAs":["https:\/\/x.com\/IoBevo"]}]}},"_links":{"self":[{"href":"https:\/\/www.iobevo.com\/online\/wp-json\/wp\/v2\/pages\/6087","targetHints":{"allow":["GET"]}}],"collection":[{"href":"https:\/\/www.iobevo.com\/online\/wp-json\/wp\/v2\/pages"}],"about":[{"href":"https:\/\/www.iobevo.com\/online\/wp-json\/wp\/v2\/types\/page"}],"author":[{"embeddable":true,"href":"https:\/\/www.iobevo.com\/online\/wp-json\/wp\/v2\/users\/58"}],"replies":[{"embeddable":true,"href":"https:\/\/www.iobevo.com\/online\/wp-json\/wp\/v2\/comments?post=6087"}],"version-history":[{"count":1,"href":"https:\/\/www.iobevo.com\/online\/wp-json\/wp\/v2\/pages\/6087\/revisions"}],"predecessor-version":[{"id":19787,"href":"https:\/\/www.iobevo.com\/online\/wp-json\/wp\/v2\/pages\/6087\/revisions\/19787"}],"wp:attachment":[{"href":"https:\/\/www.iobevo.com\/online\/wp-json\/wp\/v2\/media?parent=6087"}],"curies":[{"name":"wp","href":"https:\/\/api.w.org\/{rel}","templated":true}]}}