{"id":6116,"date":"2014-07-07T15:26:25","date_gmt":"2014-07-07T15:26:25","guid":{"rendered":"http:\/\/www.iobevo.com\/online\/?page_id=6116"},"modified":"2017-07-31T12:00:39","modified_gmt":"2017-07-31T10:00:39","slug":"io-breakfast","status":"publish","type":"page","link":"https:\/\/www.iobevo.com\/online\/services\/io-breakfast\/?lang=fr","title":{"rendered":"io breakfast\u00ae"},"content":{"rendered":"<div class=\"three_fourth\">Le service\u00a0<span class=\"mark1\">io<\/span> <span class=\"mark2\">breakfast<\/span><span class=\"mark3\">\u00ae<\/span>\u00a0est destin\u00e9 \u00e0 la <strong>restauration<\/strong> pour le <a title=\"Villages touristiques\" href=\"http:\/\/iobevo.com\/online\/?page_id=6262\">secteur touristique<\/a>, en diversifiant les propositions, les formats et les produits en fonction de la cible et de la typologie d\u2019accueil. Il s&#8217;agit d&#8217;une solution globale qui peut \u00eatre mise en \u0153uvre totalement ou partiellement selon les contextes, avec la possibilit\u00e9 de fournir: <a title=\"Boissons io buono\" href=\"http:\/\/iobevo.com\/online\/?page_id=6209\">boissons chaudes pour le petit d\u00e9jeuner<\/a>, <a title=\"Concentr\u00e9s pour jus de fruits io fresco\" href=\"http:\/\/iobevo.com\/online\/?page_id=6219\">jus de fruits<\/a>, caf\u00e9 expresso, caf\u00e9 am\u00e9ricain, eau micro filtr\u00e9e, boissons gazeuses, boissons pour un petit d\u00e9jeuner \u00e9quitable et solidaire,\u00a0<span class=\"mark2\">Bimbo Drink<\/span><span class=\"mark3\">\u00ae<\/span> pour les petits enfants, confitures ou miel, yahourt et cr\u00e8me de yahourt.<\/p>\n<p>Chaque service implique <a title=\"Distributeurs\" href=\"http:\/\/www.iobevo.com\/online\/fr\/distributeurs\/\">l&#8217;installation de distributeurs \u00e0 titre de pr\u00eat gratuit<\/a>, y compris la maintenance, l&#8217;approvisionnement en pr\u00e9parations et l\u2019\u00e9ventuelle personnalisation de la communication.<\/p>\n<p>La proposition finale <strong>cl\u00e9 en main<\/strong> est <strong>personnalis\u00e9e et diversifi\u00e9e<\/strong> en fonction de vos besoins: rapidit\u00e9 dans la distribution, solution self-service ou avec un op\u00e9rateur, disponibilit\u00e9 de caf\u00e9 expresso, boissons all inclusive, solution globale pour petit d\u00e9jeuner, repas et bar.<\/p>\n<div style=\"padding-top: 15px;\"><span class=\"responsive\"><\/div>\n<p><img fetchpriority=\"high\" decoding=\"async\" class=\"border_radius aligncenter wp-image-2510 size-full\" src=\"http:\/\/www.iobevo.com\/online\/wp-content\/uploads\/2013\/01\/portfolio_io_breakfast.jpg\" alt=\"io breakfast\" width=\"600\" height=\"400\" srcset=\"https:\/\/www.iobevo.com\/online\/wp-content\/uploads\/2013\/01\/portfolio_io_breakfast.jpg 600w, https:\/\/www.iobevo.com\/online\/wp-content\/uploads\/2013\/01\/portfolio_io_breakfast-300x200.jpg 300w\" sizes=\"(max-width: 600px) 100vw, 600px\" \/><\/span>\n<\/div>\n<div class=\"one_fourth last\">\n<div class=\"sidebar-on-right\">\n<div id=\"sidebar\" class=\"four columns\">\n<div id=\"pagelistwidget-51\" class=\"widget smk_sidebar_24dek widget_pagelistwidget\">\n<h3 class=\"title\"><span class=\"1\">Secteurs du march\u00e9<\/span><\/h3>\n<ul style=\"margin-bottom: 20px;\">\n<li><a title=\"H\u00f4tels\" href=\"http:\/\/iobevo.com\/online\/?page_id=6258\">H\u00f4tels<\/a><\/li>\n<li><a title=\"Villages touristiques\" href=\"http:\/\/iobevo.com\/online\/?page_id=6262\">Villages touristiques<\/a><\/li>\n<li><a title=\"Restauration navale\" href=\"http:\/\/iobevo.com\/online\/?page_id=6239\">Restauration navale<\/a><\/li>\n<\/ul>\n<\/div>\n<div id=\"pagelistwidget-51\" class=\"widget smk_sidebar_24dek widget_pagelistwidget\">\n<h3 class=\"title\"><span class=\"1\">Produits<\/span><\/h3>\n<ul style=\"margin-bottom: 20px;\">\n<li><a title=\"Boissons io buono\" href=\"http:\/\/iobevo.com\/online\/?page_id=6209\">Boissons io buono\u00ae<\/a><\/li>\n<li><a title=\"Jus de fruits io fresco\u00ae\" href=\"http:\/\/iobevo.com\/online\/?page_id=6219\">Jus de fruits io fresco\u00ae<\/a><\/li>\n<li><a title=\"Boissons Fairtrade\u00ae\" href=\"http:\/\/iobevo.com\/online\/?page_id=6214\">Boissons Fairtrade\u00ae<\/a><\/li>\n<li><a title=\"io espresso\" href=\"http:\/\/iobevo.com\/online\/?page_id=6228\">io espresso<\/a><\/li>\n<\/ul>\n<\/div>\n<div id=\"pagelistwidget-51\" class=\"widget smk_sidebar_24dek widget_pagelistwidget\">\n<h3 class=\"title\"><span class=\"1\">Distributeurs<\/span><\/h3>\n<ul style=\"margin-bottom: 20px;\">\n<li><a title=\"New fruttamix\" href=\"http:\/\/iobevo.com\/online\/?page_id=6304\">New Fruttamix<\/a><\/li>\n<li><a title=\"Mediterraneo\" href=\"http:\/\/iobevo.com\/online\/?page_id=6288\">Mediterraneo<\/a><\/li>\n<li><a title=\"Big5 catering io Buono\" href=\"http:\/\/iobevo.com\/online\/?page_id=6316\">Big5 Catering io buono\u00ae<\/a><\/li>\n<li><a title=\"Korinto io espresso\" href=\"http:\/\/iobevo.com\/online\/?page_id=6297\">Korinto<\/a><\/li>\n<li><a title=\"Krea io espresso\" href=\"http:\/\/iobevo.com\/online\/?page_id=6322\">Krea<\/a><\/li>\n<li><a title=\"Korinto Fresh Brew\" href=\"http:\/\/iobevo.com\/online\/?page_id=6277\">Korinto Fresh Brew<\/a><\/li>\n<\/ul>\n<\/div>\n<\/div>\n<\/div>\n<\/div>\n<div class=\"clear\"><\/div>\n<div class=\"hr hr3\" style='margin:20px 0px 20px 0px !important;'><\/div>\n<div class=\"one_fourth\"><span class=\"mark1\">io<\/span> <span class=\"mark2\">buono<\/span><span class=\"mark3\">\u00ae<\/span><\/p>\n<div id=\"attachment_3219\" style=\"width: 203px\" class=\"wp-caption alignnone\"><a href=\"http:\/\/iobevo.com\/online\/?page_id=6134\"><img decoding=\"async\" aria-describedby=\"caption-attachment-3219\" class=\"alignnone\" src=\"http:\/\/iobevo.com\/online\/wp-content\/uploads\/2014\/04\/solubili-per-bevande-bar-150x150.jpg\" alt=\"solubili-per-bevande-iobuono-bar\" width=\"193\" height=\"180\" \/><\/a><p id=\"caption-attachment-3219\" class=\"wp-caption-text\">Boissons chaudes pour le petit d\u00e9jeuner<\/p><\/div>\n<\/div>\n<div class=\"one_fourth\"><span class=\"mark1\">io<\/span> <span class=\"mark2\">espresso<\/span><\/p>\n<div id=\"attachment_4166\" style=\"width: 190px\" class=\"wp-caption alignnone\"><a href=\"http:\/\/iobevo.com\/online\/?page_id=6131\"><img decoding=\"async\" aria-describedby=\"caption-attachment-4166\" class=\"alignnone\" src=\"http:\/\/iobevo.com\/online\/wp-content\/uploads\/2014\/01\/FOTO-21B-180x180.jpg\" alt=\"io espresso, caffe espresso\" width=\"180\" height=\"180\" \/><\/a><p id=\"caption-attachment-4166\" class=\"wp-caption-text\">Caf\u00e9 expresso<\/p><\/div>\n<\/div>\n<div class=\"one_fourth\"><span class=\"mark2\">fresh brew<\/span><\/p>\n<div id=\"attachment_4168\" style=\"width: 190px\" class=\"wp-caption alignnone\"><a href=\"http:\/\/iobevo.com\/online\/?page_id=6128\"><img loading=\"lazy\" decoding=\"async\" aria-describedby=\"caption-attachment-4168\" class=\"alignnone\" src=\"http:\/\/iobevo.com\/online\/wp-content\/uploads\/2014\/01\/FOTO-21C-180x180.jpg\" alt=\"fresh brew\" width=\"180\" height=\"180\" \/><\/a><p id=\"caption-attachment-4168\" class=\"wp-caption-text\">Le vrai caf\u00e9 am\u00e9ricain<\/p><\/div>\n<\/div>\n<div class=\"one_fourth last\"><span class=\"mark1\">io<\/span> <span class=\"mark2\">fresco<\/span><span class=\"mark3\">\u00ae<\/span><\/p>\n<div id=\"attachment_4175\" style=\"width: 190px\" class=\"wp-caption alignnone\"><a href=\"http:\/\/iobevo.com\/online\/?page_id=6125\"><img loading=\"lazy\" decoding=\"async\" aria-describedby=\"caption-attachment-4175\" class=\"alignnone\" src=\"http:\/\/iobevo.com\/online\/wp-content\/uploads\/2014\/01\/FOTO-21D-180x180.jpg\" alt=\"succhi di frutta\" width=\"180\" height=\"180\" \/><\/a><p id=\"caption-attachment-4175\" class=\"wp-caption-text\">Jus de fruits<\/p><\/div>\n<\/div>\n<div class=\"clear\"><\/div>\n<div class=\"one_fourth\"><span class=\"mark1\">io<\/span> <span class=\"mark2\">pura<\/span><span class=\"mark3\">\u00ae<\/span><\/p>\n<div id=\"attachment_4178\" style=\"width: 190px\" class=\"wp-caption alignnone\"><a href=\"http:\/\/iobevo.com\/online\/?page_id=6177\"><img loading=\"lazy\" decoding=\"async\" aria-describedby=\"caption-attachment-4178\" class=\"alignnone\" src=\"http:\/\/iobevo.com\/online\/wp-content\/uploads\/2014\/01\/FOTO-21E-180x180.jpg\" alt=\"io pura acqua microfiltrata\" width=\"180\" height=\"180\" \/><\/a><p id=\"caption-attachment-4178\" class=\"wp-caption-text\">Eau microfiltr\u00e9e<\/p><\/div>\n<\/div>\n<div class=\"one_fourth\"><span class=\"mark1\">io<\/span> <span class=\"mark2\">bevo<\/span><span class=\"mark3\">\u00ae<\/span><\/p>\n<div id=\"attachment_4180\" style=\"width: 190px\" class=\"wp-caption alignnone\"><a href=\"http:\/\/iobevo.com\/online\/?page_id=6120\"><img loading=\"lazy\" decoding=\"async\" aria-describedby=\"caption-attachment-4180\" class=\"alignnone\" src=\"http:\/\/iobevo.com\/online\/wp-content\/uploads\/2014\/01\/FOTO-21F-180x180.jpg\" alt=\"Bevande analcoliche\" width=\"180\" height=\"180\" \/><\/a><p id=\"caption-attachment-4180\" class=\"wp-caption-text\">Boissons gazeuses<\/p><\/div>\n<\/div>\n<div class=\"one_fourth\"><span class=\"mark1\">io<\/span>\u00a0<span class=\"mark2\">equo<\/span><\/p>\n<div id=\"attachment_4182\" style=\"width: 190px\" class=\"wp-caption alignnone\"><a href=\"http:\/\/iobevo.com\/online\/?page_id=6122\"><img loading=\"lazy\" decoding=\"async\" aria-describedby=\"caption-attachment-4182\" class=\"alignnone\" src=\"http:\/\/iobevo.com\/online\/wp-content\/uploads\/2014\/01\/FOTO-87-logo_Fairtrade_R_bianco-copia-180x180.jpg\" alt=\"La colazione equo e solidale Fairtrade\" width=\"180\" height=\"180\" \/><\/a><p id=\"caption-attachment-4182\" class=\"wp-caption-text\">Le petit d\u00e9jeuner \u00e9quitable et solidaire<\/p><\/div>\n<\/div>\n<div class=\"one_fourth last\"><span class=\"mark2\">Tisana<\/span><\/p>\n<div id=\"attachment_4184\" style=\"width: 190px\" class=\"wp-caption alignnone\"><a href=\"http:\/\/iobevo.com\/online\/?page_id=6118\"><img loading=\"lazy\" decoding=\"async\" aria-describedby=\"caption-attachment-4184\" class=\"alignnone\" src=\"http:\/\/iobevo.com\/online\/wp-content\/uploads\/2014\/01\/Fotolia_36464772_S-180x180.jpg\" alt=\"Tisane naturali\" width=\"180\" height=\"180\" \/><\/a><p id=\"caption-attachment-4184\" class=\"wp-caption-text\">Tisanes naturelles<\/p><\/div>\n<\/div>\n<div class=\"clear\"><\/div>\n","protected":false},"excerpt":{"rendered":"<p>Le service\u00a0io breakfast\u00ae\u00a0est destin\u00e9 \u00e0 la restauration pour le secteur touristique, en diversifiant les propositions, les formats et les produits en fonction de la cible et de la typologie d\u2019accueil. Il s&#8217;agit d&#8217;une solution globale qui peut \u00eatre mise en \u0153uvre totalement ou partiellement selon les contextes, avec la possibilit\u00e9 [&hellip;]<\/p>\n","protected":false},"author":58,"featured_media":2831,"parent":6112,"menu_order":2,"comment_status":"open","ping_status":"closed","template":"page-fullwidth.php","meta":{"footnotes":""},"class_list":["post-6116","page","type-page","status-publish","has-post-thumbnail","hentry"],"yoast_head":"<!-- This site is optimized with the Yoast SEO plugin v27.4 - https:\/\/yoast.com\/product\/yoast-seo-wordpress\/ -->\n<title>io breakfast\u00ae - io bevo\u00ae<\/title>\n<meta name=\"robots\" content=\"index, follow, max-snippet:-1, max-image-preview:large, max-video-preview:-1\" \/>\n<link rel=\"canonical\" href=\"https:\/\/www.iobevo.com\/online\/services\/io-breakfast\/?lang=fr\" \/>\n<meta property=\"og:locale\" content=\"it_IT\" \/>\n<meta property=\"og:type\" content=\"article\" \/>\n<meta property=\"og:title\" content=\"io breakfast\u00ae - io bevo\u00ae\" \/>\n<meta property=\"og:description\" content=\"Le service\u00a0io breakfast\u00ae\u00a0est destin\u00e9 \u00e0 la restauration pour le secteur touristique, en diversifiant les propositions, les formats et les produits en fonction de la cible et de la typologie d\u2019accueil. Il s&#8217;agit d&#8217;une solution globale qui peut \u00eatre mise en \u0153uvre totalement ou partiellement selon les contextes, avec la possibilit\u00e9 [&hellip;]\" \/>\n<meta property=\"og:url\" content=\"https:\/\/www.iobevo.com\/online\/services\/io-breakfast\/?lang=fr\" \/>\n<meta property=\"og:site_name\" content=\"io bevo\u00ae\" \/>\n<meta property=\"article:modified_time\" content=\"2017-07-31T10:00:39+00:00\" \/>\n<meta property=\"og:image\" content=\"https:\/\/www.iobevo.com\/online\/wp-content\/uploads\/2014\/01\/slide-2-bg-e1400667726929.png\" \/>\n\t<meta property=\"og:image:width\" content=\"1512\" \/>\n\t<meta property=\"og:image:height\" content=\"400\" \/>\n\t<meta property=\"og:image:type\" content=\"image\/png\" \/>\n<meta name=\"twitter:card\" content=\"summary_large_image\" \/>\n<meta name=\"twitter:site\" content=\"@IoBevo\" \/>\n<meta name=\"twitter:label1\" content=\"Tempo di lettura stimato\" \/>\n\t<meta name=\"twitter:data1\" content=\"2 minuti\" \/>\n<script type=\"application\/ld+json\" class=\"yoast-schema-graph\">{\"@context\":\"https:\\\/\\\/schema.org\",\"@graph\":[{\"@type\":\"WebPage\",\"@id\":\"https:\\\/\\\/www.iobevo.com\\\/online\\\/services\\\/io-breakfast\\\/?lang=fr\",\"url\":\"https:\\\/\\\/www.iobevo.com\\\/online\\\/services\\\/io-breakfast\\\/?lang=fr\",\"name\":\"io breakfast\u00ae - io bevo\u00ae\",\"isPartOf\":{\"@id\":\"https:\\\/\\\/www.iobevo.com\\\/online\\\/#website\"},\"primaryImageOfPage\":{\"@id\":\"https:\\\/\\\/www.iobevo.com\\\/online\\\/services\\\/io-breakfast\\\/?lang=fr#primaryimage\"},\"image\":{\"@id\":\"https:\\\/\\\/www.iobevo.com\\\/online\\\/services\\\/io-breakfast\\\/?lang=fr#primaryimage\"},\"thumbnailUrl\":\"https:\\\/\\\/www.iobevo.com\\\/online\\\/wp-content\\\/uploads\\\/2014\\\/01\\\/slide-2-bg-e1400667726929.png\",\"datePublished\":\"2014-07-07T15:26:25+00:00\",\"dateModified\":\"2017-07-31T10:00:39+00:00\",\"breadcrumb\":{\"@id\":\"https:\\\/\\\/www.iobevo.com\\\/online\\\/services\\\/io-breakfast\\\/?lang=fr#breadcrumb\"},\"inLanguage\":\"it-IT\",\"potentialAction\":[{\"@type\":\"ReadAction\",\"target\":[\"https:\\\/\\\/www.iobevo.com\\\/online\\\/services\\\/io-breakfast\\\/?lang=fr\"]}]},{\"@type\":\"ImageObject\",\"inLanguage\":\"it-IT\",\"@id\":\"https:\\\/\\\/www.iobevo.com\\\/online\\\/services\\\/io-breakfast\\\/?lang=fr#primaryimage\",\"url\":\"https:\\\/\\\/www.iobevo.com\\\/online\\\/wp-content\\\/uploads\\\/2014\\\/01\\\/slide-2-bg-e1400667726929.png\",\"contentUrl\":\"https:\\\/\\\/www.iobevo.com\\\/online\\\/wp-content\\\/uploads\\\/2014\\\/01\\\/slide-2-bg-e1400667726929.png\",\"width\":1512,\"height\":400},{\"@type\":\"BreadcrumbList\",\"@id\":\"https:\\\/\\\/www.iobevo.com\\\/online\\\/services\\\/io-breakfast\\\/?lang=fr#breadcrumb\",\"itemListElement\":[{\"@type\":\"ListItem\",\"position\":1,\"name\":\"Services\",\"item\":\"https:\\\/\\\/www.iobevo.com\\\/online\\\/services\\\/?lang=fr\"},{\"@type\":\"ListItem\",\"position\":2,\"name\":\"io breakfast\u00ae\"}]},{\"@type\":\"WebSite\",\"@id\":\"https:\\\/\\\/www.iobevo.com\\\/online\\\/#website\",\"url\":\"https:\\\/\\\/www.iobevo.com\\\/online\\\/\",\"name\":\"io bevo\u00ae\",\"description\":\"Drink Plastic free\",\"publisher\":{\"@id\":\"https:\\\/\\\/www.iobevo.com\\\/online\\\/#organization\"},\"potentialAction\":[{\"@type\":\"SearchAction\",\"target\":{\"@type\":\"EntryPoint\",\"urlTemplate\":\"https:\\\/\\\/www.iobevo.com\\\/online\\\/?s={search_term_string}\"},\"query-input\":{\"@type\":\"PropertyValueSpecification\",\"valueRequired\":true,\"valueName\":\"search_term_string\"}}],\"inLanguage\":\"it-IT\"},{\"@type\":\"Organization\",\"@id\":\"https:\\\/\\\/www.iobevo.com\\\/online\\\/#organization\",\"name\":\"General Beverage\",\"url\":\"https:\\\/\\\/www.iobevo.com\\\/online\\\/\",\"logo\":{\"@type\":\"ImageObject\",\"inLanguage\":\"it-IT\",\"@id\":\"https:\\\/\\\/www.iobevo.com\\\/online\\\/#\\\/schema\\\/logo\\\/image\\\/\",\"url\":\"https:\\\/\\\/www.iobevo.com\\\/online\\\/wp-content\\\/uploads\\\/2014\\\/01\\\/logo_gb_horizontal_grey_160x47.png\",\"contentUrl\":\"https:\\\/\\\/www.iobevo.com\\\/online\\\/wp-content\\\/uploads\\\/2014\\\/01\\\/logo_gb_horizontal_grey_160x47.png\",\"width\":160,\"height\":47,\"caption\":\"General Beverage\"},\"image\":{\"@id\":\"https:\\\/\\\/www.iobevo.com\\\/online\\\/#\\\/schema\\\/logo\\\/image\\\/\"},\"sameAs\":[\"https:\\\/\\\/x.com\\\/IoBevo\"]}]}<\/script>\n<!-- \/ Yoast SEO plugin. -->","yoast_head_json":{"title":"io breakfast\u00ae - io bevo\u00ae","robots":{"index":"index","follow":"follow","max-snippet":"max-snippet:-1","max-image-preview":"max-image-preview:large","max-video-preview":"max-video-preview:-1"},"canonical":"https:\/\/www.iobevo.com\/online\/services\/io-breakfast\/?lang=fr","og_locale":"it_IT","og_type":"article","og_title":"io breakfast\u00ae - io bevo\u00ae","og_description":"Le service\u00a0io breakfast\u00ae\u00a0est destin\u00e9 \u00e0 la restauration pour le secteur touristique, en diversifiant les propositions, les formats et les produits en fonction de la cible et de la typologie d\u2019accueil. Il s&#8217;agit d&#8217;une solution globale qui peut \u00eatre mise en \u0153uvre totalement ou partiellement selon les contextes, avec la possibilit\u00e9 [&hellip;]","og_url":"https:\/\/www.iobevo.com\/online\/services\/io-breakfast\/?lang=fr","og_site_name":"io bevo\u00ae","article_modified_time":"2017-07-31T10:00:39+00:00","og_image":[{"width":1512,"height":400,"url":"https:\/\/www.iobevo.com\/online\/wp-content\/uploads\/2014\/01\/slide-2-bg-e1400667726929.png","type":"image\/png"}],"twitter_card":"summary_large_image","twitter_site":"@IoBevo","twitter_misc":{"Tempo di lettura stimato":"2 minuti"},"schema":{"@context":"https:\/\/schema.org","@graph":[{"@type":"WebPage","@id":"https:\/\/www.iobevo.com\/online\/services\/io-breakfast\/?lang=fr","url":"https:\/\/www.iobevo.com\/online\/services\/io-breakfast\/?lang=fr","name":"io breakfast\u00ae - io bevo\u00ae","isPartOf":{"@id":"https:\/\/www.iobevo.com\/online\/#website"},"primaryImageOfPage":{"@id":"https:\/\/www.iobevo.com\/online\/services\/io-breakfast\/?lang=fr#primaryimage"},"image":{"@id":"https:\/\/www.iobevo.com\/online\/services\/io-breakfast\/?lang=fr#primaryimage"},"thumbnailUrl":"https:\/\/www.iobevo.com\/online\/wp-content\/uploads\/2014\/01\/slide-2-bg-e1400667726929.png","datePublished":"2014-07-07T15:26:25+00:00","dateModified":"2017-07-31T10:00:39+00:00","breadcrumb":{"@id":"https:\/\/www.iobevo.com\/online\/services\/io-breakfast\/?lang=fr#breadcrumb"},"inLanguage":"it-IT","potentialAction":[{"@type":"ReadAction","target":["https:\/\/www.iobevo.com\/online\/services\/io-breakfast\/?lang=fr"]}]},{"@type":"ImageObject","inLanguage":"it-IT","@id":"https:\/\/www.iobevo.com\/online\/services\/io-breakfast\/?lang=fr#primaryimage","url":"https:\/\/www.iobevo.com\/online\/wp-content\/uploads\/2014\/01\/slide-2-bg-e1400667726929.png","contentUrl":"https:\/\/www.iobevo.com\/online\/wp-content\/uploads\/2014\/01\/slide-2-bg-e1400667726929.png","width":1512,"height":400},{"@type":"BreadcrumbList","@id":"https:\/\/www.iobevo.com\/online\/services\/io-breakfast\/?lang=fr#breadcrumb","itemListElement":[{"@type":"ListItem","position":1,"name":"Services","item":"https:\/\/www.iobevo.com\/online\/services\/?lang=fr"},{"@type":"ListItem","position":2,"name":"io breakfast\u00ae"}]},{"@type":"WebSite","@id":"https:\/\/www.iobevo.com\/online\/#website","url":"https:\/\/www.iobevo.com\/online\/","name":"io bevo\u00ae","description":"Drink Plastic free","publisher":{"@id":"https:\/\/www.iobevo.com\/online\/#organization"},"potentialAction":[{"@type":"SearchAction","target":{"@type":"EntryPoint","urlTemplate":"https:\/\/www.iobevo.com\/online\/?s={search_term_string}"},"query-input":{"@type":"PropertyValueSpecification","valueRequired":true,"valueName":"search_term_string"}}],"inLanguage":"it-IT"},{"@type":"Organization","@id":"https:\/\/www.iobevo.com\/online\/#organization","name":"General Beverage","url":"https:\/\/www.iobevo.com\/online\/","logo":{"@type":"ImageObject","inLanguage":"it-IT","@id":"https:\/\/www.iobevo.com\/online\/#\/schema\/logo\/image\/","url":"https:\/\/www.iobevo.com\/online\/wp-content\/uploads\/2014\/01\/logo_gb_horizontal_grey_160x47.png","contentUrl":"https:\/\/www.iobevo.com\/online\/wp-content\/uploads\/2014\/01\/logo_gb_horizontal_grey_160x47.png","width":160,"height":47,"caption":"General Beverage"},"image":{"@id":"https:\/\/www.iobevo.com\/online\/#\/schema\/logo\/image\/"},"sameAs":["https:\/\/x.com\/IoBevo"]}]}},"_links":{"self":[{"href":"https:\/\/www.iobevo.com\/online\/wp-json\/wp\/v2\/pages\/6116","targetHints":{"allow":["GET"]}}],"collection":[{"href":"https:\/\/www.iobevo.com\/online\/wp-json\/wp\/v2\/pages"}],"about":[{"href":"https:\/\/www.iobevo.com\/online\/wp-json\/wp\/v2\/types\/page"}],"author":[{"embeddable":true,"href":"https:\/\/www.iobevo.com\/online\/wp-json\/wp\/v2\/users\/58"}],"replies":[{"embeddable":true,"href":"https:\/\/www.iobevo.com\/online\/wp-json\/wp\/v2\/comments?post=6116"}],"version-history":[{"count":0,"href":"https:\/\/www.iobevo.com\/online\/wp-json\/wp\/v2\/pages\/6116\/revisions"}],"up":[{"embeddable":true,"href":"https:\/\/www.iobevo.com\/online\/wp-json\/wp\/v2\/pages\/6112"}],"wp:featuredmedia":[{"embeddable":true,"href":"https:\/\/www.iobevo.com\/online\/wp-json\/wp\/v2\/media\/2831"}],"wp:attachment":[{"href":"https:\/\/www.iobevo.com\/online\/wp-json\/wp\/v2\/media?parent=6116"}],"curies":[{"name":"wp","href":"https:\/\/api.w.org\/{rel}","templated":true}]}}