{"id":6141,"date":"2014-07-07T15:45:40","date_gmt":"2014-07-07T15:45:40","guid":{"rendered":"http:\/\/www.iobevo.com\/online\/?page_id=6141"},"modified":"2017-07-24T15:44:23","modified_gmt":"2017-07-24T13:44:23","slug":"freebeverage","status":"publish","type":"page","link":"https:\/\/www.iobevo.com\/online\/services\/freebeverage\/?lang=fr","title":{"rendered":"freebeverage\u00ae"},"content":{"rendered":"<p><span class=\"responsive\"><img fetchpriority=\"high\" decoding=\"async\" class=\"alignleft wp-image-2838\" src=\"http:\/\/www.iobevo.com\/online\/wp-content\/uploads\/2014\/01\/freebeverage-300x143.jpg\" alt=\"freebeverage\" width=\"400\" height=\"192\" srcset=\"https:\/\/www.iobevo.com\/online\/wp-content\/uploads\/2014\/01\/freebeverage-300x143.jpg 300w, https:\/\/www.iobevo.com\/online\/wp-content\/uploads\/2014\/01\/freebeverage.jpg 794w\" sizes=\"(max-width: 400px) 100vw, 400px\" \/><\/span>Le service\u00a0<span class=\"mark2\">freebeverage<\/span><span class=\"mark3\">\u00ae<\/span>\u00a0consiste en la distribution self-service d&#8217;eau filtr\u00e9e et de boissons,<strong> libre en quantit\u00e9 et en choix<\/strong>, et contre un <strong>co\u00fbt fixe<\/strong> par repas, par pr\u00e9sence ou par verre.<\/p>\n<p>Le service s\u2019effectue dans les <a title=\"Cantines d\u2019entreprise\" href=\"https:\/\/www.iobevo.com\/online\/?page_id=6252\">cantines<\/a>, <a title=\"Aires commerciales\" href=\"https:\/\/www.iobevo.com\/online\/?page_id=6266\">restaurants<\/a>, snack-bars, <a title=\"Caf\u00e9t\u00e9ria\/self-service\" href=\"https:\/\/www.iobevo.com\/online\/?page_id=6245\">self-services<\/a>\u00a0pour un total de plus de 90 millions de repas par an, contribuant ainsi \u00e0 r\u00e9duire l&#8217;impact environnemental des emballages d\u2019eau et des boissons et de leur transport gr\u00e2ce \u00e0 l&#8217;\u00e9limination des bouteilles et des canettes.<\/p>\n<p>La possibilit\u00e9 d&#8217;offrir \u00e0 ses clients, en contrepartie d\u2019un co\u00fbt fixe contenu, la libre consommation d&#8217;une grande vari\u00e9t\u00e9 de boissons (<a title=\"Boissons io bevo\" href=\"https:\/\/www.iobevo.com\/online\/?page_id=6193\">boissons traditionnelles<\/a>, <a title=\"Concentr\u00e9s pour jus de fruits io fresco\" href=\"https:\/\/www.iobevo.com\/online\/?page_id=6219\">jus de fruits<\/a>, <a title=\"Boissons \u00e9quitables et solidaires\" href=\"https:\/\/www.iobevo.com\/online\/?page_id=6214\">boissons \u00e9quitables et solidaires<\/a>, <a title=\"Boissons BeviSano\" href=\"https:\/\/www.iobevo.com\/online\/?page_id=6226\">boissons de sant\u00e9<\/a>, <a title=\"Boissons Slow Beverage\" href=\"https:\/\/www.iobevo.com\/online\/?page_id=6216\">boissons r\u00e9gionales<\/a>) constitue un moyen pour am\u00e9liorer le service de restauration, tout en r\u00e9duisant en m\u00eame temps les co\u00fbts.<\/p>\n<div class=\"gap\" style=\"height: 20px;\"><\/div>\n<div class=\"one_half\">\n<h5 class=\"title\"><span>freebeverage\u00ae \u00e0 repas<\/span><\/h5>\n<p><span class=\"responsive\"><a href=\"http:\/\/iobevo.com\/online\/?page_id=6163\"><img decoding=\"async\" width=\"320\" height=\"210\" class=\"alignnone wp-image-4188 size-thumbnail\" src=\"http:\/\/iobevo.com\/online\/wp-content\/uploads\/2014\/01\/freebeverage-pasto-320x210.jpg\" alt=\"\" srcset=\"https:\/\/www.iobevo.com\/online\/wp-content\/uploads\/2014\/01\/freebeverage-pasto-320x210.jpg 320w, https:\/\/www.iobevo.com\/online\/wp-content\/uploads\/2014\/01\/freebeverage-pasto-460x300.jpg 460w\" sizes=\"(max-width: 320px) 100vw, 320px\" \/><\/a><\/span><\/div>\n<div class=\"one_half last\">\n<h5 class=\"title\"><span>Format et vari\u00e9t\u00e9 des boissons<\/span><\/h5>\n<p><span class=\"responsive\"><a href=\"http:\/\/iobevo.com\/online\/?page_id=6147\"><img decoding=\"async\" class=\"alignnone wp-image-5030 size-thumbnail\" src=\"http:\/\/www.iobevo.com\/online\/wp-content\/uploads\/2014\/01\/mediterraneo_distributore1-320x210.jpg\" \/><\/a><\/span><\/div>\n<div class=\"clear\"><\/div>\n<div class=\"one_half\">\n<h5 class=\"title\"><span>Avantages et r\u00e9sultats ambientaux <\/span><\/h5>\n<p><span class=\"responsive\"><a href=\"http:\/\/iobevo.com\/online\/?page_id=6145\"><img decoding=\"async\" class=\"alignnone wp-image-4777 size-full\" src=\"http:\/\/iobevo.com\/online\/wp-content\/uploads\/2014\/01\/risultati-ambientali-320x210.jpg\" alt=\"\" \/><\/a><\/span><\/div>\n<div class=\"one_half last\">\n<h5 class=\"title\"><span>Service Freebeverage\u00ae:<br \/>\nverre\/libre consommation<\/span><\/h5>\n<p><span class=\"responsive\"><a href=\"http:\/\/iobevo.com\/online\/?page_id=6143\"><img decoding=\"async\" width=\"320\" height=\"210\" class=\"alignnone wp-image-4197 size-thumbnail\" src=\"http:\/\/www.iobevo.com\/online\/wp-content\/uploads\/2014\/01\/FOTO-17C-13674240-un-bicchiere-di-succo-d-39-arancia-che-si-terra-da-una-giovane-donna-su-uno-sfondo-bianco-e1399731781735-320x210.jpg\" srcset=\"https:\/\/www.iobevo.com\/online\/wp-content\/uploads\/2014\/01\/FOTO-17C-13674240-un-bicchiere-di-succo-d-39-arancia-che-si-terra-da-una-giovane-donna-su-uno-sfondo-bianco-e1399731781735-320x210.jpg 320w, https:\/\/www.iobevo.com\/online\/wp-content\/uploads\/2014\/01\/FOTO-17C-13674240-un-bicchiere-di-succo-d-39-arancia-che-si-terra-da-una-giovane-donna-su-uno-sfondo-bianco-e1399731781735-460x300.jpg 460w\" sizes=\"(max-width: 320px) 100vw, 320px\" \/><\/a><\/span><\/div>\n<div class=\"clear\"><\/div>\n","protected":false},"excerpt":{"rendered":"<p>Le service\u00a0freebeverage\u00ae\u00a0consiste en la distribution self-service d&#8217;eau filtr\u00e9e et de boissons, libre en quantit\u00e9 et en choix, et contre un co\u00fbt fixe par repas, par pr\u00e9sence ou par verre. Le service s\u2019effectue dans les cantines, restaurants, snack-bars, self-services\u00a0pour un total de plus de 90 millions de repas par an, contribuant [&hellip;]<\/p>\n","protected":false},"author":58,"featured_media":2831,"parent":6112,"menu_order":5,"comment_status":"open","ping_status":"closed","template":"","meta":{"footnotes":""},"class_list":["post-6141","page","type-page","status-publish","has-post-thumbnail","hentry"],"yoast_head":"<!-- This site is optimized with the Yoast SEO plugin v27.3 - https:\/\/yoast.com\/product\/yoast-seo-wordpress\/ -->\n<title>freebeverage\u00ae - io bevo\u00ae<\/title>\n<meta name=\"robots\" content=\"index, follow, max-snippet:-1, max-image-preview:large, max-video-preview:-1\" \/>\n<link rel=\"canonical\" href=\"https:\/\/www.iobevo.com\/online\/services\/freebeverage\/?lang=fr\" \/>\n<meta property=\"og:locale\" content=\"it_IT\" \/>\n<meta property=\"og:type\" content=\"article\" \/>\n<meta property=\"og:title\" content=\"freebeverage\u00ae - io bevo\u00ae\" \/>\n<meta property=\"og:description\" content=\"Le service\u00a0freebeverage\u00ae\u00a0consiste en la distribution self-service d&#8217;eau filtr\u00e9e et de boissons, libre en quantit\u00e9 et en choix, et contre un co\u00fbt fixe par repas, par pr\u00e9sence ou par verre. Le service s\u2019effectue dans les cantines, restaurants, snack-bars, self-services\u00a0pour un total de plus de 90 millions de repas par an, contribuant [&hellip;]\" \/>\n<meta property=\"og:url\" content=\"https:\/\/www.iobevo.com\/online\/services\/freebeverage\/?lang=fr\" \/>\n<meta property=\"og:site_name\" content=\"io bevo\u00ae\" \/>\n<meta property=\"article:modified_time\" content=\"2017-07-24T13:44:23+00:00\" \/>\n<meta property=\"og:image\" content=\"https:\/\/www.iobevo.com\/online\/wp-content\/uploads\/2014\/01\/slide-2-bg-e1400667726929.png\" \/>\n\t<meta property=\"og:image:width\" content=\"1512\" \/>\n\t<meta property=\"og:image:height\" content=\"400\" \/>\n\t<meta property=\"og:image:type\" content=\"image\/png\" \/>\n<meta name=\"twitter:card\" content=\"summary_large_image\" \/>\n<meta name=\"twitter:site\" content=\"@IoBevo\" \/>\n<meta name=\"twitter:label1\" content=\"Tempo di lettura stimato\" \/>\n\t<meta name=\"twitter:data1\" content=\"1 minuto\" \/>\n<script type=\"application\/ld+json\" class=\"yoast-schema-graph\">{\"@context\":\"https:\\\/\\\/schema.org\",\"@graph\":[{\"@type\":\"WebPage\",\"@id\":\"https:\\\/\\\/www.iobevo.com\\\/online\\\/services\\\/freebeverage\\\/?lang=fr\",\"url\":\"https:\\\/\\\/www.iobevo.com\\\/online\\\/services\\\/freebeverage\\\/?lang=fr\",\"name\":\"freebeverage\u00ae - io bevo\u00ae\",\"isPartOf\":{\"@id\":\"https:\\\/\\\/www.iobevo.com\\\/online\\\/#website\"},\"primaryImageOfPage\":{\"@id\":\"https:\\\/\\\/www.iobevo.com\\\/online\\\/services\\\/freebeverage\\\/?lang=fr#primaryimage\"},\"image\":{\"@id\":\"https:\\\/\\\/www.iobevo.com\\\/online\\\/services\\\/freebeverage\\\/?lang=fr#primaryimage\"},\"thumbnailUrl\":\"https:\\\/\\\/www.iobevo.com\\\/online\\\/wp-content\\\/uploads\\\/2014\\\/01\\\/slide-2-bg-e1400667726929.png\",\"datePublished\":\"2014-07-07T15:45:40+00:00\",\"dateModified\":\"2017-07-24T13:44:23+00:00\",\"breadcrumb\":{\"@id\":\"https:\\\/\\\/www.iobevo.com\\\/online\\\/services\\\/freebeverage\\\/?lang=fr#breadcrumb\"},\"inLanguage\":\"it-IT\",\"potentialAction\":[{\"@type\":\"ReadAction\",\"target\":[\"https:\\\/\\\/www.iobevo.com\\\/online\\\/services\\\/freebeverage\\\/?lang=fr\"]}]},{\"@type\":\"ImageObject\",\"inLanguage\":\"it-IT\",\"@id\":\"https:\\\/\\\/www.iobevo.com\\\/online\\\/services\\\/freebeverage\\\/?lang=fr#primaryimage\",\"url\":\"https:\\\/\\\/www.iobevo.com\\\/online\\\/wp-content\\\/uploads\\\/2014\\\/01\\\/slide-2-bg-e1400667726929.png\",\"contentUrl\":\"https:\\\/\\\/www.iobevo.com\\\/online\\\/wp-content\\\/uploads\\\/2014\\\/01\\\/slide-2-bg-e1400667726929.png\",\"width\":1512,\"height\":400},{\"@type\":\"BreadcrumbList\",\"@id\":\"https:\\\/\\\/www.iobevo.com\\\/online\\\/services\\\/freebeverage\\\/?lang=fr#breadcrumb\",\"itemListElement\":[{\"@type\":\"ListItem\",\"position\":1,\"name\":\"Services\",\"item\":\"https:\\\/\\\/www.iobevo.com\\\/online\\\/services\\\/?lang=fr\"},{\"@type\":\"ListItem\",\"position\":2,\"name\":\"freebeverage\u00ae\"}]},{\"@type\":\"WebSite\",\"@id\":\"https:\\\/\\\/www.iobevo.com\\\/online\\\/#website\",\"url\":\"https:\\\/\\\/www.iobevo.com\\\/online\\\/\",\"name\":\"io bevo\u00ae\",\"description\":\"Drink Plastic free\",\"publisher\":{\"@id\":\"https:\\\/\\\/www.iobevo.com\\\/online\\\/#organization\"},\"potentialAction\":[{\"@type\":\"SearchAction\",\"target\":{\"@type\":\"EntryPoint\",\"urlTemplate\":\"https:\\\/\\\/www.iobevo.com\\\/online\\\/?s={search_term_string}\"},\"query-input\":{\"@type\":\"PropertyValueSpecification\",\"valueRequired\":true,\"valueName\":\"search_term_string\"}}],\"inLanguage\":\"it-IT\"},{\"@type\":\"Organization\",\"@id\":\"https:\\\/\\\/www.iobevo.com\\\/online\\\/#organization\",\"name\":\"General Beverage\",\"url\":\"https:\\\/\\\/www.iobevo.com\\\/online\\\/\",\"logo\":{\"@type\":\"ImageObject\",\"inLanguage\":\"it-IT\",\"@id\":\"https:\\\/\\\/www.iobevo.com\\\/online\\\/#\\\/schema\\\/logo\\\/image\\\/\",\"url\":\"https:\\\/\\\/www.iobevo.com\\\/online\\\/wp-content\\\/uploads\\\/2014\\\/01\\\/logo_gb_horizontal_grey_160x47.png\",\"contentUrl\":\"https:\\\/\\\/www.iobevo.com\\\/online\\\/wp-content\\\/uploads\\\/2014\\\/01\\\/logo_gb_horizontal_grey_160x47.png\",\"width\":160,\"height\":47,\"caption\":\"General Beverage\"},\"image\":{\"@id\":\"https:\\\/\\\/www.iobevo.com\\\/online\\\/#\\\/schema\\\/logo\\\/image\\\/\"},\"sameAs\":[\"https:\\\/\\\/x.com\\\/IoBevo\"]}]}<\/script>\n<!-- \/ Yoast SEO plugin. -->","yoast_head_json":{"title":"freebeverage\u00ae - io bevo\u00ae","robots":{"index":"index","follow":"follow","max-snippet":"max-snippet:-1","max-image-preview":"max-image-preview:large","max-video-preview":"max-video-preview:-1"},"canonical":"https:\/\/www.iobevo.com\/online\/services\/freebeverage\/?lang=fr","og_locale":"it_IT","og_type":"article","og_title":"freebeverage\u00ae - io bevo\u00ae","og_description":"Le service\u00a0freebeverage\u00ae\u00a0consiste en la distribution self-service d&#8217;eau filtr\u00e9e et de boissons, libre en quantit\u00e9 et en choix, et contre un co\u00fbt fixe par repas, par pr\u00e9sence ou par verre. Le service s\u2019effectue dans les cantines, restaurants, snack-bars, self-services\u00a0pour un total de plus de 90 millions de repas par an, contribuant [&hellip;]","og_url":"https:\/\/www.iobevo.com\/online\/services\/freebeverage\/?lang=fr","og_site_name":"io bevo\u00ae","article_modified_time":"2017-07-24T13:44:23+00:00","og_image":[{"width":1512,"height":400,"url":"https:\/\/www.iobevo.com\/online\/wp-content\/uploads\/2014\/01\/slide-2-bg-e1400667726929.png","type":"image\/png"}],"twitter_card":"summary_large_image","twitter_site":"@IoBevo","twitter_misc":{"Tempo di lettura stimato":"1 minuto"},"schema":{"@context":"https:\/\/schema.org","@graph":[{"@type":"WebPage","@id":"https:\/\/www.iobevo.com\/online\/services\/freebeverage\/?lang=fr","url":"https:\/\/www.iobevo.com\/online\/services\/freebeverage\/?lang=fr","name":"freebeverage\u00ae - io bevo\u00ae","isPartOf":{"@id":"https:\/\/www.iobevo.com\/online\/#website"},"primaryImageOfPage":{"@id":"https:\/\/www.iobevo.com\/online\/services\/freebeverage\/?lang=fr#primaryimage"},"image":{"@id":"https:\/\/www.iobevo.com\/online\/services\/freebeverage\/?lang=fr#primaryimage"},"thumbnailUrl":"https:\/\/www.iobevo.com\/online\/wp-content\/uploads\/2014\/01\/slide-2-bg-e1400667726929.png","datePublished":"2014-07-07T15:45:40+00:00","dateModified":"2017-07-24T13:44:23+00:00","breadcrumb":{"@id":"https:\/\/www.iobevo.com\/online\/services\/freebeverage\/?lang=fr#breadcrumb"},"inLanguage":"it-IT","potentialAction":[{"@type":"ReadAction","target":["https:\/\/www.iobevo.com\/online\/services\/freebeverage\/?lang=fr"]}]},{"@type":"ImageObject","inLanguage":"it-IT","@id":"https:\/\/www.iobevo.com\/online\/services\/freebeverage\/?lang=fr#primaryimage","url":"https:\/\/www.iobevo.com\/online\/wp-content\/uploads\/2014\/01\/slide-2-bg-e1400667726929.png","contentUrl":"https:\/\/www.iobevo.com\/online\/wp-content\/uploads\/2014\/01\/slide-2-bg-e1400667726929.png","width":1512,"height":400},{"@type":"BreadcrumbList","@id":"https:\/\/www.iobevo.com\/online\/services\/freebeverage\/?lang=fr#breadcrumb","itemListElement":[{"@type":"ListItem","position":1,"name":"Services","item":"https:\/\/www.iobevo.com\/online\/services\/?lang=fr"},{"@type":"ListItem","position":2,"name":"freebeverage\u00ae"}]},{"@type":"WebSite","@id":"https:\/\/www.iobevo.com\/online\/#website","url":"https:\/\/www.iobevo.com\/online\/","name":"io bevo\u00ae","description":"Drink Plastic free","publisher":{"@id":"https:\/\/www.iobevo.com\/online\/#organization"},"potentialAction":[{"@type":"SearchAction","target":{"@type":"EntryPoint","urlTemplate":"https:\/\/www.iobevo.com\/online\/?s={search_term_string}"},"query-input":{"@type":"PropertyValueSpecification","valueRequired":true,"valueName":"search_term_string"}}],"inLanguage":"it-IT"},{"@type":"Organization","@id":"https:\/\/www.iobevo.com\/online\/#organization","name":"General Beverage","url":"https:\/\/www.iobevo.com\/online\/","logo":{"@type":"ImageObject","inLanguage":"it-IT","@id":"https:\/\/www.iobevo.com\/online\/#\/schema\/logo\/image\/","url":"https:\/\/www.iobevo.com\/online\/wp-content\/uploads\/2014\/01\/logo_gb_horizontal_grey_160x47.png","contentUrl":"https:\/\/www.iobevo.com\/online\/wp-content\/uploads\/2014\/01\/logo_gb_horizontal_grey_160x47.png","width":160,"height":47,"caption":"General Beverage"},"image":{"@id":"https:\/\/www.iobevo.com\/online\/#\/schema\/logo\/image\/"},"sameAs":["https:\/\/x.com\/IoBevo"]}]}},"_links":{"self":[{"href":"https:\/\/www.iobevo.com\/online\/wp-json\/wp\/v2\/pages\/6141","targetHints":{"allow":["GET"]}}],"collection":[{"href":"https:\/\/www.iobevo.com\/online\/wp-json\/wp\/v2\/pages"}],"about":[{"href":"https:\/\/www.iobevo.com\/online\/wp-json\/wp\/v2\/types\/page"}],"author":[{"embeddable":true,"href":"https:\/\/www.iobevo.com\/online\/wp-json\/wp\/v2\/users\/58"}],"replies":[{"embeddable":true,"href":"https:\/\/www.iobevo.com\/online\/wp-json\/wp\/v2\/comments?post=6141"}],"version-history":[{"count":0,"href":"https:\/\/www.iobevo.com\/online\/wp-json\/wp\/v2\/pages\/6141\/revisions"}],"up":[{"embeddable":true,"href":"https:\/\/www.iobevo.com\/online\/wp-json\/wp\/v2\/pages\/6112"}],"wp:featuredmedia":[{"embeddable":true,"href":"https:\/\/www.iobevo.com\/online\/wp-json\/wp\/v2\/media\/2831"}],"wp:attachment":[{"href":"https:\/\/www.iobevo.com\/online\/wp-json\/wp\/v2\/media?parent=6141"}],"curies":[{"name":"wp","href":"https:\/\/api.w.org\/{rel}","templated":true}]}}