{"id":6277,"date":"2014-07-08T08:57:14","date_gmt":"2014-07-08T06:57:14","guid":{"rendered":"http:\/\/www.iobevo.com\/online\/?page_id=6277"},"modified":"2017-08-11T00:50:30","modified_gmt":"2017-08-10T22:50:30","slug":"korinto-freshbrew","status":"publish","type":"page","link":"https:\/\/www.iobevo.com\/online\/distributeurs\/korinto-freshbrew\/?lang=fr","title":{"rendered":"Korinto Fresh Brew"},"content":{"rendered":"<p><strong>Korinto Fresh Brew<\/strong>\u00a0est le distributeur que nous proposons pour la distribution de <strong>caf\u00e9 am\u00e9ricain de qualit\u00e9<\/strong>.<\/p>\n<p>Le caf\u00e9 filtr\u00e9, dans sa forme la plus simple, est obtenu par infusion \u00e0 basse pression. Cette typologie de boisson est tr\u00e8s r\u00e9pandue dans les march\u00e9s nordiques (Allemagne, Angleterre, Scandinavie) et se caract\u00e9rise par des doses particuli\u00e8rement longues de caf\u00e9, sup\u00e9rieur \u00e0 150 ml.<\/p>\n<p>Le caf\u00e9 utilis\u00e9 a une granulom\u00e9trie sup\u00e9rieure \u00e0 celle du caf\u00e9 utilis\u00e9 pour le caf\u00e9 expresso. En outre, on utilise un caf\u00e9 de grande qualit\u00e9 du type Arabica.<\/p>\n<p>Pour r\u00e9pondre \u00e0 ces caract\u00e9ristiques, il est recommand\u00e9 l&#8217;utilisation d&#8217;un \u00e9quipement sp\u00e9cifique caract\u00e9ris\u00e9 par des groupes d\u2019infuseurs appel\u00e9s FreshBrewer, comme justement celui utilis\u00e9 dans le distributeur Korinto Fresh Brew.<\/p>\n<div class=\"gap\" style=\"height: 30px;\"><\/div>\n<h3 class=\"title\"><span>Caract\u00e9ristiques techniques<\/span><\/h3>\n<div class=\"one_half\">\n<div class=\"description clearfix style-1\">\n<p style=\"text-align: left;\">Tension &#8211; fr\u00e9quence (Volt\/Hertz):<br \/>\n<strong>230 V &#8211; 50 Hz<\/strong><\/p>\n<p style=\"text-align: left;\">Puissance:\u00a0<strong>W 2,85<\/strong><\/p>\n<p style=\"text-align: left;\">Nombre de s\u00e9lections possibles: <strong>8<\/strong><\/p>\n<p style=\"text-align: left;\">Nombre de produits de base:<br \/>\n<strong>1 caf\u00e9 moulu par caf\u00e9 am\u00e9ricain + 2 solubles<\/strong><\/p>\n<p style=\"text-align: left;\">Syst\u00e8me groupe caf\u00e9:\u00a0<strong>fresh brew<\/strong><\/p>\n<p style=\"text-align: left;\">Prise de courant: <strong>Schuko<\/strong><\/p>\n<p style=\"text-align: left;\">Arriv\u00e9e d&#8217;eau:\u00a0<strong>\u00bd \u201c<\/strong><\/p>\n<p style=\"text-align: left;\">Poids: <strong>Kg 32<\/strong><\/p>\n<p style=\"text-align: left;\">Largeur: <strong>mm 331<\/strong><\/p>\n<p style=\"text-align: left;\">Profondeur: <strong>mm 528<\/strong><\/p>\n<p style=\"text-align: left;\">Hauteur: <strong>mm 715<\/strong><\/p>\n<p style=\"text-align: left;\">Meuble d&#8217;appui:<br \/>\n<strong>H 830 x L 410 x P 490 mm<\/strong><\/p>\n<p style=\"text-align: left;\"><\/div>\n<\/div>\n<div class=\"one_half last\"><span class=\"responsive\"><img fetchpriority=\"high\" decoding=\"async\" class=\"wp-image-4474 aligncenter\" src=\"https:\/\/www.iobevo.com\/online\/wp-content\/uploads\/2014\/05\/KorintoFreshbrew.jpg\" alt=\"\" width=\"400\" height=\"569\" srcset=\"https:\/\/www.iobevo.com\/online\/wp-content\/uploads\/2014\/05\/KorintoFreshbrew.jpg 1000w, https:\/\/www.iobevo.com\/online\/wp-content\/uploads\/2014\/05\/KorintoFreshbrew-210x300.jpg 210w, https:\/\/www.iobevo.com\/online\/wp-content\/uploads\/2014\/05\/KorintoFreshbrew-719x1024.jpg 719w\" sizes=\"(max-width: 400px) 100vw, 400px\" \/><\/span><\/div>\n<div class=\"clear\"><\/div><\/p>\n","protected":false},"excerpt":{"rendered":"<p>Korinto Fresh Brew\u00a0est le distributeur que nous proposons pour la distribution de caf\u00e9 am\u00e9ricain de qualit\u00e9. Le caf\u00e9 filtr\u00e9, dans sa forme la plus simple, est obtenu par infusion \u00e0 basse pression. Cette typologie de boisson est tr\u00e8s r\u00e9pandue dans les march\u00e9s nordiques (Allemagne, Angleterre, Scandinavie) et se caract\u00e9rise par [&hellip;]<\/p>\n","protected":false},"author":58,"featured_media":2831,"parent":6275,"menu_order":0,"comment_status":"open","ping_status":"closed","template":"","meta":{"footnotes":""},"class_list":["post-6277","page","type-page","status-publish","has-post-thumbnail","hentry"],"yoast_head":"<!-- This site is optimized with the Yoast SEO plugin v27.6 - https:\/\/yoast.com\/product\/yoast-seo-wordpress\/ -->\n<title>Korinto Fresh Brew - io bevo\u00ae<\/title>\n<meta name=\"robots\" content=\"index, follow, max-snippet:-1, max-image-preview:large, max-video-preview:-1\" \/>\n<link rel=\"canonical\" href=\"https:\/\/www.iobevo.com\/online\/distributeurs\/korinto-freshbrew\/?lang=fr\" \/>\n<meta property=\"og:locale\" content=\"it_IT\" \/>\n<meta property=\"og:type\" content=\"article\" \/>\n<meta property=\"og:title\" content=\"Korinto Fresh Brew - io bevo\u00ae\" \/>\n<meta property=\"og:description\" content=\"Korinto Fresh Brew\u00a0est le distributeur que nous proposons pour la distribution de caf\u00e9 am\u00e9ricain de qualit\u00e9. Le caf\u00e9 filtr\u00e9, dans sa forme la plus simple, est obtenu par infusion \u00e0 basse pression. Cette typologie de boisson est tr\u00e8s r\u00e9pandue dans les march\u00e9s nordiques (Allemagne, Angleterre, Scandinavie) et se caract\u00e9rise par [&hellip;]\" \/>\n<meta property=\"og:url\" content=\"https:\/\/www.iobevo.com\/online\/distributeurs\/korinto-freshbrew\/?lang=fr\" \/>\n<meta property=\"og:site_name\" content=\"io bevo\u00ae\" \/>\n<meta property=\"article:modified_time\" content=\"2017-08-10T22:50:30+00:00\" \/>\n<meta property=\"og:image\" content=\"https:\/\/www.iobevo.com\/online\/wp-content\/uploads\/2014\/01\/slide-2-bg-e1400667726929.png\" \/>\n\t<meta property=\"og:image:width\" content=\"1512\" \/>\n\t<meta property=\"og:image:height\" content=\"400\" \/>\n\t<meta property=\"og:image:type\" content=\"image\/png\" \/>\n<meta name=\"twitter:card\" content=\"summary_large_image\" \/>\n<meta name=\"twitter:site\" content=\"@IoBevo\" \/>\n<meta name=\"twitter:label1\" content=\"Tempo di lettura stimato\" \/>\n\t<meta name=\"twitter:data1\" content=\"1 minuto\" \/>\n<script type=\"application\/ld+json\" class=\"yoast-schema-graph\">{\"@context\":\"https:\\\/\\\/schema.org\",\"@graph\":[{\"@type\":\"WebPage\",\"@id\":\"https:\\\/\\\/www.iobevo.com\\\/online\\\/distributeurs\\\/korinto-freshbrew\\\/?lang=fr\",\"url\":\"https:\\\/\\\/www.iobevo.com\\\/online\\\/distributeurs\\\/korinto-freshbrew\\\/?lang=fr\",\"name\":\"Korinto Fresh Brew - io bevo\u00ae\",\"isPartOf\":{\"@id\":\"https:\\\/\\\/www.iobevo.com\\\/online\\\/#website\"},\"primaryImageOfPage\":{\"@id\":\"https:\\\/\\\/www.iobevo.com\\\/online\\\/distributeurs\\\/korinto-freshbrew\\\/?lang=fr#primaryimage\"},\"image\":{\"@id\":\"https:\\\/\\\/www.iobevo.com\\\/online\\\/distributeurs\\\/korinto-freshbrew\\\/?lang=fr#primaryimage\"},\"thumbnailUrl\":\"https:\\\/\\\/www.iobevo.com\\\/online\\\/wp-content\\\/uploads\\\/2014\\\/01\\\/slide-2-bg-e1400667726929.png\",\"datePublished\":\"2014-07-08T06:57:14+00:00\",\"dateModified\":\"2017-08-10T22:50:30+00:00\",\"breadcrumb\":{\"@id\":\"https:\\\/\\\/www.iobevo.com\\\/online\\\/distributeurs\\\/korinto-freshbrew\\\/?lang=fr#breadcrumb\"},\"inLanguage\":\"it-IT\",\"potentialAction\":[{\"@type\":\"ReadAction\",\"target\":[\"https:\\\/\\\/www.iobevo.com\\\/online\\\/distributeurs\\\/korinto-freshbrew\\\/?lang=fr\"]}]},{\"@type\":\"ImageObject\",\"inLanguage\":\"it-IT\",\"@id\":\"https:\\\/\\\/www.iobevo.com\\\/online\\\/distributeurs\\\/korinto-freshbrew\\\/?lang=fr#primaryimage\",\"url\":\"https:\\\/\\\/www.iobevo.com\\\/online\\\/wp-content\\\/uploads\\\/2014\\\/01\\\/slide-2-bg-e1400667726929.png\",\"contentUrl\":\"https:\\\/\\\/www.iobevo.com\\\/online\\\/wp-content\\\/uploads\\\/2014\\\/01\\\/slide-2-bg-e1400667726929.png\",\"width\":1512,\"height\":400},{\"@type\":\"BreadcrumbList\",\"@id\":\"https:\\\/\\\/www.iobevo.com\\\/online\\\/distributeurs\\\/korinto-freshbrew\\\/?lang=fr#breadcrumb\",\"itemListElement\":[{\"@type\":\"ListItem\",\"position\":1,\"name\":\"Equipement\",\"item\":\"https:\\\/\\\/www.iobevo.com\\\/online\\\/distributeurs\\\/?lang=fr\"},{\"@type\":\"ListItem\",\"position\":2,\"name\":\"Korinto Fresh Brew\"}]},{\"@type\":\"WebSite\",\"@id\":\"https:\\\/\\\/www.iobevo.com\\\/online\\\/#website\",\"url\":\"https:\\\/\\\/www.iobevo.com\\\/online\\\/\",\"name\":\"io bevo\u00ae\",\"description\":\"Drink Plastic free\",\"publisher\":{\"@id\":\"https:\\\/\\\/www.iobevo.com\\\/online\\\/#organization\"},\"potentialAction\":[{\"@type\":\"SearchAction\",\"target\":{\"@type\":\"EntryPoint\",\"urlTemplate\":\"https:\\\/\\\/www.iobevo.com\\\/online\\\/?s={search_term_string}\"},\"query-input\":{\"@type\":\"PropertyValueSpecification\",\"valueRequired\":true,\"valueName\":\"search_term_string\"}}],\"inLanguage\":\"it-IT\"},{\"@type\":\"Organization\",\"@id\":\"https:\\\/\\\/www.iobevo.com\\\/online\\\/#organization\",\"name\":\"General Beverage\",\"url\":\"https:\\\/\\\/www.iobevo.com\\\/online\\\/\",\"logo\":{\"@type\":\"ImageObject\",\"inLanguage\":\"it-IT\",\"@id\":\"https:\\\/\\\/www.iobevo.com\\\/online\\\/#\\\/schema\\\/logo\\\/image\\\/\",\"url\":\"https:\\\/\\\/www.iobevo.com\\\/online\\\/wp-content\\\/uploads\\\/2014\\\/01\\\/logo_gb_horizontal_grey_160x47.png\",\"contentUrl\":\"https:\\\/\\\/www.iobevo.com\\\/online\\\/wp-content\\\/uploads\\\/2014\\\/01\\\/logo_gb_horizontal_grey_160x47.png\",\"width\":160,\"height\":47,\"caption\":\"General Beverage\"},\"image\":{\"@id\":\"https:\\\/\\\/www.iobevo.com\\\/online\\\/#\\\/schema\\\/logo\\\/image\\\/\"},\"sameAs\":[\"https:\\\/\\\/x.com\\\/IoBevo\"]}]}<\/script>\n<!-- \/ Yoast SEO plugin. -->","yoast_head_json":{"title":"Korinto Fresh Brew - io bevo\u00ae","robots":{"index":"index","follow":"follow","max-snippet":"max-snippet:-1","max-image-preview":"max-image-preview:large","max-video-preview":"max-video-preview:-1"},"canonical":"https:\/\/www.iobevo.com\/online\/distributeurs\/korinto-freshbrew\/?lang=fr","og_locale":"it_IT","og_type":"article","og_title":"Korinto Fresh Brew - io bevo\u00ae","og_description":"Korinto Fresh Brew\u00a0est le distributeur que nous proposons pour la distribution de caf\u00e9 am\u00e9ricain de qualit\u00e9. Le caf\u00e9 filtr\u00e9, dans sa forme la plus simple, est obtenu par infusion \u00e0 basse pression. Cette typologie de boisson est tr\u00e8s r\u00e9pandue dans les march\u00e9s nordiques (Allemagne, Angleterre, Scandinavie) et se caract\u00e9rise par [&hellip;]","og_url":"https:\/\/www.iobevo.com\/online\/distributeurs\/korinto-freshbrew\/?lang=fr","og_site_name":"io bevo\u00ae","article_modified_time":"2017-08-10T22:50:30+00:00","og_image":[{"width":1512,"height":400,"url":"https:\/\/www.iobevo.com\/online\/wp-content\/uploads\/2014\/01\/slide-2-bg-e1400667726929.png","type":"image\/png"}],"twitter_card":"summary_large_image","twitter_site":"@IoBevo","twitter_misc":{"Tempo di lettura stimato":"1 minuto"},"schema":{"@context":"https:\/\/schema.org","@graph":[{"@type":"WebPage","@id":"https:\/\/www.iobevo.com\/online\/distributeurs\/korinto-freshbrew\/?lang=fr","url":"https:\/\/www.iobevo.com\/online\/distributeurs\/korinto-freshbrew\/?lang=fr","name":"Korinto Fresh Brew - io bevo\u00ae","isPartOf":{"@id":"https:\/\/www.iobevo.com\/online\/#website"},"primaryImageOfPage":{"@id":"https:\/\/www.iobevo.com\/online\/distributeurs\/korinto-freshbrew\/?lang=fr#primaryimage"},"image":{"@id":"https:\/\/www.iobevo.com\/online\/distributeurs\/korinto-freshbrew\/?lang=fr#primaryimage"},"thumbnailUrl":"https:\/\/www.iobevo.com\/online\/wp-content\/uploads\/2014\/01\/slide-2-bg-e1400667726929.png","datePublished":"2014-07-08T06:57:14+00:00","dateModified":"2017-08-10T22:50:30+00:00","breadcrumb":{"@id":"https:\/\/www.iobevo.com\/online\/distributeurs\/korinto-freshbrew\/?lang=fr#breadcrumb"},"inLanguage":"it-IT","potentialAction":[{"@type":"ReadAction","target":["https:\/\/www.iobevo.com\/online\/distributeurs\/korinto-freshbrew\/?lang=fr"]}]},{"@type":"ImageObject","inLanguage":"it-IT","@id":"https:\/\/www.iobevo.com\/online\/distributeurs\/korinto-freshbrew\/?lang=fr#primaryimage","url":"https:\/\/www.iobevo.com\/online\/wp-content\/uploads\/2014\/01\/slide-2-bg-e1400667726929.png","contentUrl":"https:\/\/www.iobevo.com\/online\/wp-content\/uploads\/2014\/01\/slide-2-bg-e1400667726929.png","width":1512,"height":400},{"@type":"BreadcrumbList","@id":"https:\/\/www.iobevo.com\/online\/distributeurs\/korinto-freshbrew\/?lang=fr#breadcrumb","itemListElement":[{"@type":"ListItem","position":1,"name":"Equipement","item":"https:\/\/www.iobevo.com\/online\/distributeurs\/?lang=fr"},{"@type":"ListItem","position":2,"name":"Korinto Fresh Brew"}]},{"@type":"WebSite","@id":"https:\/\/www.iobevo.com\/online\/#website","url":"https:\/\/www.iobevo.com\/online\/","name":"io bevo\u00ae","description":"Drink Plastic free","publisher":{"@id":"https:\/\/www.iobevo.com\/online\/#organization"},"potentialAction":[{"@type":"SearchAction","target":{"@type":"EntryPoint","urlTemplate":"https:\/\/www.iobevo.com\/online\/?s={search_term_string}"},"query-input":{"@type":"PropertyValueSpecification","valueRequired":true,"valueName":"search_term_string"}}],"inLanguage":"it-IT"},{"@type":"Organization","@id":"https:\/\/www.iobevo.com\/online\/#organization","name":"General Beverage","url":"https:\/\/www.iobevo.com\/online\/","logo":{"@type":"ImageObject","inLanguage":"it-IT","@id":"https:\/\/www.iobevo.com\/online\/#\/schema\/logo\/image\/","url":"https:\/\/www.iobevo.com\/online\/wp-content\/uploads\/2014\/01\/logo_gb_horizontal_grey_160x47.png","contentUrl":"https:\/\/www.iobevo.com\/online\/wp-content\/uploads\/2014\/01\/logo_gb_horizontal_grey_160x47.png","width":160,"height":47,"caption":"General Beverage"},"image":{"@id":"https:\/\/www.iobevo.com\/online\/#\/schema\/logo\/image\/"},"sameAs":["https:\/\/x.com\/IoBevo"]}]}},"_links":{"self":[{"href":"https:\/\/www.iobevo.com\/online\/wp-json\/wp\/v2\/pages\/6277","targetHints":{"allow":["GET"]}}],"collection":[{"href":"https:\/\/www.iobevo.com\/online\/wp-json\/wp\/v2\/pages"}],"about":[{"href":"https:\/\/www.iobevo.com\/online\/wp-json\/wp\/v2\/types\/page"}],"author":[{"embeddable":true,"href":"https:\/\/www.iobevo.com\/online\/wp-json\/wp\/v2\/users\/58"}],"replies":[{"embeddable":true,"href":"https:\/\/www.iobevo.com\/online\/wp-json\/wp\/v2\/comments?post=6277"}],"version-history":[{"count":0,"href":"https:\/\/www.iobevo.com\/online\/wp-json\/wp\/v2\/pages\/6277\/revisions"}],"up":[{"embeddable":true,"href":"https:\/\/www.iobevo.com\/online\/wp-json\/wp\/v2\/pages\/6275"}],"wp:featuredmedia":[{"embeddable":true,"href":"https:\/\/www.iobevo.com\/online\/wp-json\/wp\/v2\/media\/2831"}],"wp:attachment":[{"href":"https:\/\/www.iobevo.com\/online\/wp-json\/wp\/v2\/media?parent=6277"}],"curies":[{"name":"wp","href":"https:\/\/api.w.org\/{rel}","templated":true}]}}