{"id":6294,"date":"2014-07-08T09:11:44","date_gmt":"2014-07-08T09:11:44","guid":{"rendered":"http:\/\/www.iobevo.com\/online\/?page_id=6294"},"modified":"2014-07-24T17:31:40","modified_gmt":"2014-07-24T17:31:40","slug":"creme-glacee-expresso","status":"publish","type":"page","link":"https:\/\/www.iobevo.com\/online\/distributeurs\/creme-glacee-expresso\/?lang=fr","title":{"rendered":"Cr\u00e8me glac\u00e9e expresso"},"content":{"rendered":"<p>Nous utilisons la machine pour la glace express dans les services Glace &amp;\u00a0Fruit et dans tous les contextes dans lesquels il est pr\u00e9vu la distribution de glace soft.<\/p>\n<p>C&#8217;est une machine compacte professionnelle qui permet de servir une bonne glace fra\u00eeche, en optimisant les espaces et en rendant son utilisation plus facile. Id\u00e9al pour garantir le maximum d&#8217;efficacit\u00e9 et de s\u00e9curit\u00e9 de l&#8217;op\u00e9rateur.<\/p>\n<p>La production en cycle ferm\u00e9 permet d&#8217;obtenir un produit non contamin\u00e9 par des agents externes. La simplicit\u00e9 dans le processus de nettoyage des composants, tous facilement d\u00e9montables, rend cette machine conforme aux directives les plus strictes dans le domaine de l&#8217;hygi\u00e8ne.<\/p>\n<h3 class=\"title\"><span>Caract\u00e9ristiques techniques<\/span><\/h3>\n<div class=\"one_half\">\n<div class=\"description clearfix style-1\">\n<p style=\"text-align: left;\">Nombre de go\u00fbts: <strong>1<\/strong><\/p>\n<p style=\"text-align: left;\">Production horaire: <strong>Kg 14 &#8211; Lt 20<\/strong><\/p>\n<p style=\"text-align: left;\">R\u00e9servoir: <strong>1<\/strong><\/p>\n<p style=\"text-align: left;\">Capacit\u00e9: <strong>Lt 11<\/strong><\/p>\n<p style=\"text-align: left;\">Largeur: <strong>mm 420<\/strong><\/p>\n<p style=\"text-align: left;\">Profondeur: <strong>mm 570<\/strong><\/p>\n<p style=\"text-align: left;\">Hauteur: <strong>mm\u00a0740<\/strong><\/p>\n<p style=\"text-align: left;\">Volt\/Hertz:<br \/>\n<strong>230\/400 V &#8211; 50\/60 Hz<\/strong><\/p>\n<p style=\"text-align: left;\">Phases: <strong>1 ou 3<\/strong><\/p>\n<p style=\"text-align: left;\">Puissance maximale absorb\u00e9e: <strong>1,4 Kw<\/strong><\/p>\n<p style=\"text-align: left;\"><\/div>\n<\/div>\n<div class=\"one_half last\"><span class=\"responsive\"><img fetchpriority=\"high\" decoding=\"async\" class=\"alignnone  wp-image-3315\" src=\"http:\/\/iobevo.com\/online\/wp-content\/uploads\/2014\/04\/distributore-gelato-espresso_new.jpg\" alt=\"distributore gelato espresso_new\" width=\"317\" height=\"476\" srcset=\"https:\/\/www.iobevo.com\/online\/wp-content\/uploads\/2014\/04\/distributore-gelato-espresso_new.jpg 400w, https:\/\/www.iobevo.com\/online\/wp-content\/uploads\/2014\/04\/distributore-gelato-espresso_new-199x300.jpg 199w\" sizes=\"(max-width: 317px) 100vw, 317px\" \/><\/span><\/div>\n<div class=\"clear\"><\/div><\/p>\n","protected":false},"excerpt":{"rendered":"<p>Nous utilisons la machine pour la glace express dans les services Glace &amp;\u00a0Fruit et dans tous les contextes dans lesquels il est pr\u00e9vu la distribution de glace soft. C&#8217;est une machine compacte professionnelle qui permet de servir une bonne glace fra\u00eeche, en optimisant les espaces et en rendant son utilisation [&hellip;]<\/p>\n","protected":false},"author":58,"featured_media":2831,"parent":6275,"menu_order":3,"comment_status":"open","ping_status":"closed","template":"","meta":{"footnotes":""},"class_list":["post-6294","page","type-page","status-publish","has-post-thumbnail","hentry"],"yoast_head":"<!-- This site is optimized with the Yoast SEO plugin v27.5 - https:\/\/yoast.com\/product\/yoast-seo-wordpress\/ -->\n<title>Cr\u00e8me glac\u00e9e expresso  - io bevo\u00ae<\/title>\n<meta name=\"robots\" content=\"index, follow, max-snippet:-1, max-image-preview:large, max-video-preview:-1\" \/>\n<link rel=\"canonical\" href=\"https:\/\/www.iobevo.com\/online\/distributeurs\/creme-glacee-expresso\/?lang=fr\" \/>\n<meta property=\"og:locale\" content=\"it_IT\" \/>\n<meta property=\"og:type\" content=\"article\" \/>\n<meta property=\"og:title\" content=\"Cr\u00e8me glac\u00e9e expresso  - io bevo\u00ae\" \/>\n<meta property=\"og:description\" content=\"Nous utilisons la machine pour la glace express dans les services Glace &amp;\u00a0Fruit et dans tous les contextes dans lesquels il est pr\u00e9vu la distribution de glace soft. C&#8217;est une machine compacte professionnelle qui permet de servir une bonne glace fra\u00eeche, en optimisant les espaces et en rendant son utilisation [&hellip;]\" \/>\n<meta property=\"og:url\" content=\"https:\/\/www.iobevo.com\/online\/distributeurs\/creme-glacee-expresso\/?lang=fr\" \/>\n<meta property=\"og:site_name\" content=\"io bevo\u00ae\" \/>\n<meta property=\"article:modified_time\" content=\"2014-07-24T17:31:40+00:00\" \/>\n<meta property=\"og:image\" content=\"https:\/\/www.iobevo.com\/online\/wp-content\/uploads\/2014\/01\/slide-2-bg-e1400667726929.png\" \/>\n\t<meta property=\"og:image:width\" content=\"1512\" \/>\n\t<meta property=\"og:image:height\" content=\"400\" \/>\n\t<meta property=\"og:image:type\" content=\"image\/png\" \/>\n<meta name=\"twitter:card\" content=\"summary_large_image\" \/>\n<meta name=\"twitter:site\" content=\"@IoBevo\" \/>\n<meta name=\"twitter:label1\" content=\"Tempo di lettura stimato\" \/>\n\t<meta name=\"twitter:data1\" content=\"1 minuto\" \/>\n<script type=\"application\/ld+json\" class=\"yoast-schema-graph\">{\"@context\":\"https:\\\/\\\/schema.org\",\"@graph\":[{\"@type\":\"WebPage\",\"@id\":\"https:\\\/\\\/www.iobevo.com\\\/online\\\/distributeurs\\\/creme-glacee-expresso\\\/?lang=fr\",\"url\":\"https:\\\/\\\/www.iobevo.com\\\/online\\\/distributeurs\\\/creme-glacee-expresso\\\/?lang=fr\",\"name\":\"Cr\u00e8me glac\u00e9e expresso - io bevo\u00ae\",\"isPartOf\":{\"@id\":\"https:\\\/\\\/www.iobevo.com\\\/online\\\/#website\"},\"primaryImageOfPage\":{\"@id\":\"https:\\\/\\\/www.iobevo.com\\\/online\\\/distributeurs\\\/creme-glacee-expresso\\\/?lang=fr#primaryimage\"},\"image\":{\"@id\":\"https:\\\/\\\/www.iobevo.com\\\/online\\\/distributeurs\\\/creme-glacee-expresso\\\/?lang=fr#primaryimage\"},\"thumbnailUrl\":\"https:\\\/\\\/www.iobevo.com\\\/online\\\/wp-content\\\/uploads\\\/2014\\\/01\\\/slide-2-bg-e1400667726929.png\",\"datePublished\":\"2014-07-08T09:11:44+00:00\",\"dateModified\":\"2014-07-24T17:31:40+00:00\",\"breadcrumb\":{\"@id\":\"https:\\\/\\\/www.iobevo.com\\\/online\\\/distributeurs\\\/creme-glacee-expresso\\\/?lang=fr#breadcrumb\"},\"inLanguage\":\"it-IT\",\"potentialAction\":[{\"@type\":\"ReadAction\",\"target\":[\"https:\\\/\\\/www.iobevo.com\\\/online\\\/distributeurs\\\/creme-glacee-expresso\\\/?lang=fr\"]}]},{\"@type\":\"ImageObject\",\"inLanguage\":\"it-IT\",\"@id\":\"https:\\\/\\\/www.iobevo.com\\\/online\\\/distributeurs\\\/creme-glacee-expresso\\\/?lang=fr#primaryimage\",\"url\":\"https:\\\/\\\/www.iobevo.com\\\/online\\\/wp-content\\\/uploads\\\/2014\\\/01\\\/slide-2-bg-e1400667726929.png\",\"contentUrl\":\"https:\\\/\\\/www.iobevo.com\\\/online\\\/wp-content\\\/uploads\\\/2014\\\/01\\\/slide-2-bg-e1400667726929.png\",\"width\":1512,\"height\":400},{\"@type\":\"BreadcrumbList\",\"@id\":\"https:\\\/\\\/www.iobevo.com\\\/online\\\/distributeurs\\\/creme-glacee-expresso\\\/?lang=fr#breadcrumb\",\"itemListElement\":[{\"@type\":\"ListItem\",\"position\":1,\"name\":\"Equipement\",\"item\":\"https:\\\/\\\/www.iobevo.com\\\/online\\\/distributeurs\\\/?lang=fr\"},{\"@type\":\"ListItem\",\"position\":2,\"name\":\"Cr\u00e8me glac\u00e9e expresso\"}]},{\"@type\":\"WebSite\",\"@id\":\"https:\\\/\\\/www.iobevo.com\\\/online\\\/#website\",\"url\":\"https:\\\/\\\/www.iobevo.com\\\/online\\\/\",\"name\":\"io bevo\u00ae\",\"description\":\"Drink Plastic free\",\"publisher\":{\"@id\":\"https:\\\/\\\/www.iobevo.com\\\/online\\\/#organization\"},\"potentialAction\":[{\"@type\":\"SearchAction\",\"target\":{\"@type\":\"EntryPoint\",\"urlTemplate\":\"https:\\\/\\\/www.iobevo.com\\\/online\\\/?s={search_term_string}\"},\"query-input\":{\"@type\":\"PropertyValueSpecification\",\"valueRequired\":true,\"valueName\":\"search_term_string\"}}],\"inLanguage\":\"it-IT\"},{\"@type\":\"Organization\",\"@id\":\"https:\\\/\\\/www.iobevo.com\\\/online\\\/#organization\",\"name\":\"General Beverage\",\"url\":\"https:\\\/\\\/www.iobevo.com\\\/online\\\/\",\"logo\":{\"@type\":\"ImageObject\",\"inLanguage\":\"it-IT\",\"@id\":\"https:\\\/\\\/www.iobevo.com\\\/online\\\/#\\\/schema\\\/logo\\\/image\\\/\",\"url\":\"https:\\\/\\\/www.iobevo.com\\\/online\\\/wp-content\\\/uploads\\\/2014\\\/01\\\/logo_gb_horizontal_grey_160x47.png\",\"contentUrl\":\"https:\\\/\\\/www.iobevo.com\\\/online\\\/wp-content\\\/uploads\\\/2014\\\/01\\\/logo_gb_horizontal_grey_160x47.png\",\"width\":160,\"height\":47,\"caption\":\"General Beverage\"},\"image\":{\"@id\":\"https:\\\/\\\/www.iobevo.com\\\/online\\\/#\\\/schema\\\/logo\\\/image\\\/\"},\"sameAs\":[\"https:\\\/\\\/x.com\\\/IoBevo\"]}]}<\/script>\n<!-- \/ Yoast SEO plugin. -->","yoast_head_json":{"title":"Cr\u00e8me glac\u00e9e expresso  - io bevo\u00ae","robots":{"index":"index","follow":"follow","max-snippet":"max-snippet:-1","max-image-preview":"max-image-preview:large","max-video-preview":"max-video-preview:-1"},"canonical":"https:\/\/www.iobevo.com\/online\/distributeurs\/creme-glacee-expresso\/?lang=fr","og_locale":"it_IT","og_type":"article","og_title":"Cr\u00e8me glac\u00e9e expresso  - io bevo\u00ae","og_description":"Nous utilisons la machine pour la glace express dans les services Glace &amp;\u00a0Fruit et dans tous les contextes dans lesquels il est pr\u00e9vu la distribution de glace soft. C&#8217;est une machine compacte professionnelle qui permet de servir une bonne glace fra\u00eeche, en optimisant les espaces et en rendant son utilisation [&hellip;]","og_url":"https:\/\/www.iobevo.com\/online\/distributeurs\/creme-glacee-expresso\/?lang=fr","og_site_name":"io bevo\u00ae","article_modified_time":"2014-07-24T17:31:40+00:00","og_image":[{"width":1512,"height":400,"url":"https:\/\/www.iobevo.com\/online\/wp-content\/uploads\/2014\/01\/slide-2-bg-e1400667726929.png","type":"image\/png"}],"twitter_card":"summary_large_image","twitter_site":"@IoBevo","twitter_misc":{"Tempo di lettura stimato":"1 minuto"},"schema":{"@context":"https:\/\/schema.org","@graph":[{"@type":"WebPage","@id":"https:\/\/www.iobevo.com\/online\/distributeurs\/creme-glacee-expresso\/?lang=fr","url":"https:\/\/www.iobevo.com\/online\/distributeurs\/creme-glacee-expresso\/?lang=fr","name":"Cr\u00e8me glac\u00e9e expresso - io bevo\u00ae","isPartOf":{"@id":"https:\/\/www.iobevo.com\/online\/#website"},"primaryImageOfPage":{"@id":"https:\/\/www.iobevo.com\/online\/distributeurs\/creme-glacee-expresso\/?lang=fr#primaryimage"},"image":{"@id":"https:\/\/www.iobevo.com\/online\/distributeurs\/creme-glacee-expresso\/?lang=fr#primaryimage"},"thumbnailUrl":"https:\/\/www.iobevo.com\/online\/wp-content\/uploads\/2014\/01\/slide-2-bg-e1400667726929.png","datePublished":"2014-07-08T09:11:44+00:00","dateModified":"2014-07-24T17:31:40+00:00","breadcrumb":{"@id":"https:\/\/www.iobevo.com\/online\/distributeurs\/creme-glacee-expresso\/?lang=fr#breadcrumb"},"inLanguage":"it-IT","potentialAction":[{"@type":"ReadAction","target":["https:\/\/www.iobevo.com\/online\/distributeurs\/creme-glacee-expresso\/?lang=fr"]}]},{"@type":"ImageObject","inLanguage":"it-IT","@id":"https:\/\/www.iobevo.com\/online\/distributeurs\/creme-glacee-expresso\/?lang=fr#primaryimage","url":"https:\/\/www.iobevo.com\/online\/wp-content\/uploads\/2014\/01\/slide-2-bg-e1400667726929.png","contentUrl":"https:\/\/www.iobevo.com\/online\/wp-content\/uploads\/2014\/01\/slide-2-bg-e1400667726929.png","width":1512,"height":400},{"@type":"BreadcrumbList","@id":"https:\/\/www.iobevo.com\/online\/distributeurs\/creme-glacee-expresso\/?lang=fr#breadcrumb","itemListElement":[{"@type":"ListItem","position":1,"name":"Equipement","item":"https:\/\/www.iobevo.com\/online\/distributeurs\/?lang=fr"},{"@type":"ListItem","position":2,"name":"Cr\u00e8me glac\u00e9e expresso"}]},{"@type":"WebSite","@id":"https:\/\/www.iobevo.com\/online\/#website","url":"https:\/\/www.iobevo.com\/online\/","name":"io bevo\u00ae","description":"Drink Plastic free","publisher":{"@id":"https:\/\/www.iobevo.com\/online\/#organization"},"potentialAction":[{"@type":"SearchAction","target":{"@type":"EntryPoint","urlTemplate":"https:\/\/www.iobevo.com\/online\/?s={search_term_string}"},"query-input":{"@type":"PropertyValueSpecification","valueRequired":true,"valueName":"search_term_string"}}],"inLanguage":"it-IT"},{"@type":"Organization","@id":"https:\/\/www.iobevo.com\/online\/#organization","name":"General Beverage","url":"https:\/\/www.iobevo.com\/online\/","logo":{"@type":"ImageObject","inLanguage":"it-IT","@id":"https:\/\/www.iobevo.com\/online\/#\/schema\/logo\/image\/","url":"https:\/\/www.iobevo.com\/online\/wp-content\/uploads\/2014\/01\/logo_gb_horizontal_grey_160x47.png","contentUrl":"https:\/\/www.iobevo.com\/online\/wp-content\/uploads\/2014\/01\/logo_gb_horizontal_grey_160x47.png","width":160,"height":47,"caption":"General Beverage"},"image":{"@id":"https:\/\/www.iobevo.com\/online\/#\/schema\/logo\/image\/"},"sameAs":["https:\/\/x.com\/IoBevo"]}]}},"_links":{"self":[{"href":"https:\/\/www.iobevo.com\/online\/wp-json\/wp\/v2\/pages\/6294","targetHints":{"allow":["GET"]}}],"collection":[{"href":"https:\/\/www.iobevo.com\/online\/wp-json\/wp\/v2\/pages"}],"about":[{"href":"https:\/\/www.iobevo.com\/online\/wp-json\/wp\/v2\/types\/page"}],"author":[{"embeddable":true,"href":"https:\/\/www.iobevo.com\/online\/wp-json\/wp\/v2\/users\/58"}],"replies":[{"embeddable":true,"href":"https:\/\/www.iobevo.com\/online\/wp-json\/wp\/v2\/comments?post=6294"}],"version-history":[{"count":0,"href":"https:\/\/www.iobevo.com\/online\/wp-json\/wp\/v2\/pages\/6294\/revisions"}],"up":[{"embeddable":true,"href":"https:\/\/www.iobevo.com\/online\/wp-json\/wp\/v2\/pages\/6275"}],"wp:featuredmedia":[{"embeddable":true,"href":"https:\/\/www.iobevo.com\/online\/wp-json\/wp\/v2\/media\/2831"}],"wp:attachment":[{"href":"https:\/\/www.iobevo.com\/online\/wp-json\/wp\/v2\/media?parent=6294"}],"curies":[{"name":"wp","href":"https:\/\/api.w.org\/{rel}","templated":true}]}}