{"id":6306,"date":"2014-07-08T09:25:00","date_gmt":"2014-07-08T09:25:00","guid":{"rendered":"http:\/\/www.iobevo.com\/online\/?page_id=6306"},"modified":"2014-07-19T10:10:53","modified_gmt":"2014-07-19T10:10:53","slug":"acquajet","status":"publish","type":"page","link":"https:\/\/www.iobevo.com\/online\/distributeurs\/acquajet\/?lang=fr","title":{"rendered":"Acquajet"},"content":{"rendered":"<p><strong>Acqua Jet<\/strong>\u00a0est le distributeur compact que nous proposons pour le service de <a title=\"Io Pura\" href=\"http:\/\/www.iobevo.com\/online\/fr\/services-2\/pura\/\">fourniture d\u2019eau micro filtr\u00e9e<\/a> dans les petites et moyennes entreprises. La temp\u00e9rature de sortie de l&#8217;eau r\u00e9frig\u00e9r\u00e9e peut \u00eatre ajust\u00e9e en fonction des besoins sp\u00e9cifiques, tout comme peut \u00eatre ajust\u00e9e la gaz\u00e9ification.<\/p>\n<p>Il peut \u00eatre plac\u00e9 sur des comptoirs d\u00e9j\u00e0 install\u00e9s\u00a0dans la structure d&#8217;accueil ou sur un meuble de support\u00a0dont les dimensions sont indiqu\u00e9es dans la fiche technique.<\/p>\n<p>Il est dot\u00e9 de pr\u00e9-dosage, afin de faciliter, de la part du personnel ou des utilisateurs\u00a0le remplissage et la distribution de verres, carafes, bouteilles ou autres r\u00e9cipients.<\/p>\n<h3 class=\"title\"><span>Caract\u00e9ristiques techniques<\/span><\/h3>\n<div class=\"one_half\">\n<div class=\"description clearfix style-1\">\n<p>Largeur:\u00a0<strong>mm 280<\/strong><\/p>\n<p>Profondeur:\u00a0<strong>mm 520<\/strong><\/p>\n<p>Hauteur mm:\u00a0<strong>900<\/strong><\/p>\n<p>Volt\/Hertz:\u00a0<strong>220 V &#8211; 50 Hz<\/strong><\/p>\n<p>Production horaire:\u00a0<strong>30 Lt\/ora<\/strong><\/p>\n<p>Puissance maximale absorb\u00e9e:\u00a0<strong>350\u00a0watt<\/strong><\/p>\n<p>Corps:\u00a0<strong>acier\/plastique<\/strong><\/p>\n<p>Nombre de doses:\u00a0<strong>2<\/strong><\/p>\n<p>Temp\u00e9rature:\u00a0<strong>r\u00e9glable<\/strong><\/p>\n<p>Gaz\u00e9ification:\u00a0<strong>r\u00e9glable<\/strong><\/p>\n<p>Clavier:\u00a0<strong>membrane<\/strong><\/p>\n<p>Prise de courant:\u00a0<strong>Schuko<\/strong><\/p>\n<p>Arriv\u00e9e d&#8217;eau:\u00a0<strong>\u00bd \u201c<\/strong><\/p>\n<p>Poids:\u00a0<strong>Kg 20<\/strong><\/p>\n<p style=\"text-align: center;\"><\/div>\n<\/div>\n<div class=\"one_half last\"><img fetchpriority=\"high\" decoding=\"async\" class=\"aligncenter wp-image-3434\" src=\"http:\/\/iobevo.com\/online\/wp-content\/uploads\/2014\/04\/acquajet.jpg\" alt=\"acquajet\" width=\"228\" height=\"631\" srcset=\"https:\/\/www.iobevo.com\/online\/wp-content\/uploads\/2014\/04\/acquajet.jpg 272w, https:\/\/www.iobevo.com\/online\/wp-content\/uploads\/2014\/04\/acquajet-108x300.jpg 108w\" sizes=\"(max-width: 228px) 100vw, 228px\" \/><\/div>\n<div class=\"clear\"><\/div><\/p>\n","protected":false},"excerpt":{"rendered":"<p>Acqua Jet\u00a0est le distributeur compact que nous proposons pour le service de fourniture d\u2019eau micro filtr\u00e9e dans les petites et moyennes entreprises. La temp\u00e9rature de sortie de l&#8217;eau r\u00e9frig\u00e9r\u00e9e peut \u00eatre ajust\u00e9e en fonction des besoins sp\u00e9cifiques, tout comme peut \u00eatre ajust\u00e9e la gaz\u00e9ification. Il peut \u00eatre plac\u00e9 sur des [&hellip;]<\/p>\n","protected":false},"author":58,"featured_media":2831,"parent":6275,"menu_order":10,"comment_status":"open","ping_status":"closed","template":"","meta":{"footnotes":""},"class_list":["post-6306","page","type-page","status-publish","has-post-thumbnail","hentry"],"yoast_head":"<!-- This site is optimized with the Yoast SEO plugin v27.5 - https:\/\/yoast.com\/product\/yoast-seo-wordpress\/ -->\n<title>Acquajet  - io bevo\u00ae<\/title>\n<meta name=\"robots\" content=\"index, follow, max-snippet:-1, max-image-preview:large, max-video-preview:-1\" \/>\n<link rel=\"canonical\" href=\"https:\/\/www.iobevo.com\/online\/distributeurs\/acquajet\/?lang=fr\" \/>\n<meta property=\"og:locale\" content=\"it_IT\" \/>\n<meta property=\"og:type\" content=\"article\" \/>\n<meta property=\"og:title\" content=\"Acquajet  - io bevo\u00ae\" \/>\n<meta property=\"og:description\" content=\"Acqua Jet\u00a0est le distributeur compact que nous proposons pour le service de fourniture d\u2019eau micro filtr\u00e9e dans les petites et moyennes entreprises. La temp\u00e9rature de sortie de l&#8217;eau r\u00e9frig\u00e9r\u00e9e peut \u00eatre ajust\u00e9e en fonction des besoins sp\u00e9cifiques, tout comme peut \u00eatre ajust\u00e9e la gaz\u00e9ification. Il peut \u00eatre plac\u00e9 sur des [&hellip;]\" \/>\n<meta property=\"og:url\" content=\"https:\/\/www.iobevo.com\/online\/distributeurs\/acquajet\/?lang=fr\" \/>\n<meta property=\"og:site_name\" content=\"io bevo\u00ae\" \/>\n<meta property=\"article:modified_time\" content=\"2014-07-19T10:10:53+00:00\" \/>\n<meta property=\"og:image\" content=\"https:\/\/www.iobevo.com\/online\/wp-content\/uploads\/2014\/01\/slide-2-bg-e1400667726929.png\" \/>\n\t<meta property=\"og:image:width\" content=\"1512\" \/>\n\t<meta property=\"og:image:height\" content=\"400\" \/>\n\t<meta property=\"og:image:type\" content=\"image\/png\" \/>\n<meta name=\"twitter:card\" content=\"summary_large_image\" \/>\n<meta name=\"twitter:site\" content=\"@IoBevo\" \/>\n<meta name=\"twitter:label1\" content=\"Tempo di lettura stimato\" \/>\n\t<meta name=\"twitter:data1\" content=\"1 minuto\" \/>\n<script type=\"application\/ld+json\" class=\"yoast-schema-graph\">{\"@context\":\"https:\\\/\\\/schema.org\",\"@graph\":[{\"@type\":\"WebPage\",\"@id\":\"https:\\\/\\\/www.iobevo.com\\\/online\\\/distributeurs\\\/acquajet\\\/?lang=fr\",\"url\":\"https:\\\/\\\/www.iobevo.com\\\/online\\\/distributeurs\\\/acquajet\\\/?lang=fr\",\"name\":\"Acquajet - io bevo\u00ae\",\"isPartOf\":{\"@id\":\"https:\\\/\\\/www.iobevo.com\\\/online\\\/#website\"},\"primaryImageOfPage\":{\"@id\":\"https:\\\/\\\/www.iobevo.com\\\/online\\\/distributeurs\\\/acquajet\\\/?lang=fr#primaryimage\"},\"image\":{\"@id\":\"https:\\\/\\\/www.iobevo.com\\\/online\\\/distributeurs\\\/acquajet\\\/?lang=fr#primaryimage\"},\"thumbnailUrl\":\"https:\\\/\\\/www.iobevo.com\\\/online\\\/wp-content\\\/uploads\\\/2014\\\/01\\\/slide-2-bg-e1400667726929.png\",\"datePublished\":\"2014-07-08T09:25:00+00:00\",\"dateModified\":\"2014-07-19T10:10:53+00:00\",\"breadcrumb\":{\"@id\":\"https:\\\/\\\/www.iobevo.com\\\/online\\\/distributeurs\\\/acquajet\\\/?lang=fr#breadcrumb\"},\"inLanguage\":\"it-IT\",\"potentialAction\":[{\"@type\":\"ReadAction\",\"target\":[\"https:\\\/\\\/www.iobevo.com\\\/online\\\/distributeurs\\\/acquajet\\\/?lang=fr\"]}]},{\"@type\":\"ImageObject\",\"inLanguage\":\"it-IT\",\"@id\":\"https:\\\/\\\/www.iobevo.com\\\/online\\\/distributeurs\\\/acquajet\\\/?lang=fr#primaryimage\",\"url\":\"https:\\\/\\\/www.iobevo.com\\\/online\\\/wp-content\\\/uploads\\\/2014\\\/01\\\/slide-2-bg-e1400667726929.png\",\"contentUrl\":\"https:\\\/\\\/www.iobevo.com\\\/online\\\/wp-content\\\/uploads\\\/2014\\\/01\\\/slide-2-bg-e1400667726929.png\",\"width\":1512,\"height\":400},{\"@type\":\"BreadcrumbList\",\"@id\":\"https:\\\/\\\/www.iobevo.com\\\/online\\\/distributeurs\\\/acquajet\\\/?lang=fr#breadcrumb\",\"itemListElement\":[{\"@type\":\"ListItem\",\"position\":1,\"name\":\"Equipement\",\"item\":\"https:\\\/\\\/www.iobevo.com\\\/online\\\/distributeurs\\\/?lang=fr\"},{\"@type\":\"ListItem\",\"position\":2,\"name\":\"Acquajet\"}]},{\"@type\":\"WebSite\",\"@id\":\"https:\\\/\\\/www.iobevo.com\\\/online\\\/#website\",\"url\":\"https:\\\/\\\/www.iobevo.com\\\/online\\\/\",\"name\":\"io bevo\u00ae\",\"description\":\"Drink Plastic free\",\"publisher\":{\"@id\":\"https:\\\/\\\/www.iobevo.com\\\/online\\\/#organization\"},\"potentialAction\":[{\"@type\":\"SearchAction\",\"target\":{\"@type\":\"EntryPoint\",\"urlTemplate\":\"https:\\\/\\\/www.iobevo.com\\\/online\\\/?s={search_term_string}\"},\"query-input\":{\"@type\":\"PropertyValueSpecification\",\"valueRequired\":true,\"valueName\":\"search_term_string\"}}],\"inLanguage\":\"it-IT\"},{\"@type\":\"Organization\",\"@id\":\"https:\\\/\\\/www.iobevo.com\\\/online\\\/#organization\",\"name\":\"General Beverage\",\"url\":\"https:\\\/\\\/www.iobevo.com\\\/online\\\/\",\"logo\":{\"@type\":\"ImageObject\",\"inLanguage\":\"it-IT\",\"@id\":\"https:\\\/\\\/www.iobevo.com\\\/online\\\/#\\\/schema\\\/logo\\\/image\\\/\",\"url\":\"https:\\\/\\\/www.iobevo.com\\\/online\\\/wp-content\\\/uploads\\\/2014\\\/01\\\/logo_gb_horizontal_grey_160x47.png\",\"contentUrl\":\"https:\\\/\\\/www.iobevo.com\\\/online\\\/wp-content\\\/uploads\\\/2014\\\/01\\\/logo_gb_horizontal_grey_160x47.png\",\"width\":160,\"height\":47,\"caption\":\"General Beverage\"},\"image\":{\"@id\":\"https:\\\/\\\/www.iobevo.com\\\/online\\\/#\\\/schema\\\/logo\\\/image\\\/\"},\"sameAs\":[\"https:\\\/\\\/x.com\\\/IoBevo\"]}]}<\/script>\n<!-- \/ Yoast SEO plugin. -->","yoast_head_json":{"title":"Acquajet  - io bevo\u00ae","robots":{"index":"index","follow":"follow","max-snippet":"max-snippet:-1","max-image-preview":"max-image-preview:large","max-video-preview":"max-video-preview:-1"},"canonical":"https:\/\/www.iobevo.com\/online\/distributeurs\/acquajet\/?lang=fr","og_locale":"it_IT","og_type":"article","og_title":"Acquajet  - io bevo\u00ae","og_description":"Acqua Jet\u00a0est le distributeur compact que nous proposons pour le service de fourniture d\u2019eau micro filtr\u00e9e dans les petites et moyennes entreprises. La temp\u00e9rature de sortie de l&#8217;eau r\u00e9frig\u00e9r\u00e9e peut \u00eatre ajust\u00e9e en fonction des besoins sp\u00e9cifiques, tout comme peut \u00eatre ajust\u00e9e la gaz\u00e9ification. Il peut \u00eatre plac\u00e9 sur des [&hellip;]","og_url":"https:\/\/www.iobevo.com\/online\/distributeurs\/acquajet\/?lang=fr","og_site_name":"io bevo\u00ae","article_modified_time":"2014-07-19T10:10:53+00:00","og_image":[{"width":1512,"height":400,"url":"https:\/\/www.iobevo.com\/online\/wp-content\/uploads\/2014\/01\/slide-2-bg-e1400667726929.png","type":"image\/png"}],"twitter_card":"summary_large_image","twitter_site":"@IoBevo","twitter_misc":{"Tempo di lettura stimato":"1 minuto"},"schema":{"@context":"https:\/\/schema.org","@graph":[{"@type":"WebPage","@id":"https:\/\/www.iobevo.com\/online\/distributeurs\/acquajet\/?lang=fr","url":"https:\/\/www.iobevo.com\/online\/distributeurs\/acquajet\/?lang=fr","name":"Acquajet - io bevo\u00ae","isPartOf":{"@id":"https:\/\/www.iobevo.com\/online\/#website"},"primaryImageOfPage":{"@id":"https:\/\/www.iobevo.com\/online\/distributeurs\/acquajet\/?lang=fr#primaryimage"},"image":{"@id":"https:\/\/www.iobevo.com\/online\/distributeurs\/acquajet\/?lang=fr#primaryimage"},"thumbnailUrl":"https:\/\/www.iobevo.com\/online\/wp-content\/uploads\/2014\/01\/slide-2-bg-e1400667726929.png","datePublished":"2014-07-08T09:25:00+00:00","dateModified":"2014-07-19T10:10:53+00:00","breadcrumb":{"@id":"https:\/\/www.iobevo.com\/online\/distributeurs\/acquajet\/?lang=fr#breadcrumb"},"inLanguage":"it-IT","potentialAction":[{"@type":"ReadAction","target":["https:\/\/www.iobevo.com\/online\/distributeurs\/acquajet\/?lang=fr"]}]},{"@type":"ImageObject","inLanguage":"it-IT","@id":"https:\/\/www.iobevo.com\/online\/distributeurs\/acquajet\/?lang=fr#primaryimage","url":"https:\/\/www.iobevo.com\/online\/wp-content\/uploads\/2014\/01\/slide-2-bg-e1400667726929.png","contentUrl":"https:\/\/www.iobevo.com\/online\/wp-content\/uploads\/2014\/01\/slide-2-bg-e1400667726929.png","width":1512,"height":400},{"@type":"BreadcrumbList","@id":"https:\/\/www.iobevo.com\/online\/distributeurs\/acquajet\/?lang=fr#breadcrumb","itemListElement":[{"@type":"ListItem","position":1,"name":"Equipement","item":"https:\/\/www.iobevo.com\/online\/distributeurs\/?lang=fr"},{"@type":"ListItem","position":2,"name":"Acquajet"}]},{"@type":"WebSite","@id":"https:\/\/www.iobevo.com\/online\/#website","url":"https:\/\/www.iobevo.com\/online\/","name":"io bevo\u00ae","description":"Drink Plastic free","publisher":{"@id":"https:\/\/www.iobevo.com\/online\/#organization"},"potentialAction":[{"@type":"SearchAction","target":{"@type":"EntryPoint","urlTemplate":"https:\/\/www.iobevo.com\/online\/?s={search_term_string}"},"query-input":{"@type":"PropertyValueSpecification","valueRequired":true,"valueName":"search_term_string"}}],"inLanguage":"it-IT"},{"@type":"Organization","@id":"https:\/\/www.iobevo.com\/online\/#organization","name":"General Beverage","url":"https:\/\/www.iobevo.com\/online\/","logo":{"@type":"ImageObject","inLanguage":"it-IT","@id":"https:\/\/www.iobevo.com\/online\/#\/schema\/logo\/image\/","url":"https:\/\/www.iobevo.com\/online\/wp-content\/uploads\/2014\/01\/logo_gb_horizontal_grey_160x47.png","contentUrl":"https:\/\/www.iobevo.com\/online\/wp-content\/uploads\/2014\/01\/logo_gb_horizontal_grey_160x47.png","width":160,"height":47,"caption":"General Beverage"},"image":{"@id":"https:\/\/www.iobevo.com\/online\/#\/schema\/logo\/image\/"},"sameAs":["https:\/\/x.com\/IoBevo"]}]}},"_links":{"self":[{"href":"https:\/\/www.iobevo.com\/online\/wp-json\/wp\/v2\/pages\/6306","targetHints":{"allow":["GET"]}}],"collection":[{"href":"https:\/\/www.iobevo.com\/online\/wp-json\/wp\/v2\/pages"}],"about":[{"href":"https:\/\/www.iobevo.com\/online\/wp-json\/wp\/v2\/types\/page"}],"author":[{"embeddable":true,"href":"https:\/\/www.iobevo.com\/online\/wp-json\/wp\/v2\/users\/58"}],"replies":[{"embeddable":true,"href":"https:\/\/www.iobevo.com\/online\/wp-json\/wp\/v2\/comments?post=6306"}],"version-history":[{"count":0,"href":"https:\/\/www.iobevo.com\/online\/wp-json\/wp\/v2\/pages\/6306\/revisions"}],"up":[{"embeddable":true,"href":"https:\/\/www.iobevo.com\/online\/wp-json\/wp\/v2\/pages\/6275"}],"wp:featuredmedia":[{"embeddable":true,"href":"https:\/\/www.iobevo.com\/online\/wp-json\/wp\/v2\/media\/2831"}],"wp:attachment":[{"href":"https:\/\/www.iobevo.com\/online\/wp-json\/wp\/v2\/media?parent=6306"}],"curies":[{"name":"wp","href":"https:\/\/api.w.org\/{rel}","templated":true}]}}