{"id":6308,"date":"2014-07-08T09:25:37","date_gmt":"2014-07-08T09:25:37","guid":{"rendered":"http:\/\/www.iobevo.com\/online\/?page_id=6308"},"modified":"2018-02-19T18:56:01","modified_gmt":"2018-02-19T16:56:01","slug":"danubio","status":"publish","type":"page","link":"https:\/\/www.iobevo.com\/online\/distributeurs\/danubio\/?lang=fr","title":{"rendered":"Danubio"},"content":{"rendered":"<p><strong>Danubio<\/strong> est le distributeur compact que io bevo propose, pour les moyennes et grandes entreprises, pour la fourniture d&#8217;eau plate micro filtr\u00e9e r\u00e9frig\u00e9r\u00e9e, eau gazeuse r\u00e9frig\u00e9r\u00e9e, eau plate \u00e0 temp\u00e9rature ambiante.<\/p>\n<p>La temp\u00e9rature de sortie de l&#8217;eau r\u00e9frig\u00e9r\u00e9e peut \u00eatre ajust\u00e9e en fonction des exigences sp\u00e9cifiques, tout comme peut \u00eatre r\u00e9gl\u00e9e la gaz\u00e9ification.<\/p>\n<p>Il peut \u00eatre plac\u00e9 sur des comptoirs d\u00e9j\u00e0 install\u00e9s dans la structure\/\u2019entreprise ou sur un meuble d&#8217;appui dont les dimensions sont indiqu\u00e9es dans la fiche technique.<\/p>\n<h3 class=\"title\"><span>Caract\u00e9ristiques techniques<\/span><\/h3>\n<div class=\"one_half\">\n<div class=\"description clearfix style-1 \">\n<p style=\"text-align: left;\">Parois externes en:\u00a0<strong>inox<\/strong><br \/>\nsyst\u00e8me de refroidissement:<strong>\u00a0compteur de glace<\/strong><br \/>\ncapacit\u00e9 de d\u00e9bit:\u00a0<strong>120 lt\/h<\/strong><br \/>\nCapacit\u00e9 de r\u00e9frig\u00e9ration:\u00a0<strong>360W\/310Kcal<\/strong><br \/>\nCapacit\u00e9 de sortie soda:\u00a0<strong>3 lt\/m<\/strong><br \/>\nCapacit\u00e9 de carbonate:\u00a0<strong>1,2 lt<\/strong><br \/>\nPompe de carbonations:<strong>\u00a0rotative 200 lt\/h<\/strong><br \/>\nCompresseur:\u00a0<strong>1\/4hp<\/strong><br \/>\nGaz r\u00e9frig\u00e9rant:<strong>\u00a0r134a<\/strong><br \/>\nPuissance absorbable:\u00a0<strong>650 W<\/strong><br \/>\nTension:\u00a0<strong>220-230Volt \/ 50hz<\/strong><br \/>\nPoids:\u00a0<strong>42 kg<\/strong><br \/>\nDimensions:\u00a0<strong>L 330 mm x P 526 mm x H 485,5 mm<\/strong><\/p>\n<p style=\"text-align: center;\"><\/div>\n<\/div>\n<div class=\"one_half last\"><span class=\"responsive\"><img fetchpriority=\"high\" decoding=\"async\" class=\"alignnone size-full wp-image-11059\" src=\"https:\/\/www.iobevo.com\/online\/wp-content\/uploads\/2014\/04\/danubio.jpg\" alt=\"Danubio\" width=\"309\" height=\"359\" srcset=\"https:\/\/www.iobevo.com\/online\/wp-content\/uploads\/2014\/04\/danubio.jpg 309w, https:\/\/www.iobevo.com\/online\/wp-content\/uploads\/2014\/04\/danubio-258x300.jpg 258w\" sizes=\"(max-width: 309px) 100vw, 309px\" \/><\/span><\/div>\n<div class=\"clear\"><\/div><\/p>\n","protected":false},"excerpt":{"rendered":"<p>Danubio est le distributeur compact que io bevo propose, pour les moyennes et grandes entreprises, pour la fourniture d&#8217;eau plate micro filtr\u00e9e r\u00e9frig\u00e9r\u00e9e, eau gazeuse r\u00e9frig\u00e9r\u00e9e, eau plate \u00e0 temp\u00e9rature ambiante. La temp\u00e9rature de sortie de l&#8217;eau r\u00e9frig\u00e9r\u00e9e peut \u00eatre ajust\u00e9e en fonction des exigences sp\u00e9cifiques, tout comme peut \u00eatre [&hellip;]<\/p>\n","protected":false},"author":58,"featured_media":2831,"parent":6275,"menu_order":11,"comment_status":"open","ping_status":"closed","template":"","meta":{"footnotes":""},"class_list":["post-6308","page","type-page","status-publish","has-post-thumbnail","hentry"],"yoast_head":"<!-- This site is optimized with the Yoast SEO plugin v27.6 - https:\/\/yoast.com\/product\/yoast-seo-wordpress\/ -->\n<title>Danubio - io bevo\u00ae<\/title>\n<meta name=\"robots\" content=\"index, follow, max-snippet:-1, max-image-preview:large, max-video-preview:-1\" \/>\n<link rel=\"canonical\" href=\"https:\/\/www.iobevo.com\/online\/distributeurs\/danubio\/?lang=fr\" \/>\n<meta property=\"og:locale\" content=\"it_IT\" \/>\n<meta property=\"og:type\" content=\"article\" \/>\n<meta property=\"og:title\" content=\"Danubio - io bevo\u00ae\" \/>\n<meta property=\"og:description\" content=\"Danubio est le distributeur compact que io bevo propose, pour les moyennes et grandes entreprises, pour la fourniture d&#8217;eau plate micro filtr\u00e9e r\u00e9frig\u00e9r\u00e9e, eau gazeuse r\u00e9frig\u00e9r\u00e9e, eau plate \u00e0 temp\u00e9rature ambiante. La temp\u00e9rature de sortie de l&#8217;eau r\u00e9frig\u00e9r\u00e9e peut \u00eatre ajust\u00e9e en fonction des exigences sp\u00e9cifiques, tout comme peut \u00eatre [&hellip;]\" \/>\n<meta property=\"og:url\" content=\"https:\/\/www.iobevo.com\/online\/distributeurs\/danubio\/?lang=fr\" \/>\n<meta property=\"og:site_name\" content=\"io bevo\u00ae\" \/>\n<meta property=\"article:modified_time\" content=\"2018-02-19T16:56:01+00:00\" \/>\n<meta property=\"og:image\" content=\"https:\/\/www.iobevo.com\/online\/wp-content\/uploads\/2014\/01\/slide-2-bg-e1400667726929.png\" \/>\n\t<meta property=\"og:image:width\" content=\"1512\" \/>\n\t<meta property=\"og:image:height\" content=\"400\" \/>\n\t<meta property=\"og:image:type\" content=\"image\/png\" \/>\n<meta name=\"twitter:card\" content=\"summary_large_image\" \/>\n<meta name=\"twitter:site\" content=\"@IoBevo\" \/>\n<meta name=\"twitter:label1\" content=\"Tempo di lettura stimato\" \/>\n\t<meta name=\"twitter:data1\" content=\"1 minuto\" \/>\n<script type=\"application\/ld+json\" class=\"yoast-schema-graph\">{\"@context\":\"https:\\\/\\\/schema.org\",\"@graph\":[{\"@type\":\"WebPage\",\"@id\":\"https:\\\/\\\/www.iobevo.com\\\/online\\\/distributeurs\\\/danubio\\\/?lang=fr\",\"url\":\"https:\\\/\\\/www.iobevo.com\\\/online\\\/distributeurs\\\/danubio\\\/?lang=fr\",\"name\":\"Danubio - io bevo\u00ae\",\"isPartOf\":{\"@id\":\"https:\\\/\\\/www.iobevo.com\\\/online\\\/#website\"},\"primaryImageOfPage\":{\"@id\":\"https:\\\/\\\/www.iobevo.com\\\/online\\\/distributeurs\\\/danubio\\\/?lang=fr#primaryimage\"},\"image\":{\"@id\":\"https:\\\/\\\/www.iobevo.com\\\/online\\\/distributeurs\\\/danubio\\\/?lang=fr#primaryimage\"},\"thumbnailUrl\":\"https:\\\/\\\/www.iobevo.com\\\/online\\\/wp-content\\\/uploads\\\/2014\\\/01\\\/slide-2-bg-e1400667726929.png\",\"datePublished\":\"2014-07-08T09:25:37+00:00\",\"dateModified\":\"2018-02-19T16:56:01+00:00\",\"breadcrumb\":{\"@id\":\"https:\\\/\\\/www.iobevo.com\\\/online\\\/distributeurs\\\/danubio\\\/?lang=fr#breadcrumb\"},\"inLanguage\":\"it-IT\",\"potentialAction\":[{\"@type\":\"ReadAction\",\"target\":[\"https:\\\/\\\/www.iobevo.com\\\/online\\\/distributeurs\\\/danubio\\\/?lang=fr\"]}]},{\"@type\":\"ImageObject\",\"inLanguage\":\"it-IT\",\"@id\":\"https:\\\/\\\/www.iobevo.com\\\/online\\\/distributeurs\\\/danubio\\\/?lang=fr#primaryimage\",\"url\":\"https:\\\/\\\/www.iobevo.com\\\/online\\\/wp-content\\\/uploads\\\/2014\\\/01\\\/slide-2-bg-e1400667726929.png\",\"contentUrl\":\"https:\\\/\\\/www.iobevo.com\\\/online\\\/wp-content\\\/uploads\\\/2014\\\/01\\\/slide-2-bg-e1400667726929.png\",\"width\":1512,\"height\":400},{\"@type\":\"BreadcrumbList\",\"@id\":\"https:\\\/\\\/www.iobevo.com\\\/online\\\/distributeurs\\\/danubio\\\/?lang=fr#breadcrumb\",\"itemListElement\":[{\"@type\":\"ListItem\",\"position\":1,\"name\":\"Equipement\",\"item\":\"https:\\\/\\\/www.iobevo.com\\\/online\\\/distributeurs\\\/?lang=fr\"},{\"@type\":\"ListItem\",\"position\":2,\"name\":\"Danubio\"}]},{\"@type\":\"WebSite\",\"@id\":\"https:\\\/\\\/www.iobevo.com\\\/online\\\/#website\",\"url\":\"https:\\\/\\\/www.iobevo.com\\\/online\\\/\",\"name\":\"io bevo\u00ae\",\"description\":\"Drink Plastic free\",\"publisher\":{\"@id\":\"https:\\\/\\\/www.iobevo.com\\\/online\\\/#organization\"},\"potentialAction\":[{\"@type\":\"SearchAction\",\"target\":{\"@type\":\"EntryPoint\",\"urlTemplate\":\"https:\\\/\\\/www.iobevo.com\\\/online\\\/?s={search_term_string}\"},\"query-input\":{\"@type\":\"PropertyValueSpecification\",\"valueRequired\":true,\"valueName\":\"search_term_string\"}}],\"inLanguage\":\"it-IT\"},{\"@type\":\"Organization\",\"@id\":\"https:\\\/\\\/www.iobevo.com\\\/online\\\/#organization\",\"name\":\"General Beverage\",\"url\":\"https:\\\/\\\/www.iobevo.com\\\/online\\\/\",\"logo\":{\"@type\":\"ImageObject\",\"inLanguage\":\"it-IT\",\"@id\":\"https:\\\/\\\/www.iobevo.com\\\/online\\\/#\\\/schema\\\/logo\\\/image\\\/\",\"url\":\"https:\\\/\\\/www.iobevo.com\\\/online\\\/wp-content\\\/uploads\\\/2014\\\/01\\\/logo_gb_horizontal_grey_160x47.png\",\"contentUrl\":\"https:\\\/\\\/www.iobevo.com\\\/online\\\/wp-content\\\/uploads\\\/2014\\\/01\\\/logo_gb_horizontal_grey_160x47.png\",\"width\":160,\"height\":47,\"caption\":\"General Beverage\"},\"image\":{\"@id\":\"https:\\\/\\\/www.iobevo.com\\\/online\\\/#\\\/schema\\\/logo\\\/image\\\/\"},\"sameAs\":[\"https:\\\/\\\/x.com\\\/IoBevo\"]}]}<\/script>\n<!-- \/ Yoast SEO plugin. -->","yoast_head_json":{"title":"Danubio - io bevo\u00ae","robots":{"index":"index","follow":"follow","max-snippet":"max-snippet:-1","max-image-preview":"max-image-preview:large","max-video-preview":"max-video-preview:-1"},"canonical":"https:\/\/www.iobevo.com\/online\/distributeurs\/danubio\/?lang=fr","og_locale":"it_IT","og_type":"article","og_title":"Danubio - io bevo\u00ae","og_description":"Danubio est le distributeur compact que io bevo propose, pour les moyennes et grandes entreprises, pour la fourniture d&#8217;eau plate micro filtr\u00e9e r\u00e9frig\u00e9r\u00e9e, eau gazeuse r\u00e9frig\u00e9r\u00e9e, eau plate \u00e0 temp\u00e9rature ambiante. La temp\u00e9rature de sortie de l&#8217;eau r\u00e9frig\u00e9r\u00e9e peut \u00eatre ajust\u00e9e en fonction des exigences sp\u00e9cifiques, tout comme peut \u00eatre [&hellip;]","og_url":"https:\/\/www.iobevo.com\/online\/distributeurs\/danubio\/?lang=fr","og_site_name":"io bevo\u00ae","article_modified_time":"2018-02-19T16:56:01+00:00","og_image":[{"width":1512,"height":400,"url":"https:\/\/www.iobevo.com\/online\/wp-content\/uploads\/2014\/01\/slide-2-bg-e1400667726929.png","type":"image\/png"}],"twitter_card":"summary_large_image","twitter_site":"@IoBevo","twitter_misc":{"Tempo di lettura stimato":"1 minuto"},"schema":{"@context":"https:\/\/schema.org","@graph":[{"@type":"WebPage","@id":"https:\/\/www.iobevo.com\/online\/distributeurs\/danubio\/?lang=fr","url":"https:\/\/www.iobevo.com\/online\/distributeurs\/danubio\/?lang=fr","name":"Danubio - io bevo\u00ae","isPartOf":{"@id":"https:\/\/www.iobevo.com\/online\/#website"},"primaryImageOfPage":{"@id":"https:\/\/www.iobevo.com\/online\/distributeurs\/danubio\/?lang=fr#primaryimage"},"image":{"@id":"https:\/\/www.iobevo.com\/online\/distributeurs\/danubio\/?lang=fr#primaryimage"},"thumbnailUrl":"https:\/\/www.iobevo.com\/online\/wp-content\/uploads\/2014\/01\/slide-2-bg-e1400667726929.png","datePublished":"2014-07-08T09:25:37+00:00","dateModified":"2018-02-19T16:56:01+00:00","breadcrumb":{"@id":"https:\/\/www.iobevo.com\/online\/distributeurs\/danubio\/?lang=fr#breadcrumb"},"inLanguage":"it-IT","potentialAction":[{"@type":"ReadAction","target":["https:\/\/www.iobevo.com\/online\/distributeurs\/danubio\/?lang=fr"]}]},{"@type":"ImageObject","inLanguage":"it-IT","@id":"https:\/\/www.iobevo.com\/online\/distributeurs\/danubio\/?lang=fr#primaryimage","url":"https:\/\/www.iobevo.com\/online\/wp-content\/uploads\/2014\/01\/slide-2-bg-e1400667726929.png","contentUrl":"https:\/\/www.iobevo.com\/online\/wp-content\/uploads\/2014\/01\/slide-2-bg-e1400667726929.png","width":1512,"height":400},{"@type":"BreadcrumbList","@id":"https:\/\/www.iobevo.com\/online\/distributeurs\/danubio\/?lang=fr#breadcrumb","itemListElement":[{"@type":"ListItem","position":1,"name":"Equipement","item":"https:\/\/www.iobevo.com\/online\/distributeurs\/?lang=fr"},{"@type":"ListItem","position":2,"name":"Danubio"}]},{"@type":"WebSite","@id":"https:\/\/www.iobevo.com\/online\/#website","url":"https:\/\/www.iobevo.com\/online\/","name":"io bevo\u00ae","description":"Drink Plastic free","publisher":{"@id":"https:\/\/www.iobevo.com\/online\/#organization"},"potentialAction":[{"@type":"SearchAction","target":{"@type":"EntryPoint","urlTemplate":"https:\/\/www.iobevo.com\/online\/?s={search_term_string}"},"query-input":{"@type":"PropertyValueSpecification","valueRequired":true,"valueName":"search_term_string"}}],"inLanguage":"it-IT"},{"@type":"Organization","@id":"https:\/\/www.iobevo.com\/online\/#organization","name":"General Beverage","url":"https:\/\/www.iobevo.com\/online\/","logo":{"@type":"ImageObject","inLanguage":"it-IT","@id":"https:\/\/www.iobevo.com\/online\/#\/schema\/logo\/image\/","url":"https:\/\/www.iobevo.com\/online\/wp-content\/uploads\/2014\/01\/logo_gb_horizontal_grey_160x47.png","contentUrl":"https:\/\/www.iobevo.com\/online\/wp-content\/uploads\/2014\/01\/logo_gb_horizontal_grey_160x47.png","width":160,"height":47,"caption":"General Beverage"},"image":{"@id":"https:\/\/www.iobevo.com\/online\/#\/schema\/logo\/image\/"},"sameAs":["https:\/\/x.com\/IoBevo"]}]}},"_links":{"self":[{"href":"https:\/\/www.iobevo.com\/online\/wp-json\/wp\/v2\/pages\/6308","targetHints":{"allow":["GET"]}}],"collection":[{"href":"https:\/\/www.iobevo.com\/online\/wp-json\/wp\/v2\/pages"}],"about":[{"href":"https:\/\/www.iobevo.com\/online\/wp-json\/wp\/v2\/types\/page"}],"author":[{"embeddable":true,"href":"https:\/\/www.iobevo.com\/online\/wp-json\/wp\/v2\/users\/58"}],"replies":[{"embeddable":true,"href":"https:\/\/www.iobevo.com\/online\/wp-json\/wp\/v2\/comments?post=6308"}],"version-history":[{"count":0,"href":"https:\/\/www.iobevo.com\/online\/wp-json\/wp\/v2\/pages\/6308\/revisions"}],"up":[{"embeddable":true,"href":"https:\/\/www.iobevo.com\/online\/wp-json\/wp\/v2\/pages\/6275"}],"wp:featuredmedia":[{"embeddable":true,"href":"https:\/\/www.iobevo.com\/online\/wp-json\/wp\/v2\/media\/2831"}],"wp:attachment":[{"href":"https:\/\/www.iobevo.com\/online\/wp-json\/wp\/v2\/media?parent=6308"}],"curies":[{"name":"wp","href":"https:\/\/api.w.org\/{rel}","templated":true}]}}