{"id":6310,"date":"2014-07-08T09:26:33","date_gmt":"2014-07-08T09:26:33","guid":{"rendered":"http:\/\/www.iobevo.com\/online\/?page_id=6310"},"modified":"2017-08-09T19:23:59","modified_gmt":"2017-08-09T17:23:59","slug":"big-5-catering-ristosano","status":"publish","type":"page","link":"https:\/\/www.iobevo.com\/online\/distributeurs\/big-5-catering-ristosano\/?lang=fr","title":{"rendered":"Big 5 catering RistoSano\u00ae"},"content":{"rendered":"<p><strong>Big 5 catering RistoSano<\/strong>\u00ae\u00a0est l&#8217;\u00e9quipement de cuisine que nous proposons pour la r\u00e9alisation du service\u00a0<a title=\"RistoSano\u00ae\" href=\"http:\/\/www.iosano.com\/online\/fr\/services\/ristosano\/\"><span class=\"mark2\">RistoSano<\/span><\/a><span class=\"mark3\">\u00ae<\/span>.<br \/>\nIl est install\u00e9 \u00e0 la cuisine pour \u00eatre utilis\u00e9 par le personnel avec distribution en r\u00e9cipients ad-hoc ou en assiettes individuelles. La pr\u00e9paration des \u00e9quipements et des formats de distribution est effectu\u00e9e au fur et \u00e0 mesure sur la base des menus et des besoins sp\u00e9cifiques.<\/p>\n<p>Les caract\u00e9ristiques des \u00e9quipements permettent un large \u00e9ventail de possibilit\u00e9s et de combinaisons afin de r\u00e9pondre de la meilleure fa\u00e7on aux besoins sp\u00e9cifiques des menus et des r\u00e9gimes alimentaires.<\/p>\n<div class=\"gap\" style=\"height: 30px;\"><\/div>\n<h3 class=\"title\"><span>Caract\u00e9ristiques techniques<\/span><\/h3>\n<div class=\"one_half\">\n<div class=\"description clearfix style-1\">\n<p>Tension-fr\u00e9quence \u00a0(Volt\/Hertz):<br \/>\n<strong>230 V &#8211; 50 Hz<\/strong><\/p>\n<p>Puissance:\u00a0<strong>3,2\u00a0Kw<\/strong><\/p>\n<p>Capacit\u00e9 chaudi\u00e8re:\u00a0<strong>10 Lt<\/strong><\/p>\n<p>Nombre de s\u00e9lections possibles:\u00a0<b>12 x 2\u00a0doses chacune<\/b><\/p>\n<p>Nombre de produits de base:\u00a0<strong>6 internes + 6 externes<\/strong><\/p>\n<p>Temp\u00e9rature des produits:\u00a0<strong>90\u00b0 \/ 95\u00b0<\/strong><\/p>\n<p>Prise de courant:\u00a0<strong>Schuko<\/strong><\/p>\n<p>Arriv\u00e9e d&#8217;eau:\u00a0<strong>\u00bd \u201c<\/strong><\/p>\n<p>Largeur:\u00a0<strong>mm 500<\/strong><\/p>\n<p>Profondeur:\u00a0<strong>mm 540<\/strong><\/p>\n<p>Hauteur\u00a0mm:\u00a0<strong>830<\/strong><\/p>\n<p style=\"text-align: center;\"><\/div>\n<\/div>\n<div class=\"one_half last\"><span class=\"responsive\"><img fetchpriority=\"high\" decoding=\"async\" class=\"alignnone wp-image-12648\" title=\"Big5 Catering RistoSano\" src=\"https:\/\/www.iobevo.com\/online\/wp-content\/uploads\/2014\/04\/big5_catering_ristosano-1.jpg\" alt=\"Big5 Catering RistoSano\" width=\"300\" height=\"387\" srcset=\"https:\/\/www.iobevo.com\/online\/wp-content\/uploads\/2014\/04\/big5_catering_ristosano-1.jpg 1102w, https:\/\/www.iobevo.com\/online\/wp-content\/uploads\/2014\/04\/big5_catering_ristosano-1-233x300.jpg 233w, https:\/\/www.iobevo.com\/online\/wp-content\/uploads\/2014\/04\/big5_catering_ristosano-1-768x990.jpg 768w, https:\/\/www.iobevo.com\/online\/wp-content\/uploads\/2014\/04\/big5_catering_ristosano-1-794x1024.jpg 794w\" sizes=\"(max-width: 300px) 100vw, 300px\" \/><\/span><\/div>\n<div class=\"clear\"><\/div><\/p>\n","protected":false},"excerpt":{"rendered":"<p>Big 5 catering RistoSano\u00ae\u00a0est l&#8217;\u00e9quipement de cuisine que nous proposons pour la r\u00e9alisation du service\u00a0RistoSano\u00ae. Il est install\u00e9 \u00e0 la cuisine pour \u00eatre utilis\u00e9 par le personnel avec distribution en r\u00e9cipients ad-hoc ou en assiettes individuelles. La pr\u00e9paration des \u00e9quipements et des formats de distribution est effectu\u00e9e au fur et [&hellip;]<\/p>\n","protected":false},"author":58,"featured_media":2831,"parent":6275,"menu_order":12,"comment_status":"open","ping_status":"closed","template":"","meta":{"footnotes":""},"class_list":["post-6310","page","type-page","status-publish","has-post-thumbnail","hentry"],"yoast_head":"<!-- This site is optimized with the Yoast SEO plugin v27.3 - https:\/\/yoast.com\/product\/yoast-seo-wordpress\/ -->\n<title>Big 5 catering RistoSano\u00ae - io bevo\u00ae<\/title>\n<meta name=\"robots\" content=\"index, follow, max-snippet:-1, max-image-preview:large, max-video-preview:-1\" \/>\n<link rel=\"canonical\" href=\"https:\/\/www.iobevo.com\/online\/distributeurs\/big-5-catering-ristosano\/?lang=fr\" \/>\n<meta property=\"og:locale\" content=\"it_IT\" \/>\n<meta property=\"og:type\" content=\"article\" \/>\n<meta property=\"og:title\" content=\"Big 5 catering RistoSano\u00ae - io bevo\u00ae\" \/>\n<meta property=\"og:description\" content=\"Big 5 catering RistoSano\u00ae\u00a0est l&#8217;\u00e9quipement de cuisine que nous proposons pour la r\u00e9alisation du service\u00a0RistoSano\u00ae. Il est install\u00e9 \u00e0 la cuisine pour \u00eatre utilis\u00e9 par le personnel avec distribution en r\u00e9cipients ad-hoc ou en assiettes individuelles. La pr\u00e9paration des \u00e9quipements et des formats de distribution est effectu\u00e9e au fur et [&hellip;]\" \/>\n<meta property=\"og:url\" content=\"https:\/\/www.iobevo.com\/online\/distributeurs\/big-5-catering-ristosano\/?lang=fr\" \/>\n<meta property=\"og:site_name\" content=\"io bevo\u00ae\" \/>\n<meta property=\"article:modified_time\" content=\"2017-08-09T17:23:59+00:00\" \/>\n<meta property=\"og:image\" content=\"https:\/\/www.iobevo.com\/online\/wp-content\/uploads\/2014\/01\/slide-2-bg-e1400667726929.png\" \/>\n\t<meta property=\"og:image:width\" content=\"1512\" \/>\n\t<meta property=\"og:image:height\" content=\"400\" \/>\n\t<meta property=\"og:image:type\" content=\"image\/png\" \/>\n<meta name=\"twitter:card\" content=\"summary_large_image\" \/>\n<meta name=\"twitter:site\" content=\"@IoBevo\" \/>\n<meta name=\"twitter:label1\" content=\"Tempo di lettura stimato\" \/>\n\t<meta name=\"twitter:data1\" content=\"1 minuto\" \/>\n<script type=\"application\/ld+json\" class=\"yoast-schema-graph\">{\"@context\":\"https:\\\/\\\/schema.org\",\"@graph\":[{\"@type\":\"WebPage\",\"@id\":\"https:\\\/\\\/www.iobevo.com\\\/online\\\/distributeurs\\\/big-5-catering-ristosano\\\/?lang=fr\",\"url\":\"https:\\\/\\\/www.iobevo.com\\\/online\\\/distributeurs\\\/big-5-catering-ristosano\\\/?lang=fr\",\"name\":\"Big 5 catering RistoSano\u00ae - io bevo\u00ae\",\"isPartOf\":{\"@id\":\"https:\\\/\\\/www.iobevo.com\\\/online\\\/#website\"},\"primaryImageOfPage\":{\"@id\":\"https:\\\/\\\/www.iobevo.com\\\/online\\\/distributeurs\\\/big-5-catering-ristosano\\\/?lang=fr#primaryimage\"},\"image\":{\"@id\":\"https:\\\/\\\/www.iobevo.com\\\/online\\\/distributeurs\\\/big-5-catering-ristosano\\\/?lang=fr#primaryimage\"},\"thumbnailUrl\":\"https:\\\/\\\/www.iobevo.com\\\/online\\\/wp-content\\\/uploads\\\/2014\\\/01\\\/slide-2-bg-e1400667726929.png\",\"datePublished\":\"2014-07-08T09:26:33+00:00\",\"dateModified\":\"2017-08-09T17:23:59+00:00\",\"breadcrumb\":{\"@id\":\"https:\\\/\\\/www.iobevo.com\\\/online\\\/distributeurs\\\/big-5-catering-ristosano\\\/?lang=fr#breadcrumb\"},\"inLanguage\":\"it-IT\",\"potentialAction\":[{\"@type\":\"ReadAction\",\"target\":[\"https:\\\/\\\/www.iobevo.com\\\/online\\\/distributeurs\\\/big-5-catering-ristosano\\\/?lang=fr\"]}]},{\"@type\":\"ImageObject\",\"inLanguage\":\"it-IT\",\"@id\":\"https:\\\/\\\/www.iobevo.com\\\/online\\\/distributeurs\\\/big-5-catering-ristosano\\\/?lang=fr#primaryimage\",\"url\":\"https:\\\/\\\/www.iobevo.com\\\/online\\\/wp-content\\\/uploads\\\/2014\\\/01\\\/slide-2-bg-e1400667726929.png\",\"contentUrl\":\"https:\\\/\\\/www.iobevo.com\\\/online\\\/wp-content\\\/uploads\\\/2014\\\/01\\\/slide-2-bg-e1400667726929.png\",\"width\":1512,\"height\":400},{\"@type\":\"BreadcrumbList\",\"@id\":\"https:\\\/\\\/www.iobevo.com\\\/online\\\/distributeurs\\\/big-5-catering-ristosano\\\/?lang=fr#breadcrumb\",\"itemListElement\":[{\"@type\":\"ListItem\",\"position\":1,\"name\":\"Equipement\",\"item\":\"https:\\\/\\\/www.iobevo.com\\\/online\\\/distributeurs\\\/?lang=fr\"},{\"@type\":\"ListItem\",\"position\":2,\"name\":\"Big 5 catering RistoSano\u00ae\"}]},{\"@type\":\"WebSite\",\"@id\":\"https:\\\/\\\/www.iobevo.com\\\/online\\\/#website\",\"url\":\"https:\\\/\\\/www.iobevo.com\\\/online\\\/\",\"name\":\"io bevo\u00ae\",\"description\":\"Drink Plastic free\",\"publisher\":{\"@id\":\"https:\\\/\\\/www.iobevo.com\\\/online\\\/#organization\"},\"potentialAction\":[{\"@type\":\"SearchAction\",\"target\":{\"@type\":\"EntryPoint\",\"urlTemplate\":\"https:\\\/\\\/www.iobevo.com\\\/online\\\/?s={search_term_string}\"},\"query-input\":{\"@type\":\"PropertyValueSpecification\",\"valueRequired\":true,\"valueName\":\"search_term_string\"}}],\"inLanguage\":\"it-IT\"},{\"@type\":\"Organization\",\"@id\":\"https:\\\/\\\/www.iobevo.com\\\/online\\\/#organization\",\"name\":\"General Beverage\",\"url\":\"https:\\\/\\\/www.iobevo.com\\\/online\\\/\",\"logo\":{\"@type\":\"ImageObject\",\"inLanguage\":\"it-IT\",\"@id\":\"https:\\\/\\\/www.iobevo.com\\\/online\\\/#\\\/schema\\\/logo\\\/image\\\/\",\"url\":\"https:\\\/\\\/www.iobevo.com\\\/online\\\/wp-content\\\/uploads\\\/2014\\\/01\\\/logo_gb_horizontal_grey_160x47.png\",\"contentUrl\":\"https:\\\/\\\/www.iobevo.com\\\/online\\\/wp-content\\\/uploads\\\/2014\\\/01\\\/logo_gb_horizontal_grey_160x47.png\",\"width\":160,\"height\":47,\"caption\":\"General Beverage\"},\"image\":{\"@id\":\"https:\\\/\\\/www.iobevo.com\\\/online\\\/#\\\/schema\\\/logo\\\/image\\\/\"},\"sameAs\":[\"https:\\\/\\\/x.com\\\/IoBevo\"]}]}<\/script>\n<!-- \/ Yoast SEO plugin. -->","yoast_head_json":{"title":"Big 5 catering RistoSano\u00ae - io bevo\u00ae","robots":{"index":"index","follow":"follow","max-snippet":"max-snippet:-1","max-image-preview":"max-image-preview:large","max-video-preview":"max-video-preview:-1"},"canonical":"https:\/\/www.iobevo.com\/online\/distributeurs\/big-5-catering-ristosano\/?lang=fr","og_locale":"it_IT","og_type":"article","og_title":"Big 5 catering RistoSano\u00ae - io bevo\u00ae","og_description":"Big 5 catering RistoSano\u00ae\u00a0est l&#8217;\u00e9quipement de cuisine que nous proposons pour la r\u00e9alisation du service\u00a0RistoSano\u00ae. Il est install\u00e9 \u00e0 la cuisine pour \u00eatre utilis\u00e9 par le personnel avec distribution en r\u00e9cipients ad-hoc ou en assiettes individuelles. La pr\u00e9paration des \u00e9quipements et des formats de distribution est effectu\u00e9e au fur et [&hellip;]","og_url":"https:\/\/www.iobevo.com\/online\/distributeurs\/big-5-catering-ristosano\/?lang=fr","og_site_name":"io bevo\u00ae","article_modified_time":"2017-08-09T17:23:59+00:00","og_image":[{"width":1512,"height":400,"url":"https:\/\/www.iobevo.com\/online\/wp-content\/uploads\/2014\/01\/slide-2-bg-e1400667726929.png","type":"image\/png"}],"twitter_card":"summary_large_image","twitter_site":"@IoBevo","twitter_misc":{"Tempo di lettura stimato":"1 minuto"},"schema":{"@context":"https:\/\/schema.org","@graph":[{"@type":"WebPage","@id":"https:\/\/www.iobevo.com\/online\/distributeurs\/big-5-catering-ristosano\/?lang=fr","url":"https:\/\/www.iobevo.com\/online\/distributeurs\/big-5-catering-ristosano\/?lang=fr","name":"Big 5 catering RistoSano\u00ae - io bevo\u00ae","isPartOf":{"@id":"https:\/\/www.iobevo.com\/online\/#website"},"primaryImageOfPage":{"@id":"https:\/\/www.iobevo.com\/online\/distributeurs\/big-5-catering-ristosano\/?lang=fr#primaryimage"},"image":{"@id":"https:\/\/www.iobevo.com\/online\/distributeurs\/big-5-catering-ristosano\/?lang=fr#primaryimage"},"thumbnailUrl":"https:\/\/www.iobevo.com\/online\/wp-content\/uploads\/2014\/01\/slide-2-bg-e1400667726929.png","datePublished":"2014-07-08T09:26:33+00:00","dateModified":"2017-08-09T17:23:59+00:00","breadcrumb":{"@id":"https:\/\/www.iobevo.com\/online\/distributeurs\/big-5-catering-ristosano\/?lang=fr#breadcrumb"},"inLanguage":"it-IT","potentialAction":[{"@type":"ReadAction","target":["https:\/\/www.iobevo.com\/online\/distributeurs\/big-5-catering-ristosano\/?lang=fr"]}]},{"@type":"ImageObject","inLanguage":"it-IT","@id":"https:\/\/www.iobevo.com\/online\/distributeurs\/big-5-catering-ristosano\/?lang=fr#primaryimage","url":"https:\/\/www.iobevo.com\/online\/wp-content\/uploads\/2014\/01\/slide-2-bg-e1400667726929.png","contentUrl":"https:\/\/www.iobevo.com\/online\/wp-content\/uploads\/2014\/01\/slide-2-bg-e1400667726929.png","width":1512,"height":400},{"@type":"BreadcrumbList","@id":"https:\/\/www.iobevo.com\/online\/distributeurs\/big-5-catering-ristosano\/?lang=fr#breadcrumb","itemListElement":[{"@type":"ListItem","position":1,"name":"Equipement","item":"https:\/\/www.iobevo.com\/online\/distributeurs\/?lang=fr"},{"@type":"ListItem","position":2,"name":"Big 5 catering RistoSano\u00ae"}]},{"@type":"WebSite","@id":"https:\/\/www.iobevo.com\/online\/#website","url":"https:\/\/www.iobevo.com\/online\/","name":"io bevo\u00ae","description":"Drink Plastic free","publisher":{"@id":"https:\/\/www.iobevo.com\/online\/#organization"},"potentialAction":[{"@type":"SearchAction","target":{"@type":"EntryPoint","urlTemplate":"https:\/\/www.iobevo.com\/online\/?s={search_term_string}"},"query-input":{"@type":"PropertyValueSpecification","valueRequired":true,"valueName":"search_term_string"}}],"inLanguage":"it-IT"},{"@type":"Organization","@id":"https:\/\/www.iobevo.com\/online\/#organization","name":"General Beverage","url":"https:\/\/www.iobevo.com\/online\/","logo":{"@type":"ImageObject","inLanguage":"it-IT","@id":"https:\/\/www.iobevo.com\/online\/#\/schema\/logo\/image\/","url":"https:\/\/www.iobevo.com\/online\/wp-content\/uploads\/2014\/01\/logo_gb_horizontal_grey_160x47.png","contentUrl":"https:\/\/www.iobevo.com\/online\/wp-content\/uploads\/2014\/01\/logo_gb_horizontal_grey_160x47.png","width":160,"height":47,"caption":"General Beverage"},"image":{"@id":"https:\/\/www.iobevo.com\/online\/#\/schema\/logo\/image\/"},"sameAs":["https:\/\/x.com\/IoBevo"]}]}},"_links":{"self":[{"href":"https:\/\/www.iobevo.com\/online\/wp-json\/wp\/v2\/pages\/6310","targetHints":{"allow":["GET"]}}],"collection":[{"href":"https:\/\/www.iobevo.com\/online\/wp-json\/wp\/v2\/pages"}],"about":[{"href":"https:\/\/www.iobevo.com\/online\/wp-json\/wp\/v2\/types\/page"}],"author":[{"embeddable":true,"href":"https:\/\/www.iobevo.com\/online\/wp-json\/wp\/v2\/users\/58"}],"replies":[{"embeddable":true,"href":"https:\/\/www.iobevo.com\/online\/wp-json\/wp\/v2\/comments?post=6310"}],"version-history":[{"count":0,"href":"https:\/\/www.iobevo.com\/online\/wp-json\/wp\/v2\/pages\/6310\/revisions"}],"up":[{"embeddable":true,"href":"https:\/\/www.iobevo.com\/online\/wp-json\/wp\/v2\/pages\/6275"}],"wp:featuredmedia":[{"embeddable":true,"href":"https:\/\/www.iobevo.com\/online\/wp-json\/wp\/v2\/media\/2831"}],"wp:attachment":[{"href":"https:\/\/www.iobevo.com\/online\/wp-json\/wp\/v2\/media?parent=6310"}],"curies":[{"name":"wp","href":"https:\/\/api.w.org\/{rel}","templated":true}]}}