{"id":6314,"date":"2014-07-08T09:28:29","date_gmt":"2014-07-08T09:28:29","guid":{"rendered":"http:\/\/www.iobevo.com\/online\/?page_id=6314"},"modified":"2017-08-10T17:34:06","modified_gmt":"2017-08-10T15:34:06","slug":"asia-bevo-sano","status":"publish","type":"page","link":"https:\/\/www.iobevo.com\/online\/distributeurs\/asia-bevo-sano\/?lang=fr","title":{"rendered":"Asia Bevo Sano\u00ae"},"content":{"rendered":"<p><strong>Asia BevoSano<\/strong><sup>\u00ae<\/sup> est le distributeur que nous proposons dans les services o\u00f9 il est n\u00e9cessaire de concilier une technique de haute prestation avec l&#8217;optimisation de l&#8217;espace. Id\u00e9al pour la distribution des petits d\u00e9jeuners dans le secteur hospitalier.<\/p>\n<p>Il donne la possibilit\u00e9, \u00e0 partir d\u2019un maximum de 5 produits solubles de base, de disposer d\u2019un maximum de 12 s\u00e9lections de boissons chaudes au choix entre des boissons traditionnelles, des boissons sucr\u00e9es sans saccharose, des boissons g\u00e9lifi\u00e9es et \u00e9paissies pour le secteur m\u00e9dical et param\u00e9dical. Il a aussi la possibilit\u00e9 de programmer un bouton pour la dose vers\u00e9e portant \u00e0 24 le total des s\u00e9lections possibles.<\/p>\n<p>Son installation peut se faire soit pour une utilisation en self-service, soit en cuisine pour une utilisation par le personnel avec distribution dans des \u00e9cipients ad-hoc ou des carafes. Les boissons sont pr\u00e9-dos\u00e9es en fonction des besoins et toutes les consommations sont m\u00e9moris\u00e9es dans le logiciel interne.<\/p>\n<div class=\"gap\" style=\"height: 30px;\"><\/div>\n<h3 class=\"title\"><span>Caract\u00e9ristiques techniques<\/span><\/h3>\n<div class=\"one_half\">\n<div class=\"description clearfix style-1\">\n<p>Tension\/Fr\u00e9quence \u00a0(Volt\/Hertz):<br \/>\n<strong>230 V &#8211; 50 Hz<\/strong><\/p>\n<p>Puissance maximale absorb\u00e9e:\u00a0<strong>3,2\u00a0Kw<\/strong><\/p>\n<p>Prise de courant:\u00a0<strong>Schuko<\/strong><\/p>\n<p>Arriv\u00e9e d\u2019eau froide: \u00be\u00a0\u201cM<\/p>\n<p>Capacit\u00e9 de la chaudi\u00e8re:\u00a0<strong>10 Lt<\/strong><\/p>\n<p>Nombre de s\u00e9lections possibles:\u00a0<b>12 x 2<\/b><\/p>\n<p>Nombre de produits de base:\u00a0<strong>5<\/strong><\/p>\n<p>Temp\u00e9rature de sortie:\u00a0<strong>da<\/strong>\u00a0<strong>70\u00b0 a\u00a095\u00b0<\/strong><\/p>\n<p>R\u00e9sistances \u00e9lectriques:\u00a0<strong>2<\/strong><\/p>\n<p>Support pour tasse:\u00a0<strong>Oui<\/strong><\/p>\n<p>Largeur:\u00a0<strong>mm 425<\/strong><\/p>\n<p>Profondeur:\u00a0<strong>mm 495<\/strong><\/p>\n<p>Hauteur mm:\u00a0<strong>770<\/strong><\/p>\n<p>Mesures du meuble d\u2019appui:<br \/>\n<strong>L mm 425 x P mm 495 x H mm 1000<\/strong><\/p>\n<p style=\"text-align: center;\"><\/div>\n<\/div>\n<div class=\"one_half last\"><span class=\"responsive\"><img fetchpriority=\"high\" decoding=\"async\" class=\"aligncenter wp-image-3787 size-full\" src=\"http:\/\/iobevo.com\/online\/wp-content\/uploads\/2014\/04\/bi5catering_bevosano.jpg\" alt=\"bi5catering_bevosano\" width=\"230\" height=\"600\" srcset=\"https:\/\/www.iobevo.com\/online\/wp-content\/uploads\/2014\/04\/bi5catering_bevosano.jpg 230w, https:\/\/www.iobevo.com\/online\/wp-content\/uploads\/2014\/04\/bi5catering_bevosano-115x300.jpg 115w\" sizes=\"(max-width: 230px) 100vw, 230px\" \/><\/span><\/div>\n<div class=\"clear\"><\/div><\/p>\n","protected":false},"excerpt":{"rendered":"<p>Asia BevoSano\u00ae est le distributeur que nous proposons dans les services o\u00f9 il est n\u00e9cessaire de concilier une technique de haute prestation avec l&#8217;optimisation de l&#8217;espace. Id\u00e9al pour la distribution des petits d\u00e9jeuners dans le secteur hospitalier. Il donne la possibilit\u00e9, \u00e0 partir d\u2019un maximum de 5 produits solubles de [&hellip;]<\/p>\n","protected":false},"author":58,"featured_media":2831,"parent":6275,"menu_order":14,"comment_status":"open","ping_status":"open","template":"","meta":{"footnotes":""},"class_list":["post-6314","page","type-page","status-publish","has-post-thumbnail","hentry"],"yoast_head":"<!-- This site is optimized with the Yoast SEO plugin v27.4 - https:\/\/yoast.com\/product\/yoast-seo-wordpress\/ -->\n<title>Asia Bevo Sano\u00ae - io bevo\u00ae<\/title>\n<meta name=\"robots\" content=\"index, follow, max-snippet:-1, max-image-preview:large, max-video-preview:-1\" \/>\n<link rel=\"canonical\" href=\"https:\/\/www.iobevo.com\/online\/distributeurs\/asia-bevo-sano\/?lang=fr\" \/>\n<meta property=\"og:locale\" content=\"it_IT\" \/>\n<meta property=\"og:type\" content=\"article\" \/>\n<meta property=\"og:title\" content=\"Asia Bevo Sano\u00ae - io bevo\u00ae\" \/>\n<meta property=\"og:description\" content=\"Asia BevoSano\u00ae est le distributeur que nous proposons dans les services o\u00f9 il est n\u00e9cessaire de concilier une technique de haute prestation avec l&#8217;optimisation de l&#8217;espace. Id\u00e9al pour la distribution des petits d\u00e9jeuners dans le secteur hospitalier. Il donne la possibilit\u00e9, \u00e0 partir d\u2019un maximum de 5 produits solubles de [&hellip;]\" \/>\n<meta property=\"og:url\" content=\"https:\/\/www.iobevo.com\/online\/distributeurs\/asia-bevo-sano\/?lang=fr\" \/>\n<meta property=\"og:site_name\" content=\"io bevo\u00ae\" \/>\n<meta property=\"article:modified_time\" content=\"2017-08-10T15:34:06+00:00\" \/>\n<meta property=\"og:image\" content=\"https:\/\/www.iobevo.com\/online\/wp-content\/uploads\/2014\/01\/slide-2-bg-e1400667726929.png\" \/>\n\t<meta property=\"og:image:width\" content=\"1512\" \/>\n\t<meta property=\"og:image:height\" content=\"400\" \/>\n\t<meta property=\"og:image:type\" content=\"image\/png\" \/>\n<meta name=\"twitter:card\" content=\"summary_large_image\" \/>\n<meta name=\"twitter:site\" content=\"@IoBevo\" \/>\n<meta name=\"twitter:label1\" content=\"Tempo di lettura stimato\" \/>\n\t<meta name=\"twitter:data1\" content=\"1 minuto\" \/>\n<script type=\"application\/ld+json\" class=\"yoast-schema-graph\">{\"@context\":\"https:\\\/\\\/schema.org\",\"@graph\":[{\"@type\":\"WebPage\",\"@id\":\"https:\\\/\\\/www.iobevo.com\\\/online\\\/distributeurs\\\/asia-bevo-sano\\\/?lang=fr\",\"url\":\"https:\\\/\\\/www.iobevo.com\\\/online\\\/distributeurs\\\/asia-bevo-sano\\\/?lang=fr\",\"name\":\"Asia Bevo Sano\u00ae - io bevo\u00ae\",\"isPartOf\":{\"@id\":\"https:\\\/\\\/www.iobevo.com\\\/online\\\/#website\"},\"primaryImageOfPage\":{\"@id\":\"https:\\\/\\\/www.iobevo.com\\\/online\\\/distributeurs\\\/asia-bevo-sano\\\/?lang=fr#primaryimage\"},\"image\":{\"@id\":\"https:\\\/\\\/www.iobevo.com\\\/online\\\/distributeurs\\\/asia-bevo-sano\\\/?lang=fr#primaryimage\"},\"thumbnailUrl\":\"https:\\\/\\\/www.iobevo.com\\\/online\\\/wp-content\\\/uploads\\\/2014\\\/01\\\/slide-2-bg-e1400667726929.png\",\"datePublished\":\"2014-07-08T09:28:29+00:00\",\"dateModified\":\"2017-08-10T15:34:06+00:00\",\"breadcrumb\":{\"@id\":\"https:\\\/\\\/www.iobevo.com\\\/online\\\/distributeurs\\\/asia-bevo-sano\\\/?lang=fr#breadcrumb\"},\"inLanguage\":\"it-IT\",\"potentialAction\":[{\"@type\":\"ReadAction\",\"target\":[\"https:\\\/\\\/www.iobevo.com\\\/online\\\/distributeurs\\\/asia-bevo-sano\\\/?lang=fr\"]}]},{\"@type\":\"ImageObject\",\"inLanguage\":\"it-IT\",\"@id\":\"https:\\\/\\\/www.iobevo.com\\\/online\\\/distributeurs\\\/asia-bevo-sano\\\/?lang=fr#primaryimage\",\"url\":\"https:\\\/\\\/www.iobevo.com\\\/online\\\/wp-content\\\/uploads\\\/2014\\\/01\\\/slide-2-bg-e1400667726929.png\",\"contentUrl\":\"https:\\\/\\\/www.iobevo.com\\\/online\\\/wp-content\\\/uploads\\\/2014\\\/01\\\/slide-2-bg-e1400667726929.png\",\"width\":1512,\"height\":400},{\"@type\":\"BreadcrumbList\",\"@id\":\"https:\\\/\\\/www.iobevo.com\\\/online\\\/distributeurs\\\/asia-bevo-sano\\\/?lang=fr#breadcrumb\",\"itemListElement\":[{\"@type\":\"ListItem\",\"position\":1,\"name\":\"Equipement\",\"item\":\"https:\\\/\\\/www.iobevo.com\\\/online\\\/distributeurs\\\/?lang=fr\"},{\"@type\":\"ListItem\",\"position\":2,\"name\":\"Asia Bevo Sano\u00ae\"}]},{\"@type\":\"WebSite\",\"@id\":\"https:\\\/\\\/www.iobevo.com\\\/online\\\/#website\",\"url\":\"https:\\\/\\\/www.iobevo.com\\\/online\\\/\",\"name\":\"io bevo\u00ae\",\"description\":\"Drink Plastic free\",\"publisher\":{\"@id\":\"https:\\\/\\\/www.iobevo.com\\\/online\\\/#organization\"},\"potentialAction\":[{\"@type\":\"SearchAction\",\"target\":{\"@type\":\"EntryPoint\",\"urlTemplate\":\"https:\\\/\\\/www.iobevo.com\\\/online\\\/?s={search_term_string}\"},\"query-input\":{\"@type\":\"PropertyValueSpecification\",\"valueRequired\":true,\"valueName\":\"search_term_string\"}}],\"inLanguage\":\"it-IT\"},{\"@type\":\"Organization\",\"@id\":\"https:\\\/\\\/www.iobevo.com\\\/online\\\/#organization\",\"name\":\"General Beverage\",\"url\":\"https:\\\/\\\/www.iobevo.com\\\/online\\\/\",\"logo\":{\"@type\":\"ImageObject\",\"inLanguage\":\"it-IT\",\"@id\":\"https:\\\/\\\/www.iobevo.com\\\/online\\\/#\\\/schema\\\/logo\\\/image\\\/\",\"url\":\"https:\\\/\\\/www.iobevo.com\\\/online\\\/wp-content\\\/uploads\\\/2014\\\/01\\\/logo_gb_horizontal_grey_160x47.png\",\"contentUrl\":\"https:\\\/\\\/www.iobevo.com\\\/online\\\/wp-content\\\/uploads\\\/2014\\\/01\\\/logo_gb_horizontal_grey_160x47.png\",\"width\":160,\"height\":47,\"caption\":\"General Beverage\"},\"image\":{\"@id\":\"https:\\\/\\\/www.iobevo.com\\\/online\\\/#\\\/schema\\\/logo\\\/image\\\/\"},\"sameAs\":[\"https:\\\/\\\/x.com\\\/IoBevo\"]}]}<\/script>\n<!-- \/ Yoast SEO plugin. -->","yoast_head_json":{"title":"Asia Bevo Sano\u00ae - io bevo\u00ae","robots":{"index":"index","follow":"follow","max-snippet":"max-snippet:-1","max-image-preview":"max-image-preview:large","max-video-preview":"max-video-preview:-1"},"canonical":"https:\/\/www.iobevo.com\/online\/distributeurs\/asia-bevo-sano\/?lang=fr","og_locale":"it_IT","og_type":"article","og_title":"Asia Bevo Sano\u00ae - io bevo\u00ae","og_description":"Asia BevoSano\u00ae est le distributeur que nous proposons dans les services o\u00f9 il est n\u00e9cessaire de concilier une technique de haute prestation avec l&#8217;optimisation de l&#8217;espace. Id\u00e9al pour la distribution des petits d\u00e9jeuners dans le secteur hospitalier. Il donne la possibilit\u00e9, \u00e0 partir d\u2019un maximum de 5 produits solubles de [&hellip;]","og_url":"https:\/\/www.iobevo.com\/online\/distributeurs\/asia-bevo-sano\/?lang=fr","og_site_name":"io bevo\u00ae","article_modified_time":"2017-08-10T15:34:06+00:00","og_image":[{"width":1512,"height":400,"url":"https:\/\/www.iobevo.com\/online\/wp-content\/uploads\/2014\/01\/slide-2-bg-e1400667726929.png","type":"image\/png"}],"twitter_card":"summary_large_image","twitter_site":"@IoBevo","twitter_misc":{"Tempo di lettura stimato":"1 minuto"},"schema":{"@context":"https:\/\/schema.org","@graph":[{"@type":"WebPage","@id":"https:\/\/www.iobevo.com\/online\/distributeurs\/asia-bevo-sano\/?lang=fr","url":"https:\/\/www.iobevo.com\/online\/distributeurs\/asia-bevo-sano\/?lang=fr","name":"Asia Bevo Sano\u00ae - io bevo\u00ae","isPartOf":{"@id":"https:\/\/www.iobevo.com\/online\/#website"},"primaryImageOfPage":{"@id":"https:\/\/www.iobevo.com\/online\/distributeurs\/asia-bevo-sano\/?lang=fr#primaryimage"},"image":{"@id":"https:\/\/www.iobevo.com\/online\/distributeurs\/asia-bevo-sano\/?lang=fr#primaryimage"},"thumbnailUrl":"https:\/\/www.iobevo.com\/online\/wp-content\/uploads\/2014\/01\/slide-2-bg-e1400667726929.png","datePublished":"2014-07-08T09:28:29+00:00","dateModified":"2017-08-10T15:34:06+00:00","breadcrumb":{"@id":"https:\/\/www.iobevo.com\/online\/distributeurs\/asia-bevo-sano\/?lang=fr#breadcrumb"},"inLanguage":"it-IT","potentialAction":[{"@type":"ReadAction","target":["https:\/\/www.iobevo.com\/online\/distributeurs\/asia-bevo-sano\/?lang=fr"]}]},{"@type":"ImageObject","inLanguage":"it-IT","@id":"https:\/\/www.iobevo.com\/online\/distributeurs\/asia-bevo-sano\/?lang=fr#primaryimage","url":"https:\/\/www.iobevo.com\/online\/wp-content\/uploads\/2014\/01\/slide-2-bg-e1400667726929.png","contentUrl":"https:\/\/www.iobevo.com\/online\/wp-content\/uploads\/2014\/01\/slide-2-bg-e1400667726929.png","width":1512,"height":400},{"@type":"BreadcrumbList","@id":"https:\/\/www.iobevo.com\/online\/distributeurs\/asia-bevo-sano\/?lang=fr#breadcrumb","itemListElement":[{"@type":"ListItem","position":1,"name":"Equipement","item":"https:\/\/www.iobevo.com\/online\/distributeurs\/?lang=fr"},{"@type":"ListItem","position":2,"name":"Asia Bevo Sano\u00ae"}]},{"@type":"WebSite","@id":"https:\/\/www.iobevo.com\/online\/#website","url":"https:\/\/www.iobevo.com\/online\/","name":"io bevo\u00ae","description":"Drink Plastic free","publisher":{"@id":"https:\/\/www.iobevo.com\/online\/#organization"},"potentialAction":[{"@type":"SearchAction","target":{"@type":"EntryPoint","urlTemplate":"https:\/\/www.iobevo.com\/online\/?s={search_term_string}"},"query-input":{"@type":"PropertyValueSpecification","valueRequired":true,"valueName":"search_term_string"}}],"inLanguage":"it-IT"},{"@type":"Organization","@id":"https:\/\/www.iobevo.com\/online\/#organization","name":"General Beverage","url":"https:\/\/www.iobevo.com\/online\/","logo":{"@type":"ImageObject","inLanguage":"it-IT","@id":"https:\/\/www.iobevo.com\/online\/#\/schema\/logo\/image\/","url":"https:\/\/www.iobevo.com\/online\/wp-content\/uploads\/2014\/01\/logo_gb_horizontal_grey_160x47.png","contentUrl":"https:\/\/www.iobevo.com\/online\/wp-content\/uploads\/2014\/01\/logo_gb_horizontal_grey_160x47.png","width":160,"height":47,"caption":"General Beverage"},"image":{"@id":"https:\/\/www.iobevo.com\/online\/#\/schema\/logo\/image\/"},"sameAs":["https:\/\/x.com\/IoBevo"]}]}},"_links":{"self":[{"href":"https:\/\/www.iobevo.com\/online\/wp-json\/wp\/v2\/pages\/6314","targetHints":{"allow":["GET"]}}],"collection":[{"href":"https:\/\/www.iobevo.com\/online\/wp-json\/wp\/v2\/pages"}],"about":[{"href":"https:\/\/www.iobevo.com\/online\/wp-json\/wp\/v2\/types\/page"}],"author":[{"embeddable":true,"href":"https:\/\/www.iobevo.com\/online\/wp-json\/wp\/v2\/users\/58"}],"replies":[{"embeddable":true,"href":"https:\/\/www.iobevo.com\/online\/wp-json\/wp\/v2\/comments?post=6314"}],"version-history":[{"count":0,"href":"https:\/\/www.iobevo.com\/online\/wp-json\/wp\/v2\/pages\/6314\/revisions"}],"up":[{"embeddable":true,"href":"https:\/\/www.iobevo.com\/online\/wp-json\/wp\/v2\/pages\/6275"}],"wp:featuredmedia":[{"embeddable":true,"href":"https:\/\/www.iobevo.com\/online\/wp-json\/wp\/v2\/media\/2831"}],"wp:attachment":[{"href":"https:\/\/www.iobevo.com\/online\/wp-json\/wp\/v2\/media?parent=6314"}],"curies":[{"name":"wp","href":"https:\/\/api.w.org\/{rel}","templated":true}]}}