{"id":6568,"date":"2014-07-09T14:38:25","date_gmt":"2014-07-09T14:38:25","guid":{"rendered":"http:\/\/www.iobevo.com\/online\/?page_id=6568"},"modified":"2018-01-29T21:10:21","modified_gmt":"2018-01-29T19:10:21","slug":"formato-y-variedades-de-las-bebidas","status":"publish","type":"page","link":"https:\/\/www.iobevo.com\/online\/servicios\/freebeverage\/formato-y-variedades-de-las-bebidas\/?lang=es","title":{"rendered":"Formato y variedades de las bebidas"},"content":{"rendered":"<p><span class=\"responsive\"><img fetchpriority=\"high\" decoding=\"async\" class=\"size-full wp-image-4190 aligncenter\" src=\"http:\/\/iobevo.com\/online\/wp-content\/uploads\/2014\/01\/mediterraneo_distributore.jpg\" alt=\"mediterraneo_distributore\" width=\"700\" height=\"195\" srcset=\"https:\/\/www.iobevo.com\/online\/wp-content\/uploads\/2014\/01\/mediterraneo_distributore.jpg 700w, https:\/\/www.iobevo.com\/online\/wp-content\/uploads\/2014\/01\/mediterraneo_distributore-300x83.jpg 300w\" sizes=\"(max-width: 700px) 100vw, 700px\" \/><\/span><\/p>\n<p>Todas las bebidas se distribuyen utilizando concentrados en bag in box. Desde el punto de vista organol\u00e9ptico y nutricional, los productos corresponden a par\u00e1metros de calidad extremadamente altos.<\/p>\n<p>A continuaci\u00f3n indicamos algunos de los posibles formatos de bebidas\u00a0<span class=\"mark2\">freebeverage<\/span><span class=\"mark3\">\u00ae<\/span>, diversos tipos de bebidas en \u00a0los distribuidores a <strong>libre consumo<\/strong>.<\/p>\n<p>En el momento de la planificacion del servicio puede ser elegido un solo formato para todos los distribuidores o formatos diiferentes por cada distribuidor, con la finalidad de asegurar una mayor <strong>variedad de bebidas <\/strong>y respondiendo \u00a0a las diferentes exigencias, gustos y sensibilidades de los usuarios. Cada distribuidor ser\u00e1 caracterizado tanto por la variedad de las bebidas que por la comunicaci\u00f3n.<\/p>\n<p>Adem\u00e1s de el formato que proponemos, se podr\u00e1n elaborar y aplicar formatos personalizados, eligiendo las bebidas dentro el \u00e1mbito de una amplia gama disponible<u> <\/u>y personalizando los distribuidores con sus propias marcas y comunicaci\u00f3n corporativa.<\/p>\n<div class=\"gap\" style=\"height: 20px;\"><\/div>\n<div class=\"one_half\">\n<h5 class=\"title\"><span>Etiqueta Regiones de Italia \u2013 Slow Beverage\u00ae<br \/>\n<em>bevi sano, bevi italiano<\/em><\/span><\/h5>\n<p><a href=\"http:\/\/iobevo.com\/online\/?page_id=6583\"><img decoding=\"async\" class=\"alignnone wp-image-3411 size-medium\" src=\"http:\/\/iobevo.com\/online\/wp-content\/uploads\/2014\/04\/bevande-slow-beverage-300x136.jpg\" alt=\"\" width=\"300\" height=\"136\" srcset=\"https:\/\/www.iobevo.com\/online\/wp-content\/uploads\/2014\/04\/bevande-slow-beverage-300x136.jpg 300w, https:\/\/www.iobevo.com\/online\/wp-content\/uploads\/2014\/04\/bevande-slow-beverage.jpg 400w\" sizes=\"(max-width: 300px) 100vw, 300px\" \/><\/a><\/div>\n<div class=\"one_half last\">\n<h5 class=\"title\"><span>Etiqueta Fairtrade\u00ae<br \/>\n<em>Bebas comercio justo<\/em><\/span><\/h5>\n<p><a href=\"http:\/\/iobevo.com\/online\/?page_id=6580\"><img decoding=\"async\" class=\"alignnone wp-image-3413 size-medium\" src=\"http:\/\/iobevo.com\/online\/wp-content\/uploads\/2014\/04\/bevande-fairtrade-300x162.jpg\" alt=\"\" width=\"300\" height=\"136\" \/><\/a><\/div>\n<div class=\"clear\"><\/div>\n<div class=\"one_half\">\n<h5 class=\"title\"><span>Etiqueta Saludable<br \/>\n<em>Bebas sano<\/em><\/span><\/h5>\n<p><a href=\"http:\/\/iobevo.com\/online\/?page_id=6576\"><img loading=\"lazy\" decoding=\"async\" class=\"alignnone wp-image-14557 size-medium\" src=\"https:\/\/www.iobevo.com\/online\/wp-content\/uploads\/2018\/01\/BEVI_SANO_small.jpg\" alt=\"\" width=\"300\" height=\"136\" \/><\/a><\/div>\n<div class=\"one_half last\">\n<h5 class=\"title\"><span>Etiqueta Slow Beverage\u00ae<br \/>\n<em>bebas medio ambiente<\/em><\/span><\/h5>\n<p><a href=\"http:\/\/iobevo.com\/online\/?page_id=6573\"><img loading=\"lazy\" decoding=\"async\" class=\"alignnone wp-image-4327 size-medium\" src=\"http:\/\/iobevo.com\/online\/wp-content\/uploads\/2014\/05\/equo_slow-300x133.jpg\" alt=\"\" width=\"300\" height=\"136\" \/><\/a><\/div>\n<div class=\"clear\"><\/div>\n<div class=\"one_half\">\n<h5 class=\"title\"><span>Etiqueta Clasica<br \/>\n<em>Bebidas libre<\/em><\/span><\/h5>\n<p><a href=\"http:\/\/iobevo.com\/online\/?page_id=6572\"><img loading=\"lazy\" decoding=\"async\" class=\"alignnone wp-image-14566 size-medium\" src=\"https:\/\/www.iobevo.com\/online\/wp-content\/uploads\/2018\/01\/LIBERI_DI_BERE_small.jpg\" alt=\"\" width=\"300\" height=\"136\" \/><\/a><\/div>\n<div class=\"one_half last\">\n<h5 class=\"title\"><span>Etiqueta Tudo fruta<br \/>\n<em>bebas fruta<\/em><\/span><\/h5>\n<p><a href=\"http:\/\/iobevo.com\/online\/?page_id=6570\"><img loading=\"lazy\" decoding=\"async\" class=\"alignnone wp-image-4330 size-medium\" src=\"http:\/\/iobevo.com\/online\/wp-content\/uploads\/2014\/05\/tutto-frutta-300x145.jpg\" alt=\"\" width=\"300\" height=\"136\" \/><\/a><\/div>\n<div class=\"clear\"><\/div>\n","protected":false},"excerpt":{"rendered":"<p>Todas las bebidas se distribuyen utilizando concentrados en bag in box. Desde el punto de vista organol\u00e9ptico y nutricional, los productos corresponden a par\u00e1metros de calidad extremadamente altos. A continuaci\u00f3n indicamos algunos de los posibles formatos de bebidas\u00a0freebeverage\u00ae, diversos tipos de bebidas en \u00a0los distribuidores a libre consumo. En el [&hellip;]<\/p>\n","protected":false},"author":58,"featured_media":2831,"parent":6560,"menu_order":0,"comment_status":"open","ping_status":"closed","template":"","meta":{"footnotes":""},"class_list":["post-6568","page","type-page","status-publish","has-post-thumbnail","hentry"],"yoast_head":"<!-- This site is optimized with the Yoast SEO plugin v27.5 - https:\/\/yoast.com\/product\/yoast-seo-wordpress\/ -->\n<title>Formato y variedades de las bebidas - io bevo\u00ae<\/title>\n<meta name=\"robots\" content=\"index, follow, max-snippet:-1, max-image-preview:large, max-video-preview:-1\" \/>\n<link rel=\"canonical\" href=\"https:\/\/www.iobevo.com\/online\/servicios\/freebeverage\/formato-y-variedades-de-las-bebidas\/?lang=es\" \/>\n<meta property=\"og:locale\" content=\"it_IT\" \/>\n<meta property=\"og:type\" content=\"article\" \/>\n<meta property=\"og:title\" content=\"Formato y variedades de las bebidas - io bevo\u00ae\" \/>\n<meta property=\"og:description\" content=\"Todas las bebidas se distribuyen utilizando concentrados en bag in box. Desde el punto de vista organol\u00e9ptico y nutricional, los productos corresponden a par\u00e1metros de calidad extremadamente altos. A continuaci\u00f3n indicamos algunos de los posibles formatos de bebidas\u00a0freebeverage\u00ae, diversos tipos de bebidas en \u00a0los distribuidores a libre consumo. En el [&hellip;]\" \/>\n<meta property=\"og:url\" content=\"https:\/\/www.iobevo.com\/online\/servicios\/freebeverage\/formato-y-variedades-de-las-bebidas\/?lang=es\" \/>\n<meta property=\"og:site_name\" content=\"io bevo\u00ae\" \/>\n<meta property=\"article:modified_time\" content=\"2018-01-29T19:10:21+00:00\" \/>\n<meta property=\"og:image\" content=\"https:\/\/www.iobevo.com\/online\/wp-content\/uploads\/2014\/01\/slide-2-bg-e1400667726929.png\" \/>\n\t<meta property=\"og:image:width\" content=\"1512\" \/>\n\t<meta property=\"og:image:height\" content=\"400\" \/>\n\t<meta property=\"og:image:type\" content=\"image\/png\" \/>\n<meta name=\"twitter:card\" content=\"summary_large_image\" \/>\n<meta name=\"twitter:site\" content=\"@IoBevo\" \/>\n<meta name=\"twitter:label1\" content=\"Tempo di lettura stimato\" \/>\n\t<meta name=\"twitter:data1\" content=\"1 minuto\" \/>\n<script type=\"application\/ld+json\" class=\"yoast-schema-graph\">{\"@context\":\"https:\\\/\\\/schema.org\",\"@graph\":[{\"@type\":\"WebPage\",\"@id\":\"https:\\\/\\\/www.iobevo.com\\\/online\\\/servicios\\\/freebeverage\\\/formato-y-variedades-de-las-bebidas\\\/?lang=es\",\"url\":\"https:\\\/\\\/www.iobevo.com\\\/online\\\/servicios\\\/freebeverage\\\/formato-y-variedades-de-las-bebidas\\\/?lang=es\",\"name\":\"Formato y variedades de las bebidas - io bevo\u00ae\",\"isPartOf\":{\"@id\":\"https:\\\/\\\/www.iobevo.com\\\/online\\\/#website\"},\"primaryImageOfPage\":{\"@id\":\"https:\\\/\\\/www.iobevo.com\\\/online\\\/servicios\\\/freebeverage\\\/formato-y-variedades-de-las-bebidas\\\/?lang=es#primaryimage\"},\"image\":{\"@id\":\"https:\\\/\\\/www.iobevo.com\\\/online\\\/servicios\\\/freebeverage\\\/formato-y-variedades-de-las-bebidas\\\/?lang=es#primaryimage\"},\"thumbnailUrl\":\"https:\\\/\\\/www.iobevo.com\\\/online\\\/wp-content\\\/uploads\\\/2014\\\/01\\\/slide-2-bg-e1400667726929.png\",\"datePublished\":\"2014-07-09T14:38:25+00:00\",\"dateModified\":\"2018-01-29T19:10:21+00:00\",\"breadcrumb\":{\"@id\":\"https:\\\/\\\/www.iobevo.com\\\/online\\\/servicios\\\/freebeverage\\\/formato-y-variedades-de-las-bebidas\\\/?lang=es#breadcrumb\"},\"inLanguage\":\"it-IT\",\"potentialAction\":[{\"@type\":\"ReadAction\",\"target\":[\"https:\\\/\\\/www.iobevo.com\\\/online\\\/servicios\\\/freebeverage\\\/formato-y-variedades-de-las-bebidas\\\/?lang=es\"]}]},{\"@type\":\"ImageObject\",\"inLanguage\":\"it-IT\",\"@id\":\"https:\\\/\\\/www.iobevo.com\\\/online\\\/servicios\\\/freebeverage\\\/formato-y-variedades-de-las-bebidas\\\/?lang=es#primaryimage\",\"url\":\"https:\\\/\\\/www.iobevo.com\\\/online\\\/wp-content\\\/uploads\\\/2014\\\/01\\\/slide-2-bg-e1400667726929.png\",\"contentUrl\":\"https:\\\/\\\/www.iobevo.com\\\/online\\\/wp-content\\\/uploads\\\/2014\\\/01\\\/slide-2-bg-e1400667726929.png\",\"width\":1512,\"height\":400},{\"@type\":\"BreadcrumbList\",\"@id\":\"https:\\\/\\\/www.iobevo.com\\\/online\\\/servicios\\\/freebeverage\\\/formato-y-variedades-de-las-bebidas\\\/?lang=es#breadcrumb\",\"itemListElement\":[{\"@type\":\"ListItem\",\"position\":1,\"name\":\"Servicios\",\"item\":\"https:\\\/\\\/www.iobevo.com\\\/online\\\/servicios\\\/?lang=es\"},{\"@type\":\"ListItem\",\"position\":2,\"name\":\"freebeverage\u00ae\",\"item\":\"https:\\\/\\\/www.iobevo.com\\\/online\\\/servicios\\\/freebeverage\\\/?lang=es\"},{\"@type\":\"ListItem\",\"position\":3,\"name\":\"Formato y variedades de las bebidas\"}]},{\"@type\":\"WebSite\",\"@id\":\"https:\\\/\\\/www.iobevo.com\\\/online\\\/#website\",\"url\":\"https:\\\/\\\/www.iobevo.com\\\/online\\\/\",\"name\":\"io bevo\u00ae\",\"description\":\"Drink Plastic free\",\"publisher\":{\"@id\":\"https:\\\/\\\/www.iobevo.com\\\/online\\\/#organization\"},\"potentialAction\":[{\"@type\":\"SearchAction\",\"target\":{\"@type\":\"EntryPoint\",\"urlTemplate\":\"https:\\\/\\\/www.iobevo.com\\\/online\\\/?s={search_term_string}\"},\"query-input\":{\"@type\":\"PropertyValueSpecification\",\"valueRequired\":true,\"valueName\":\"search_term_string\"}}],\"inLanguage\":\"it-IT\"},{\"@type\":\"Organization\",\"@id\":\"https:\\\/\\\/www.iobevo.com\\\/online\\\/#organization\",\"name\":\"General Beverage\",\"url\":\"https:\\\/\\\/www.iobevo.com\\\/online\\\/\",\"logo\":{\"@type\":\"ImageObject\",\"inLanguage\":\"it-IT\",\"@id\":\"https:\\\/\\\/www.iobevo.com\\\/online\\\/#\\\/schema\\\/logo\\\/image\\\/\",\"url\":\"https:\\\/\\\/www.iobevo.com\\\/online\\\/wp-content\\\/uploads\\\/2014\\\/01\\\/logo_gb_horizontal_grey_160x47.png\",\"contentUrl\":\"https:\\\/\\\/www.iobevo.com\\\/online\\\/wp-content\\\/uploads\\\/2014\\\/01\\\/logo_gb_horizontal_grey_160x47.png\",\"width\":160,\"height\":47,\"caption\":\"General Beverage\"},\"image\":{\"@id\":\"https:\\\/\\\/www.iobevo.com\\\/online\\\/#\\\/schema\\\/logo\\\/image\\\/\"},\"sameAs\":[\"https:\\\/\\\/x.com\\\/IoBevo\"]}]}<\/script>\n<!-- \/ Yoast SEO plugin. -->","yoast_head_json":{"title":"Formato y variedades de las bebidas - io bevo\u00ae","robots":{"index":"index","follow":"follow","max-snippet":"max-snippet:-1","max-image-preview":"max-image-preview:large","max-video-preview":"max-video-preview:-1"},"canonical":"https:\/\/www.iobevo.com\/online\/servicios\/freebeverage\/formato-y-variedades-de-las-bebidas\/?lang=es","og_locale":"it_IT","og_type":"article","og_title":"Formato y variedades de las bebidas - io bevo\u00ae","og_description":"Todas las bebidas se distribuyen utilizando concentrados en bag in box. Desde el punto de vista organol\u00e9ptico y nutricional, los productos corresponden a par\u00e1metros de calidad extremadamente altos. A continuaci\u00f3n indicamos algunos de los posibles formatos de bebidas\u00a0freebeverage\u00ae, diversos tipos de bebidas en \u00a0los distribuidores a libre consumo. En el [&hellip;]","og_url":"https:\/\/www.iobevo.com\/online\/servicios\/freebeverage\/formato-y-variedades-de-las-bebidas\/?lang=es","og_site_name":"io bevo\u00ae","article_modified_time":"2018-01-29T19:10:21+00:00","og_image":[{"width":1512,"height":400,"url":"https:\/\/www.iobevo.com\/online\/wp-content\/uploads\/2014\/01\/slide-2-bg-e1400667726929.png","type":"image\/png"}],"twitter_card":"summary_large_image","twitter_site":"@IoBevo","twitter_misc":{"Tempo di lettura stimato":"1 minuto"},"schema":{"@context":"https:\/\/schema.org","@graph":[{"@type":"WebPage","@id":"https:\/\/www.iobevo.com\/online\/servicios\/freebeverage\/formato-y-variedades-de-las-bebidas\/?lang=es","url":"https:\/\/www.iobevo.com\/online\/servicios\/freebeverage\/formato-y-variedades-de-las-bebidas\/?lang=es","name":"Formato y variedades de las bebidas - io bevo\u00ae","isPartOf":{"@id":"https:\/\/www.iobevo.com\/online\/#website"},"primaryImageOfPage":{"@id":"https:\/\/www.iobevo.com\/online\/servicios\/freebeverage\/formato-y-variedades-de-las-bebidas\/?lang=es#primaryimage"},"image":{"@id":"https:\/\/www.iobevo.com\/online\/servicios\/freebeverage\/formato-y-variedades-de-las-bebidas\/?lang=es#primaryimage"},"thumbnailUrl":"https:\/\/www.iobevo.com\/online\/wp-content\/uploads\/2014\/01\/slide-2-bg-e1400667726929.png","datePublished":"2014-07-09T14:38:25+00:00","dateModified":"2018-01-29T19:10:21+00:00","breadcrumb":{"@id":"https:\/\/www.iobevo.com\/online\/servicios\/freebeverage\/formato-y-variedades-de-las-bebidas\/?lang=es#breadcrumb"},"inLanguage":"it-IT","potentialAction":[{"@type":"ReadAction","target":["https:\/\/www.iobevo.com\/online\/servicios\/freebeverage\/formato-y-variedades-de-las-bebidas\/?lang=es"]}]},{"@type":"ImageObject","inLanguage":"it-IT","@id":"https:\/\/www.iobevo.com\/online\/servicios\/freebeverage\/formato-y-variedades-de-las-bebidas\/?lang=es#primaryimage","url":"https:\/\/www.iobevo.com\/online\/wp-content\/uploads\/2014\/01\/slide-2-bg-e1400667726929.png","contentUrl":"https:\/\/www.iobevo.com\/online\/wp-content\/uploads\/2014\/01\/slide-2-bg-e1400667726929.png","width":1512,"height":400},{"@type":"BreadcrumbList","@id":"https:\/\/www.iobevo.com\/online\/servicios\/freebeverage\/formato-y-variedades-de-las-bebidas\/?lang=es#breadcrumb","itemListElement":[{"@type":"ListItem","position":1,"name":"Servicios","item":"https:\/\/www.iobevo.com\/online\/servicios\/?lang=es"},{"@type":"ListItem","position":2,"name":"freebeverage\u00ae","item":"https:\/\/www.iobevo.com\/online\/servicios\/freebeverage\/?lang=es"},{"@type":"ListItem","position":3,"name":"Formato y variedades de las bebidas"}]},{"@type":"WebSite","@id":"https:\/\/www.iobevo.com\/online\/#website","url":"https:\/\/www.iobevo.com\/online\/","name":"io bevo\u00ae","description":"Drink Plastic free","publisher":{"@id":"https:\/\/www.iobevo.com\/online\/#organization"},"potentialAction":[{"@type":"SearchAction","target":{"@type":"EntryPoint","urlTemplate":"https:\/\/www.iobevo.com\/online\/?s={search_term_string}"},"query-input":{"@type":"PropertyValueSpecification","valueRequired":true,"valueName":"search_term_string"}}],"inLanguage":"it-IT"},{"@type":"Organization","@id":"https:\/\/www.iobevo.com\/online\/#organization","name":"General Beverage","url":"https:\/\/www.iobevo.com\/online\/","logo":{"@type":"ImageObject","inLanguage":"it-IT","@id":"https:\/\/www.iobevo.com\/online\/#\/schema\/logo\/image\/","url":"https:\/\/www.iobevo.com\/online\/wp-content\/uploads\/2014\/01\/logo_gb_horizontal_grey_160x47.png","contentUrl":"https:\/\/www.iobevo.com\/online\/wp-content\/uploads\/2014\/01\/logo_gb_horizontal_grey_160x47.png","width":160,"height":47,"caption":"General Beverage"},"image":{"@id":"https:\/\/www.iobevo.com\/online\/#\/schema\/logo\/image\/"},"sameAs":["https:\/\/x.com\/IoBevo"]}]}},"_links":{"self":[{"href":"https:\/\/www.iobevo.com\/online\/wp-json\/wp\/v2\/pages\/6568","targetHints":{"allow":["GET"]}}],"collection":[{"href":"https:\/\/www.iobevo.com\/online\/wp-json\/wp\/v2\/pages"}],"about":[{"href":"https:\/\/www.iobevo.com\/online\/wp-json\/wp\/v2\/types\/page"}],"author":[{"embeddable":true,"href":"https:\/\/www.iobevo.com\/online\/wp-json\/wp\/v2\/users\/58"}],"replies":[{"embeddable":true,"href":"https:\/\/www.iobevo.com\/online\/wp-json\/wp\/v2\/comments?post=6568"}],"version-history":[{"count":0,"href":"https:\/\/www.iobevo.com\/online\/wp-json\/wp\/v2\/pages\/6568\/revisions"}],"up":[{"embeddable":true,"href":"https:\/\/www.iobevo.com\/online\/wp-json\/wp\/v2\/pages\/6560"}],"wp:featuredmedia":[{"embeddable":true,"href":"https:\/\/www.iobevo.com\/online\/wp-json\/wp\/v2\/media\/2831"}],"wp:attachment":[{"href":"https:\/\/www.iobevo.com\/online\/wp-json\/wp\/v2\/media?parent=6568"}],"curies":[{"name":"wp","href":"https:\/\/api.w.org\/{rel}","templated":true}]}}