{"id":6572,"date":"2014-07-09T14:40:04","date_gmt":"2014-07-09T14:40:04","guid":{"rendered":"http:\/\/www.iobevo.com\/online\/?page_id=6572"},"modified":"2018-01-29T20:53:31","modified_gmt":"2018-01-29T18:53:31","slug":"etiqueta-clasica","status":"publish","type":"page","link":"https:\/\/www.iobevo.com\/online\/servicios\/freebeverage\/formato-y-variedades-de-las-bebidas\/etiqueta-clasica\/?lang=es","title":{"rendered":"Etiqueta Clasica"},"content":{"rendered":"<h3>Bebidas libre<\/h3>\n<p>Las bebidas de esta etiqueta pueden ser elegidas en el \u00e1mbito de una amplia gama.<\/p>\n<p><span class=\"responsive\"><a href=\"https:\/\/www.iobevo.com\/online\/?page_id=4347\"><img fetchpriority=\"high\" decoding=\"async\" class=\"aligncenter wp-image-14559\" title=\"Format Liberi di bere\" src=\"https:\/\/www.iobevo.com\/online\/wp-content\/uploads\/2018\/01\/LIBERI_DI_BERE.jpg\" alt=\"Format Liberi di bere\" width=\"800\" height=\"417\" srcset=\"https:\/\/www.iobevo.com\/online\/wp-content\/uploads\/2018\/01\/LIBERI_DI_BERE.jpg 1000w, https:\/\/www.iobevo.com\/online\/wp-content\/uploads\/2018\/01\/LIBERI_DI_BERE-300x156.jpg 300w, https:\/\/www.iobevo.com\/online\/wp-content\/uploads\/2018\/01\/LIBERI_DI_BERE-768x400.jpg 768w\" sizes=\"(max-width: 800px) 100vw, 800px\" \/><\/a><\/span><\/p>\n<p>Las bebidas de esta etiqueta pueden ser elegidas en el \u00e1mbito de una amplia gama.<\/p>\n<p>Etiqueta Clasica:<\/p>\n<ul>\n<li>Cola<\/li>\n<li>Cola Light<\/li>\n<li>Cola Zero<\/li>\n<li>Cola Life<\/li>\n<li>Naranjada Light<\/li>\n<li>Th\u00e9 lim\u00f3n<\/li>\n<li>Th\u00e8 lim\u00f3n Light<\/li>\n<li>Th\u00e8 melocoton<\/li>\n<li>Th\u00e8 melocoton Light<\/li>\n<li>Water Lime<\/li>\n<li>Gaseosa<\/li>\n<li>Gaseosa Light<\/li>\n<li>Limonada<\/li>\n<li>Agua t\u00f3nica<\/li>\n<li>Agua t\u00f3nica light<\/li>\n<li>Bitter Rojo<\/li>\n<li>Agua micro filtrada natural fr\u00eda<\/li>\n<li>Agua micro filtrada con gas<\/li>\n<li>Agua micro filtrada natural del tiempo<\/li>\n<\/ul>\n","protected":false},"excerpt":{"rendered":"<p>Bebidas libre Las bebidas de esta etiqueta pueden ser elegidas en el \u00e1mbito de una amplia gama. Las bebidas de esta etiqueta pueden ser elegidas en el \u00e1mbito de una amplia gama. Etiqueta Clasica: Cola Cola Light Cola Zero Cola Life Naranjada Light Th\u00e9 lim\u00f3n Th\u00e8 lim\u00f3n Light Th\u00e8 melocoton [&hellip;]<\/p>\n","protected":false},"author":58,"featured_media":2831,"parent":6568,"menu_order":0,"comment_status":"open","ping_status":"closed","template":"","meta":{"footnotes":""},"class_list":["post-6572","page","type-page","status-publish","has-post-thumbnail","hentry"],"yoast_head":"<!-- This site is optimized with the Yoast SEO plugin v27.5 - https:\/\/yoast.com\/product\/yoast-seo-wordpress\/ -->\n<title>Etiqueta Clasica - io bevo\u00ae<\/title>\n<meta name=\"robots\" content=\"index, follow, max-snippet:-1, max-image-preview:large, max-video-preview:-1\" \/>\n<link rel=\"canonical\" href=\"https:\/\/www.iobevo.com\/online\/servicios\/freebeverage\/formato-y-variedades-de-las-bebidas\/etiqueta-clasica\/?lang=es\" \/>\n<meta property=\"og:locale\" content=\"it_IT\" \/>\n<meta property=\"og:type\" content=\"article\" \/>\n<meta property=\"og:title\" content=\"Etiqueta Clasica - io bevo\u00ae\" \/>\n<meta property=\"og:description\" content=\"Bebidas libre Las bebidas de esta etiqueta pueden ser elegidas en el \u00e1mbito de una amplia gama. Las bebidas de esta etiqueta pueden ser elegidas en el \u00e1mbito de una amplia gama. Etiqueta Clasica: Cola Cola Light Cola Zero Cola Life Naranjada Light Th\u00e9 lim\u00f3n Th\u00e8 lim\u00f3n Light Th\u00e8 melocoton [&hellip;]\" \/>\n<meta property=\"og:url\" content=\"https:\/\/www.iobevo.com\/online\/servicios\/freebeverage\/formato-y-variedades-de-las-bebidas\/etiqueta-clasica\/?lang=es\" \/>\n<meta property=\"og:site_name\" content=\"io bevo\u00ae\" \/>\n<meta property=\"article:modified_time\" content=\"2018-01-29T18:53:31+00:00\" \/>\n<meta property=\"og:image\" content=\"https:\/\/www.iobevo.com\/online\/wp-content\/uploads\/2014\/01\/slide-2-bg-e1400667726929.png\" \/>\n\t<meta property=\"og:image:width\" content=\"1512\" \/>\n\t<meta property=\"og:image:height\" content=\"400\" \/>\n\t<meta property=\"og:image:type\" content=\"image\/png\" \/>\n<meta name=\"twitter:card\" content=\"summary_large_image\" \/>\n<meta name=\"twitter:site\" content=\"@IoBevo\" \/>\n<script type=\"application\/ld+json\" class=\"yoast-schema-graph\">{\"@context\":\"https:\\\/\\\/schema.org\",\"@graph\":[{\"@type\":\"WebPage\",\"@id\":\"https:\\\/\\\/www.iobevo.com\\\/online\\\/servicios\\\/freebeverage\\\/formato-y-variedades-de-las-bebidas\\\/etiqueta-clasica\\\/?lang=es\",\"url\":\"https:\\\/\\\/www.iobevo.com\\\/online\\\/servicios\\\/freebeverage\\\/formato-y-variedades-de-las-bebidas\\\/etiqueta-clasica\\\/?lang=es\",\"name\":\"Etiqueta Clasica - io bevo\u00ae\",\"isPartOf\":{\"@id\":\"https:\\\/\\\/www.iobevo.com\\\/online\\\/#website\"},\"primaryImageOfPage\":{\"@id\":\"https:\\\/\\\/www.iobevo.com\\\/online\\\/servicios\\\/freebeverage\\\/formato-y-variedades-de-las-bebidas\\\/etiqueta-clasica\\\/?lang=es#primaryimage\"},\"image\":{\"@id\":\"https:\\\/\\\/www.iobevo.com\\\/online\\\/servicios\\\/freebeverage\\\/formato-y-variedades-de-las-bebidas\\\/etiqueta-clasica\\\/?lang=es#primaryimage\"},\"thumbnailUrl\":\"https:\\\/\\\/www.iobevo.com\\\/online\\\/wp-content\\\/uploads\\\/2014\\\/01\\\/slide-2-bg-e1400667726929.png\",\"datePublished\":\"2014-07-09T14:40:04+00:00\",\"dateModified\":\"2018-01-29T18:53:31+00:00\",\"breadcrumb\":{\"@id\":\"https:\\\/\\\/www.iobevo.com\\\/online\\\/servicios\\\/freebeverage\\\/formato-y-variedades-de-las-bebidas\\\/etiqueta-clasica\\\/?lang=es#breadcrumb\"},\"inLanguage\":\"it-IT\",\"potentialAction\":[{\"@type\":\"ReadAction\",\"target\":[\"https:\\\/\\\/www.iobevo.com\\\/online\\\/servicios\\\/freebeverage\\\/formato-y-variedades-de-las-bebidas\\\/etiqueta-clasica\\\/?lang=es\"]}]},{\"@type\":\"ImageObject\",\"inLanguage\":\"it-IT\",\"@id\":\"https:\\\/\\\/www.iobevo.com\\\/online\\\/servicios\\\/freebeverage\\\/formato-y-variedades-de-las-bebidas\\\/etiqueta-clasica\\\/?lang=es#primaryimage\",\"url\":\"https:\\\/\\\/www.iobevo.com\\\/online\\\/wp-content\\\/uploads\\\/2014\\\/01\\\/slide-2-bg-e1400667726929.png\",\"contentUrl\":\"https:\\\/\\\/www.iobevo.com\\\/online\\\/wp-content\\\/uploads\\\/2014\\\/01\\\/slide-2-bg-e1400667726929.png\",\"width\":1512,\"height\":400},{\"@type\":\"BreadcrumbList\",\"@id\":\"https:\\\/\\\/www.iobevo.com\\\/online\\\/servicios\\\/freebeverage\\\/formato-y-variedades-de-las-bebidas\\\/etiqueta-clasica\\\/?lang=es#breadcrumb\",\"itemListElement\":[{\"@type\":\"ListItem\",\"position\":1,\"name\":\"Servicios\",\"item\":\"https:\\\/\\\/www.iobevo.com\\\/online\\\/servicios\\\/?lang=es\"},{\"@type\":\"ListItem\",\"position\":2,\"name\":\"freebeverage\u00ae\",\"item\":\"https:\\\/\\\/www.iobevo.com\\\/online\\\/servicios\\\/freebeverage\\\/?lang=es\"},{\"@type\":\"ListItem\",\"position\":3,\"name\":\"Formato y variedades de las bebidas\",\"item\":\"https:\\\/\\\/www.iobevo.com\\\/online\\\/servicios\\\/freebeverage\\\/formato-y-variedades-de-las-bebidas\\\/?lang=es\"},{\"@type\":\"ListItem\",\"position\":4,\"name\":\"Etiqueta Clasica\"}]},{\"@type\":\"WebSite\",\"@id\":\"https:\\\/\\\/www.iobevo.com\\\/online\\\/#website\",\"url\":\"https:\\\/\\\/www.iobevo.com\\\/online\\\/\",\"name\":\"io bevo\u00ae\",\"description\":\"Drink Plastic free\",\"publisher\":{\"@id\":\"https:\\\/\\\/www.iobevo.com\\\/online\\\/#organization\"},\"potentialAction\":[{\"@type\":\"SearchAction\",\"target\":{\"@type\":\"EntryPoint\",\"urlTemplate\":\"https:\\\/\\\/www.iobevo.com\\\/online\\\/?s={search_term_string}\"},\"query-input\":{\"@type\":\"PropertyValueSpecification\",\"valueRequired\":true,\"valueName\":\"search_term_string\"}}],\"inLanguage\":\"it-IT\"},{\"@type\":\"Organization\",\"@id\":\"https:\\\/\\\/www.iobevo.com\\\/online\\\/#organization\",\"name\":\"General Beverage\",\"url\":\"https:\\\/\\\/www.iobevo.com\\\/online\\\/\",\"logo\":{\"@type\":\"ImageObject\",\"inLanguage\":\"it-IT\",\"@id\":\"https:\\\/\\\/www.iobevo.com\\\/online\\\/#\\\/schema\\\/logo\\\/image\\\/\",\"url\":\"https:\\\/\\\/www.iobevo.com\\\/online\\\/wp-content\\\/uploads\\\/2014\\\/01\\\/logo_gb_horizontal_grey_160x47.png\",\"contentUrl\":\"https:\\\/\\\/www.iobevo.com\\\/online\\\/wp-content\\\/uploads\\\/2014\\\/01\\\/logo_gb_horizontal_grey_160x47.png\",\"width\":160,\"height\":47,\"caption\":\"General Beverage\"},\"image\":{\"@id\":\"https:\\\/\\\/www.iobevo.com\\\/online\\\/#\\\/schema\\\/logo\\\/image\\\/\"},\"sameAs\":[\"https:\\\/\\\/x.com\\\/IoBevo\"]}]}<\/script>\n<!-- \/ Yoast SEO plugin. -->","yoast_head_json":{"title":"Etiqueta Clasica - io bevo\u00ae","robots":{"index":"index","follow":"follow","max-snippet":"max-snippet:-1","max-image-preview":"max-image-preview:large","max-video-preview":"max-video-preview:-1"},"canonical":"https:\/\/www.iobevo.com\/online\/servicios\/freebeverage\/formato-y-variedades-de-las-bebidas\/etiqueta-clasica\/?lang=es","og_locale":"it_IT","og_type":"article","og_title":"Etiqueta Clasica - io bevo\u00ae","og_description":"Bebidas libre Las bebidas de esta etiqueta pueden ser elegidas en el \u00e1mbito de una amplia gama. Las bebidas de esta etiqueta pueden ser elegidas en el \u00e1mbito de una amplia gama. Etiqueta Clasica: Cola Cola Light Cola Zero Cola Life Naranjada Light Th\u00e9 lim\u00f3n Th\u00e8 lim\u00f3n Light Th\u00e8 melocoton [&hellip;]","og_url":"https:\/\/www.iobevo.com\/online\/servicios\/freebeverage\/formato-y-variedades-de-las-bebidas\/etiqueta-clasica\/?lang=es","og_site_name":"io bevo\u00ae","article_modified_time":"2018-01-29T18:53:31+00:00","og_image":[{"width":1512,"height":400,"url":"https:\/\/www.iobevo.com\/online\/wp-content\/uploads\/2014\/01\/slide-2-bg-e1400667726929.png","type":"image\/png"}],"twitter_card":"summary_large_image","twitter_site":"@IoBevo","schema":{"@context":"https:\/\/schema.org","@graph":[{"@type":"WebPage","@id":"https:\/\/www.iobevo.com\/online\/servicios\/freebeverage\/formato-y-variedades-de-las-bebidas\/etiqueta-clasica\/?lang=es","url":"https:\/\/www.iobevo.com\/online\/servicios\/freebeverage\/formato-y-variedades-de-las-bebidas\/etiqueta-clasica\/?lang=es","name":"Etiqueta Clasica - io bevo\u00ae","isPartOf":{"@id":"https:\/\/www.iobevo.com\/online\/#website"},"primaryImageOfPage":{"@id":"https:\/\/www.iobevo.com\/online\/servicios\/freebeverage\/formato-y-variedades-de-las-bebidas\/etiqueta-clasica\/?lang=es#primaryimage"},"image":{"@id":"https:\/\/www.iobevo.com\/online\/servicios\/freebeverage\/formato-y-variedades-de-las-bebidas\/etiqueta-clasica\/?lang=es#primaryimage"},"thumbnailUrl":"https:\/\/www.iobevo.com\/online\/wp-content\/uploads\/2014\/01\/slide-2-bg-e1400667726929.png","datePublished":"2014-07-09T14:40:04+00:00","dateModified":"2018-01-29T18:53:31+00:00","breadcrumb":{"@id":"https:\/\/www.iobevo.com\/online\/servicios\/freebeverage\/formato-y-variedades-de-las-bebidas\/etiqueta-clasica\/?lang=es#breadcrumb"},"inLanguage":"it-IT","potentialAction":[{"@type":"ReadAction","target":["https:\/\/www.iobevo.com\/online\/servicios\/freebeverage\/formato-y-variedades-de-las-bebidas\/etiqueta-clasica\/?lang=es"]}]},{"@type":"ImageObject","inLanguage":"it-IT","@id":"https:\/\/www.iobevo.com\/online\/servicios\/freebeverage\/formato-y-variedades-de-las-bebidas\/etiqueta-clasica\/?lang=es#primaryimage","url":"https:\/\/www.iobevo.com\/online\/wp-content\/uploads\/2014\/01\/slide-2-bg-e1400667726929.png","contentUrl":"https:\/\/www.iobevo.com\/online\/wp-content\/uploads\/2014\/01\/slide-2-bg-e1400667726929.png","width":1512,"height":400},{"@type":"BreadcrumbList","@id":"https:\/\/www.iobevo.com\/online\/servicios\/freebeverage\/formato-y-variedades-de-las-bebidas\/etiqueta-clasica\/?lang=es#breadcrumb","itemListElement":[{"@type":"ListItem","position":1,"name":"Servicios","item":"https:\/\/www.iobevo.com\/online\/servicios\/?lang=es"},{"@type":"ListItem","position":2,"name":"freebeverage\u00ae","item":"https:\/\/www.iobevo.com\/online\/servicios\/freebeverage\/?lang=es"},{"@type":"ListItem","position":3,"name":"Formato y variedades de las bebidas","item":"https:\/\/www.iobevo.com\/online\/servicios\/freebeverage\/formato-y-variedades-de-las-bebidas\/?lang=es"},{"@type":"ListItem","position":4,"name":"Etiqueta Clasica"}]},{"@type":"WebSite","@id":"https:\/\/www.iobevo.com\/online\/#website","url":"https:\/\/www.iobevo.com\/online\/","name":"io bevo\u00ae","description":"Drink Plastic free","publisher":{"@id":"https:\/\/www.iobevo.com\/online\/#organization"},"potentialAction":[{"@type":"SearchAction","target":{"@type":"EntryPoint","urlTemplate":"https:\/\/www.iobevo.com\/online\/?s={search_term_string}"},"query-input":{"@type":"PropertyValueSpecification","valueRequired":true,"valueName":"search_term_string"}}],"inLanguage":"it-IT"},{"@type":"Organization","@id":"https:\/\/www.iobevo.com\/online\/#organization","name":"General Beverage","url":"https:\/\/www.iobevo.com\/online\/","logo":{"@type":"ImageObject","inLanguage":"it-IT","@id":"https:\/\/www.iobevo.com\/online\/#\/schema\/logo\/image\/","url":"https:\/\/www.iobevo.com\/online\/wp-content\/uploads\/2014\/01\/logo_gb_horizontal_grey_160x47.png","contentUrl":"https:\/\/www.iobevo.com\/online\/wp-content\/uploads\/2014\/01\/logo_gb_horizontal_grey_160x47.png","width":160,"height":47,"caption":"General Beverage"},"image":{"@id":"https:\/\/www.iobevo.com\/online\/#\/schema\/logo\/image\/"},"sameAs":["https:\/\/x.com\/IoBevo"]}]}},"_links":{"self":[{"href":"https:\/\/www.iobevo.com\/online\/wp-json\/wp\/v2\/pages\/6572","targetHints":{"allow":["GET"]}}],"collection":[{"href":"https:\/\/www.iobevo.com\/online\/wp-json\/wp\/v2\/pages"}],"about":[{"href":"https:\/\/www.iobevo.com\/online\/wp-json\/wp\/v2\/types\/page"}],"author":[{"embeddable":true,"href":"https:\/\/www.iobevo.com\/online\/wp-json\/wp\/v2\/users\/58"}],"replies":[{"embeddable":true,"href":"https:\/\/www.iobevo.com\/online\/wp-json\/wp\/v2\/comments?post=6572"}],"version-history":[{"count":0,"href":"https:\/\/www.iobevo.com\/online\/wp-json\/wp\/v2\/pages\/6572\/revisions"}],"up":[{"embeddable":true,"href":"https:\/\/www.iobevo.com\/online\/wp-json\/wp\/v2\/pages\/6568"}],"wp:featuredmedia":[{"embeddable":true,"href":"https:\/\/www.iobevo.com\/online\/wp-json\/wp\/v2\/media\/2831"}],"wp:attachment":[{"href":"https:\/\/www.iobevo.com\/online\/wp-json\/wp\/v2\/media?parent=6572"}],"curies":[{"name":"wp","href":"https:\/\/api.w.org\/{rel}","templated":true}]}}