{"id":6614,"date":"2014-07-09T15:29:53","date_gmt":"2014-07-09T15:29:53","guid":{"rendered":"http:\/\/www.iobevo.com\/online\/?page_id=6614"},"modified":"2017-08-04T11:00:22","modified_gmt":"2017-08-04T09:00:22","slug":"concentrados-para-bebidas-bevo","status":"publish","type":"page","link":"https:\/\/www.iobevo.com\/online\/productos\/concentrados-para-bebidas-bevo\/?lang=es","title":{"rendered":"Etiqueta Clasica io bevo\u00ae"},"content":{"rendered":"<p>Las bebidas se pueden elegir en el \u00e1mbito de una gama muy amplia de bebidas, refrescos, bebidas naturales. A continuaci\u00f3n, se enumeran algunos de los posibles grupos de bebidas que, incluso con la caracterizaci\u00f3n de los dispensadores, constituyen posibles formatos finales. La variedad de las bebidas podr\u00e1 coincidir con uno de los formatos sugeridos podr\u00e1 elegirse, de vez en cuando, en funci\u00f3n del contexto y de la tipolog\u00eda de los usuarios.<\/p>\n<p>Las maquinas, disenadas por los hoteles, han sido concebidas para el trabajo intenso en los buffets. El modelo Mediterraneo, prev\u00e9 la dispensaci\u00f3n de un m\u00e1ximo de 7 selecciones diferentes de refrescos + 2 aguas (con o sin gas) a tr\u00e0ves de bag in box de 10 y 20 litros. Los productos finales se obtienen mezclando con el concentrado a el agua tratada mediante sistemas de microfiltraci\u00f3n. Las maquinas sonos personalizable en productos (densidad de sabores) como en imagen (logotipo).<\/p>\n<p style=\"text-align: center;\"><span class=\"responsive\"><img fetchpriority=\"high\" decoding=\"async\" class=\"aligncenter border_radius\" src=\"http:\/\/iobevo.com\/online\/wp-content\/uploads\/2014\/04\/concentrati-per-bevande-io-.jpg\" alt=\"concentrati-per-bevande-io-bevo\" width=\"420\" height=\"463\" \/><\/span><\/p>\n\n<table id=\"tablepress-107\" class=\"tablepress tablepress-id-107\">\n<thead>\n<tr class=\"row-1\">\n\t<th class=\"column-1\">Bebidas<\/th>\n<\/tr>\n<\/thead>\n<tbody class=\"row-striping row-hover\">\n<tr class=\"row-2\">\n\t<td class=\"column-1\"><\/td>\n<\/tr>\n<tr class=\"row-3\">\n\t<td class=\"column-1\">Cola<\/td>\n<\/tr>\n<tr class=\"row-4\">\n\t<td class=\"column-1\">Cola Light<\/td>\n<\/tr>\n<tr class=\"row-5\">\n\t<td class=\"column-1\">Cola Zero<\/td>\n<\/tr>\n<tr class=\"row-6\">\n\t<td class=\"column-1\">Cola Life<\/td>\n<\/tr>\n<tr class=\"row-7\">\n\t<td class=\"column-1\">Naranjada hecha con naranjas de Siracusa<\/td>\n<\/tr>\n<tr class=\"row-8\">\n\t<td class=\"column-1\">Naranjada Light<\/td>\n<\/tr>\n<tr class=\"row-9\">\n\t<td class=\"column-1\">Th\u00e9 frio lim\u00f3n<\/td>\n<\/tr>\n<tr class=\"row-10\">\n\t<td class=\"column-1\">Th\u00e8 frio lim\u00f3n Light<\/td>\n<\/tr>\n<tr class=\"row-11\">\n\t<td class=\"column-1\">Th\u00e8 frio melocoton<\/td>\n<\/tr>\n<tr class=\"row-12\">\n\t<td class=\"column-1\">Th\u00e8 frio melocoton Light<\/td>\n<\/tr>\n<tr class=\"row-13\">\n\t<td class=\"column-1\">Water Lime<\/td>\n<\/tr>\n<tr class=\"row-14\">\n\t<td class=\"column-1\">Gaseosa<\/td>\n<\/tr>\n<tr class=\"row-15\">\n\t<td class=\"column-1\">Gaseosa light<\/td>\n<\/tr>\n<tr class=\"row-16\">\n\t<td class=\"column-1\">Limonada hecha con limones de Taormina<\/td>\n<\/tr>\n<tr class=\"row-17\">\n\t<td class=\"column-1\">Agua T\u00f3nica<\/td>\n<\/tr>\n<tr class=\"row-18\">\n\t<td class=\"column-1\">Agua t\u00f3nica light<\/td>\n<\/tr>\n<tr class=\"row-19\">\n\t<td class=\"column-1\">Bitter rojo<\/td>\n<\/tr>\n<\/tbody>\n<\/table>\n\n","protected":false},"excerpt":{"rendered":"<p>Las bebidas se pueden elegir en el \u00e1mbito de una gama muy amplia de bebidas, refrescos, bebidas naturales. A continuaci\u00f3n, se enumeran algunos de los posibles grupos de bebidas que, incluso con la caracterizaci\u00f3n de los dispensadores, constituyen posibles formatos finales. La variedad de las bebidas podr\u00e1 coincidir con uno [&hellip;]<\/p>\n","protected":false},"author":58,"featured_media":2831,"parent":6604,"menu_order":4,"comment_status":"open","ping_status":"closed","template":"","meta":{"footnotes":""},"class_list":["post-6614","page","type-page","status-publish","has-post-thumbnail","hentry"],"yoast_head":"<!-- This site is optimized with the Yoast SEO plugin v27.4 - https:\/\/yoast.com\/product\/yoast-seo-wordpress\/ -->\n<title>Etiqueta Clasica io bevo\u00ae - io bevo\u00ae<\/title>\n<meta name=\"robots\" content=\"index, follow, max-snippet:-1, max-image-preview:large, max-video-preview:-1\" \/>\n<link rel=\"canonical\" href=\"https:\/\/www.iobevo.com\/online\/productos\/concentrados-para-bebidas-bevo\/?lang=es\" \/>\n<meta property=\"og:locale\" content=\"it_IT\" \/>\n<meta property=\"og:type\" content=\"article\" \/>\n<meta property=\"og:title\" content=\"Etiqueta Clasica io bevo\u00ae - io bevo\u00ae\" \/>\n<meta property=\"og:description\" content=\"Las bebidas se pueden elegir en el \u00e1mbito de una gama muy amplia de bebidas, refrescos, bebidas naturales. A continuaci\u00f3n, se enumeran algunos de los posibles grupos de bebidas que, incluso con la caracterizaci\u00f3n de los dispensadores, constituyen posibles formatos finales. La variedad de las bebidas podr\u00e1 coincidir con uno [&hellip;]\" \/>\n<meta property=\"og:url\" content=\"https:\/\/www.iobevo.com\/online\/productos\/concentrados-para-bebidas-bevo\/?lang=es\" \/>\n<meta property=\"og:site_name\" content=\"io bevo\u00ae\" \/>\n<meta property=\"article:modified_time\" content=\"2017-08-04T09:00:22+00:00\" \/>\n<meta property=\"og:image\" content=\"https:\/\/www.iobevo.com\/online\/wp-content\/uploads\/2014\/01\/slide-2-bg-e1400667726929.png\" \/>\n\t<meta property=\"og:image:width\" content=\"1512\" \/>\n\t<meta property=\"og:image:height\" content=\"400\" \/>\n\t<meta property=\"og:image:type\" content=\"image\/png\" \/>\n<meta name=\"twitter:card\" content=\"summary_large_image\" \/>\n<meta name=\"twitter:site\" content=\"@IoBevo\" \/>\n<meta name=\"twitter:label1\" content=\"Tempo di lettura stimato\" \/>\n\t<meta name=\"twitter:data1\" content=\"1 minuto\" \/>\n<script type=\"application\/ld+json\" class=\"yoast-schema-graph\">{\"@context\":\"https:\\\/\\\/schema.org\",\"@graph\":[{\"@type\":\"WebPage\",\"@id\":\"https:\\\/\\\/www.iobevo.com\\\/online\\\/productos\\\/concentrados-para-bebidas-bevo\\\/?lang=es\",\"url\":\"https:\\\/\\\/www.iobevo.com\\\/online\\\/productos\\\/concentrados-para-bebidas-bevo\\\/?lang=es\",\"name\":\"Etiqueta Clasica io bevo\u00ae - io bevo\u00ae\",\"isPartOf\":{\"@id\":\"https:\\\/\\\/www.iobevo.com\\\/online\\\/#website\"},\"primaryImageOfPage\":{\"@id\":\"https:\\\/\\\/www.iobevo.com\\\/online\\\/productos\\\/concentrados-para-bebidas-bevo\\\/?lang=es#primaryimage\"},\"image\":{\"@id\":\"https:\\\/\\\/www.iobevo.com\\\/online\\\/productos\\\/concentrados-para-bebidas-bevo\\\/?lang=es#primaryimage\"},\"thumbnailUrl\":\"https:\\\/\\\/www.iobevo.com\\\/online\\\/wp-content\\\/uploads\\\/2014\\\/01\\\/slide-2-bg-e1400667726929.png\",\"datePublished\":\"2014-07-09T15:29:53+00:00\",\"dateModified\":\"2017-08-04T09:00:22+00:00\",\"breadcrumb\":{\"@id\":\"https:\\\/\\\/www.iobevo.com\\\/online\\\/productos\\\/concentrados-para-bebidas-bevo\\\/?lang=es#breadcrumb\"},\"inLanguage\":\"it-IT\",\"potentialAction\":[{\"@type\":\"ReadAction\",\"target\":[\"https:\\\/\\\/www.iobevo.com\\\/online\\\/productos\\\/concentrados-para-bebidas-bevo\\\/?lang=es\"]}]},{\"@type\":\"ImageObject\",\"inLanguage\":\"it-IT\",\"@id\":\"https:\\\/\\\/www.iobevo.com\\\/online\\\/productos\\\/concentrados-para-bebidas-bevo\\\/?lang=es#primaryimage\",\"url\":\"https:\\\/\\\/www.iobevo.com\\\/online\\\/wp-content\\\/uploads\\\/2014\\\/01\\\/slide-2-bg-e1400667726929.png\",\"contentUrl\":\"https:\\\/\\\/www.iobevo.com\\\/online\\\/wp-content\\\/uploads\\\/2014\\\/01\\\/slide-2-bg-e1400667726929.png\",\"width\":1512,\"height\":400},{\"@type\":\"BreadcrumbList\",\"@id\":\"https:\\\/\\\/www.iobevo.com\\\/online\\\/productos\\\/concentrados-para-bebidas-bevo\\\/?lang=es#breadcrumb\",\"itemListElement\":[{\"@type\":\"ListItem\",\"position\":1,\"name\":\"Productos\",\"item\":\"https:\\\/\\\/www.iobevo.com\\\/online\\\/productos\\\/?lang=es\"},{\"@type\":\"ListItem\",\"position\":2,\"name\":\"Etiqueta Clasica io bevo\u00ae\"}]},{\"@type\":\"WebSite\",\"@id\":\"https:\\\/\\\/www.iobevo.com\\\/online\\\/#website\",\"url\":\"https:\\\/\\\/www.iobevo.com\\\/online\\\/\",\"name\":\"io bevo\u00ae\",\"description\":\"Drink Plastic free\",\"publisher\":{\"@id\":\"https:\\\/\\\/www.iobevo.com\\\/online\\\/#organization\"},\"potentialAction\":[{\"@type\":\"SearchAction\",\"target\":{\"@type\":\"EntryPoint\",\"urlTemplate\":\"https:\\\/\\\/www.iobevo.com\\\/online\\\/?s={search_term_string}\"},\"query-input\":{\"@type\":\"PropertyValueSpecification\",\"valueRequired\":true,\"valueName\":\"search_term_string\"}}],\"inLanguage\":\"it-IT\"},{\"@type\":\"Organization\",\"@id\":\"https:\\\/\\\/www.iobevo.com\\\/online\\\/#organization\",\"name\":\"General Beverage\",\"url\":\"https:\\\/\\\/www.iobevo.com\\\/online\\\/\",\"logo\":{\"@type\":\"ImageObject\",\"inLanguage\":\"it-IT\",\"@id\":\"https:\\\/\\\/www.iobevo.com\\\/online\\\/#\\\/schema\\\/logo\\\/image\\\/\",\"url\":\"https:\\\/\\\/www.iobevo.com\\\/online\\\/wp-content\\\/uploads\\\/2014\\\/01\\\/logo_gb_horizontal_grey_160x47.png\",\"contentUrl\":\"https:\\\/\\\/www.iobevo.com\\\/online\\\/wp-content\\\/uploads\\\/2014\\\/01\\\/logo_gb_horizontal_grey_160x47.png\",\"width\":160,\"height\":47,\"caption\":\"General Beverage\"},\"image\":{\"@id\":\"https:\\\/\\\/www.iobevo.com\\\/online\\\/#\\\/schema\\\/logo\\\/image\\\/\"},\"sameAs\":[\"https:\\\/\\\/x.com\\\/IoBevo\"]}]}<\/script>\n<!-- \/ Yoast SEO plugin. -->","yoast_head_json":{"title":"Etiqueta Clasica io bevo\u00ae - io bevo\u00ae","robots":{"index":"index","follow":"follow","max-snippet":"max-snippet:-1","max-image-preview":"max-image-preview:large","max-video-preview":"max-video-preview:-1"},"canonical":"https:\/\/www.iobevo.com\/online\/productos\/concentrados-para-bebidas-bevo\/?lang=es","og_locale":"it_IT","og_type":"article","og_title":"Etiqueta Clasica io bevo\u00ae - io bevo\u00ae","og_description":"Las bebidas se pueden elegir en el \u00e1mbito de una gama muy amplia de bebidas, refrescos, bebidas naturales. A continuaci\u00f3n, se enumeran algunos de los posibles grupos de bebidas que, incluso con la caracterizaci\u00f3n de los dispensadores, constituyen posibles formatos finales. La variedad de las bebidas podr\u00e1 coincidir con uno [&hellip;]","og_url":"https:\/\/www.iobevo.com\/online\/productos\/concentrados-para-bebidas-bevo\/?lang=es","og_site_name":"io bevo\u00ae","article_modified_time":"2017-08-04T09:00:22+00:00","og_image":[{"width":1512,"height":400,"url":"https:\/\/www.iobevo.com\/online\/wp-content\/uploads\/2014\/01\/slide-2-bg-e1400667726929.png","type":"image\/png"}],"twitter_card":"summary_large_image","twitter_site":"@IoBevo","twitter_misc":{"Tempo di lettura stimato":"1 minuto"},"schema":{"@context":"https:\/\/schema.org","@graph":[{"@type":"WebPage","@id":"https:\/\/www.iobevo.com\/online\/productos\/concentrados-para-bebidas-bevo\/?lang=es","url":"https:\/\/www.iobevo.com\/online\/productos\/concentrados-para-bebidas-bevo\/?lang=es","name":"Etiqueta Clasica io bevo\u00ae - io bevo\u00ae","isPartOf":{"@id":"https:\/\/www.iobevo.com\/online\/#website"},"primaryImageOfPage":{"@id":"https:\/\/www.iobevo.com\/online\/productos\/concentrados-para-bebidas-bevo\/?lang=es#primaryimage"},"image":{"@id":"https:\/\/www.iobevo.com\/online\/productos\/concentrados-para-bebidas-bevo\/?lang=es#primaryimage"},"thumbnailUrl":"https:\/\/www.iobevo.com\/online\/wp-content\/uploads\/2014\/01\/slide-2-bg-e1400667726929.png","datePublished":"2014-07-09T15:29:53+00:00","dateModified":"2017-08-04T09:00:22+00:00","breadcrumb":{"@id":"https:\/\/www.iobevo.com\/online\/productos\/concentrados-para-bebidas-bevo\/?lang=es#breadcrumb"},"inLanguage":"it-IT","potentialAction":[{"@type":"ReadAction","target":["https:\/\/www.iobevo.com\/online\/productos\/concentrados-para-bebidas-bevo\/?lang=es"]}]},{"@type":"ImageObject","inLanguage":"it-IT","@id":"https:\/\/www.iobevo.com\/online\/productos\/concentrados-para-bebidas-bevo\/?lang=es#primaryimage","url":"https:\/\/www.iobevo.com\/online\/wp-content\/uploads\/2014\/01\/slide-2-bg-e1400667726929.png","contentUrl":"https:\/\/www.iobevo.com\/online\/wp-content\/uploads\/2014\/01\/slide-2-bg-e1400667726929.png","width":1512,"height":400},{"@type":"BreadcrumbList","@id":"https:\/\/www.iobevo.com\/online\/productos\/concentrados-para-bebidas-bevo\/?lang=es#breadcrumb","itemListElement":[{"@type":"ListItem","position":1,"name":"Productos","item":"https:\/\/www.iobevo.com\/online\/productos\/?lang=es"},{"@type":"ListItem","position":2,"name":"Etiqueta Clasica io bevo\u00ae"}]},{"@type":"WebSite","@id":"https:\/\/www.iobevo.com\/online\/#website","url":"https:\/\/www.iobevo.com\/online\/","name":"io bevo\u00ae","description":"Drink Plastic free","publisher":{"@id":"https:\/\/www.iobevo.com\/online\/#organization"},"potentialAction":[{"@type":"SearchAction","target":{"@type":"EntryPoint","urlTemplate":"https:\/\/www.iobevo.com\/online\/?s={search_term_string}"},"query-input":{"@type":"PropertyValueSpecification","valueRequired":true,"valueName":"search_term_string"}}],"inLanguage":"it-IT"},{"@type":"Organization","@id":"https:\/\/www.iobevo.com\/online\/#organization","name":"General Beverage","url":"https:\/\/www.iobevo.com\/online\/","logo":{"@type":"ImageObject","inLanguage":"it-IT","@id":"https:\/\/www.iobevo.com\/online\/#\/schema\/logo\/image\/","url":"https:\/\/www.iobevo.com\/online\/wp-content\/uploads\/2014\/01\/logo_gb_horizontal_grey_160x47.png","contentUrl":"https:\/\/www.iobevo.com\/online\/wp-content\/uploads\/2014\/01\/logo_gb_horizontal_grey_160x47.png","width":160,"height":47,"caption":"General Beverage"},"image":{"@id":"https:\/\/www.iobevo.com\/online\/#\/schema\/logo\/image\/"},"sameAs":["https:\/\/x.com\/IoBevo"]}]}},"_links":{"self":[{"href":"https:\/\/www.iobevo.com\/online\/wp-json\/wp\/v2\/pages\/6614","targetHints":{"allow":["GET"]}}],"collection":[{"href":"https:\/\/www.iobevo.com\/online\/wp-json\/wp\/v2\/pages"}],"about":[{"href":"https:\/\/www.iobevo.com\/online\/wp-json\/wp\/v2\/types\/page"}],"author":[{"embeddable":true,"href":"https:\/\/www.iobevo.com\/online\/wp-json\/wp\/v2\/users\/58"}],"replies":[{"embeddable":true,"href":"https:\/\/www.iobevo.com\/online\/wp-json\/wp\/v2\/comments?post=6614"}],"version-history":[{"count":0,"href":"https:\/\/www.iobevo.com\/online\/wp-json\/wp\/v2\/pages\/6614\/revisions"}],"up":[{"embeddable":true,"href":"https:\/\/www.iobevo.com\/online\/wp-json\/wp\/v2\/pages\/6604"}],"wp:featuredmedia":[{"embeddable":true,"href":"https:\/\/www.iobevo.com\/online\/wp-json\/wp\/v2\/media\/2831"}],"wp:attachment":[{"href":"https:\/\/www.iobevo.com\/online\/wp-json\/wp\/v2\/media?parent=6614"}],"curies":[{"name":"wp","href":"https:\/\/api.w.org\/{rel}","templated":true}]}}