{"id":6813,"date":"2014-07-11T19:24:57","date_gmt":"2014-07-11T19:24:57","guid":{"rendered":"http:\/\/www.iobevo.com\/online\/?page_id=6813"},"modified":"2017-08-10T23:16:24","modified_gmt":"2017-08-10T21:16:24","slug":"korinto-io-espresso","status":"publish","type":"page","link":"https:\/\/www.iobevo.com\/online\/distribuidores\/korinto-io-espresso\/?lang=es","title":{"rendered":"Korinto io espresso\u00ae"},"content":{"rendered":"<p><strong>Korinto io espresso<\/strong><sup>\u00ae\u00a0<\/sup>es el dispensador self service que proponemos para la distribuci\u00f3n del caf\u00e9 expreso o de otras bebidas calientes.<\/p>\n<p>Es ideal para la distribuci\u00f3n de los desayunos <span class=\"mark1\">io<\/span> <span class=\"mark2\">breakfast<\/span><span class=\"mark3\">\u00ae<\/span> con caf\u00e9 espresso o para la realizaci\u00f3n del servicio <span class=\"mark2\">freecoffee<\/span><span class=\"mark3\">\u00ae<\/span>, consumo libre y a costo fijo del caf\u00e9 expreso despu\u00e9s de las comidas. Todos los servicios se almacenan en un software interno. Puede ser equipado con una mesita de apoyo o se puede colocar en mesas o mostradores que ya existen en las instalaciones.<\/p>\n<p>El dispensador es el resultado de una avanzada tecnolog\u00eda que permite un rendimiento de nivel profesional, \u00f3ptima calidad y alta funcionalidad. Compacto, f\u00e1cil de usar y muy vers\u00e1til, se puede ubicar en cualquier ambiente, gracias a su dise\u00f1o elegante y a los gr\u00e1ficos personalizados.<\/p>\n<div class=\"gap\" style=\"height: 30px;\"><\/div>\n<h3 class=\"title\"><span>Carater\u00edsticas t\u00e9cnicas<\/span><\/h3>\n<div class=\"one_half\">\n<div class=\"description clearfix style-1\">\n<p style=\"text-align: left;\">Voltaje &#8211; frecuencia <strong>230 V &#8211; 50 Hz<\/strong><\/p>\n<p style=\"text-align: left;\">Potencia <strong>W 1,950<\/strong><\/p>\n<p style=\"text-align: left;\">N\u00famero selecciones posibles <strong>8<\/strong><\/p>\n<p style=\"text-align: left;\">N\u00famero productos de base<strong> 1 caf\u00e9 en grano + 2 solubles<\/strong><\/p>\n<p style=\"text-align: left;\">Toma de corriente<strong> Schuko<\/strong><\/p>\n<p style=\"text-align: left;\">Salida de agua<strong> \u00bd<\/strong> \u201c<\/p>\n<p style=\"text-align: left;\">Peso <strong>Kg 32<\/strong><\/p>\n<p style=\"text-align: left;\">Ancho<strong> mm 331<\/strong><\/p>\n<p style=\"text-align: left;\">Profundidad <strong>mm 528<\/strong><\/p>\n<p style=\"text-align: left;\">Altura <strong>mm 715<\/strong><\/p>\n<p style=\"text-align: left;\">Mueble de apoyo<strong> (ancho\/ altura\/ profundidad) 830 x 410 x 490 mm<\/strong><\/p>\n<p style=\"text-align: center;\"><\/div>\n<\/div>\n<div class=\"one_half last\"><span class=\"responsive\"><img fetchpriority=\"high\" decoding=\"async\" class=\"aligncenter wp-image-3816 size-full\" src=\"http:\/\/iobevo.com\/online\/wp-content\/uploads\/2014\/04\/korinto.png\" alt=\"korinto\" width=\"212\" height=\"410\" srcset=\"https:\/\/www.iobevo.com\/online\/wp-content\/uploads\/2014\/04\/korinto.png 212w, https:\/\/www.iobevo.com\/online\/wp-content\/uploads\/2014\/04\/korinto-155x300.png 155w\" sizes=\"(max-width: 212px) 100vw, 212px\" \/><\/span><\/div>\n<div class=\"clear\"><\/div><\/p>\n","protected":false},"excerpt":{"rendered":"<p>Korinto io espresso\u00ae\u00a0es el dispensador self service que proponemos para la distribuci\u00f3n del caf\u00e9 expreso o de otras bebidas calientes. Es ideal para la distribuci\u00f3n de los desayunos io breakfast\u00ae con caf\u00e9 espresso o para la realizaci\u00f3n del servicio freecoffee\u00ae, consumo libre y a costo fijo del caf\u00e9 expreso despu\u00e9s [&hellip;]<\/p>\n","protected":false},"author":58,"featured_media":2831,"parent":6793,"menu_order":4,"comment_status":"open","ping_status":"closed","template":"","meta":{"footnotes":""},"class_list":["post-6813","page","type-page","status-publish","has-post-thumbnail","hentry"],"yoast_head":"<!-- This site is optimized with the Yoast SEO plugin v27.5 - https:\/\/yoast.com\/product\/yoast-seo-wordpress\/ -->\n<title>Korinto io espresso\u00ae - io bevo\u00ae<\/title>\n<meta name=\"robots\" content=\"index, follow, max-snippet:-1, max-image-preview:large, max-video-preview:-1\" \/>\n<link rel=\"canonical\" href=\"https:\/\/www.iobevo.com\/online\/distribuidores\/korinto-io-espresso\/?lang=es\" \/>\n<meta property=\"og:locale\" content=\"it_IT\" \/>\n<meta property=\"og:type\" content=\"article\" \/>\n<meta property=\"og:title\" content=\"Korinto io espresso\u00ae - io bevo\u00ae\" \/>\n<meta property=\"og:description\" content=\"Korinto io espresso\u00ae\u00a0es el dispensador self service que proponemos para la distribuci\u00f3n del caf\u00e9 expreso o de otras bebidas calientes. Es ideal para la distribuci\u00f3n de los desayunos io breakfast\u00ae con caf\u00e9 espresso o para la realizaci\u00f3n del servicio freecoffee\u00ae, consumo libre y a costo fijo del caf\u00e9 expreso despu\u00e9s [&hellip;]\" \/>\n<meta property=\"og:url\" content=\"https:\/\/www.iobevo.com\/online\/distribuidores\/korinto-io-espresso\/?lang=es\" \/>\n<meta property=\"og:site_name\" content=\"io bevo\u00ae\" \/>\n<meta property=\"article:modified_time\" content=\"2017-08-10T21:16:24+00:00\" \/>\n<meta property=\"og:image\" content=\"https:\/\/www.iobevo.com\/online\/wp-content\/uploads\/2014\/01\/slide-2-bg-e1400667726929.png\" \/>\n\t<meta property=\"og:image:width\" content=\"1512\" \/>\n\t<meta property=\"og:image:height\" content=\"400\" \/>\n\t<meta property=\"og:image:type\" content=\"image\/png\" \/>\n<meta name=\"twitter:card\" content=\"summary_large_image\" \/>\n<meta name=\"twitter:site\" content=\"@IoBevo\" \/>\n<meta name=\"twitter:label1\" content=\"Tempo di lettura stimato\" \/>\n\t<meta name=\"twitter:data1\" content=\"1 minuto\" \/>\n<script type=\"application\/ld+json\" class=\"yoast-schema-graph\">{\"@context\":\"https:\\\/\\\/schema.org\",\"@graph\":[{\"@type\":\"WebPage\",\"@id\":\"https:\\\/\\\/www.iobevo.com\\\/online\\\/distribuidores\\\/korinto-io-espresso\\\/?lang=es\",\"url\":\"https:\\\/\\\/www.iobevo.com\\\/online\\\/distribuidores\\\/korinto-io-espresso\\\/?lang=es\",\"name\":\"Korinto io espresso\u00ae - io bevo\u00ae\",\"isPartOf\":{\"@id\":\"https:\\\/\\\/www.iobevo.com\\\/online\\\/#website\"},\"primaryImageOfPage\":{\"@id\":\"https:\\\/\\\/www.iobevo.com\\\/online\\\/distribuidores\\\/korinto-io-espresso\\\/?lang=es#primaryimage\"},\"image\":{\"@id\":\"https:\\\/\\\/www.iobevo.com\\\/online\\\/distribuidores\\\/korinto-io-espresso\\\/?lang=es#primaryimage\"},\"thumbnailUrl\":\"https:\\\/\\\/www.iobevo.com\\\/online\\\/wp-content\\\/uploads\\\/2014\\\/01\\\/slide-2-bg-e1400667726929.png\",\"datePublished\":\"2014-07-11T19:24:57+00:00\",\"dateModified\":\"2017-08-10T21:16:24+00:00\",\"breadcrumb\":{\"@id\":\"https:\\\/\\\/www.iobevo.com\\\/online\\\/distribuidores\\\/korinto-io-espresso\\\/?lang=es#breadcrumb\"},\"inLanguage\":\"it-IT\",\"potentialAction\":[{\"@type\":\"ReadAction\",\"target\":[\"https:\\\/\\\/www.iobevo.com\\\/online\\\/distribuidores\\\/korinto-io-espresso\\\/?lang=es\"]}]},{\"@type\":\"ImageObject\",\"inLanguage\":\"it-IT\",\"@id\":\"https:\\\/\\\/www.iobevo.com\\\/online\\\/distribuidores\\\/korinto-io-espresso\\\/?lang=es#primaryimage\",\"url\":\"https:\\\/\\\/www.iobevo.com\\\/online\\\/wp-content\\\/uploads\\\/2014\\\/01\\\/slide-2-bg-e1400667726929.png\",\"contentUrl\":\"https:\\\/\\\/www.iobevo.com\\\/online\\\/wp-content\\\/uploads\\\/2014\\\/01\\\/slide-2-bg-e1400667726929.png\",\"width\":1512,\"height\":400},{\"@type\":\"BreadcrumbList\",\"@id\":\"https:\\\/\\\/www.iobevo.com\\\/online\\\/distribuidores\\\/korinto-io-espresso\\\/?lang=es#breadcrumb\",\"itemListElement\":[{\"@type\":\"ListItem\",\"position\":1,\"name\":\"Distribuidores\",\"item\":\"https:\\\/\\\/www.iobevo.com\\\/online\\\/distribuidores\\\/?lang=es\"},{\"@type\":\"ListItem\",\"position\":2,\"name\":\"Korinto io espresso\u00ae\"}]},{\"@type\":\"WebSite\",\"@id\":\"https:\\\/\\\/www.iobevo.com\\\/online\\\/#website\",\"url\":\"https:\\\/\\\/www.iobevo.com\\\/online\\\/\",\"name\":\"io bevo\u00ae\",\"description\":\"Drink Plastic free\",\"publisher\":{\"@id\":\"https:\\\/\\\/www.iobevo.com\\\/online\\\/#organization\"},\"potentialAction\":[{\"@type\":\"SearchAction\",\"target\":{\"@type\":\"EntryPoint\",\"urlTemplate\":\"https:\\\/\\\/www.iobevo.com\\\/online\\\/?s={search_term_string}\"},\"query-input\":{\"@type\":\"PropertyValueSpecification\",\"valueRequired\":true,\"valueName\":\"search_term_string\"}}],\"inLanguage\":\"it-IT\"},{\"@type\":\"Organization\",\"@id\":\"https:\\\/\\\/www.iobevo.com\\\/online\\\/#organization\",\"name\":\"General Beverage\",\"url\":\"https:\\\/\\\/www.iobevo.com\\\/online\\\/\",\"logo\":{\"@type\":\"ImageObject\",\"inLanguage\":\"it-IT\",\"@id\":\"https:\\\/\\\/www.iobevo.com\\\/online\\\/#\\\/schema\\\/logo\\\/image\\\/\",\"url\":\"https:\\\/\\\/www.iobevo.com\\\/online\\\/wp-content\\\/uploads\\\/2014\\\/01\\\/logo_gb_horizontal_grey_160x47.png\",\"contentUrl\":\"https:\\\/\\\/www.iobevo.com\\\/online\\\/wp-content\\\/uploads\\\/2014\\\/01\\\/logo_gb_horizontal_grey_160x47.png\",\"width\":160,\"height\":47,\"caption\":\"General Beverage\"},\"image\":{\"@id\":\"https:\\\/\\\/www.iobevo.com\\\/online\\\/#\\\/schema\\\/logo\\\/image\\\/\"},\"sameAs\":[\"https:\\\/\\\/x.com\\\/IoBevo\"]}]}<\/script>\n<!-- \/ Yoast SEO plugin. -->","yoast_head_json":{"title":"Korinto io espresso\u00ae - io bevo\u00ae","robots":{"index":"index","follow":"follow","max-snippet":"max-snippet:-1","max-image-preview":"max-image-preview:large","max-video-preview":"max-video-preview:-1"},"canonical":"https:\/\/www.iobevo.com\/online\/distribuidores\/korinto-io-espresso\/?lang=es","og_locale":"it_IT","og_type":"article","og_title":"Korinto io espresso\u00ae - io bevo\u00ae","og_description":"Korinto io espresso\u00ae\u00a0es el dispensador self service que proponemos para la distribuci\u00f3n del caf\u00e9 expreso o de otras bebidas calientes. Es ideal para la distribuci\u00f3n de los desayunos io breakfast\u00ae con caf\u00e9 espresso o para la realizaci\u00f3n del servicio freecoffee\u00ae, consumo libre y a costo fijo del caf\u00e9 expreso despu\u00e9s [&hellip;]","og_url":"https:\/\/www.iobevo.com\/online\/distribuidores\/korinto-io-espresso\/?lang=es","og_site_name":"io bevo\u00ae","article_modified_time":"2017-08-10T21:16:24+00:00","og_image":[{"width":1512,"height":400,"url":"https:\/\/www.iobevo.com\/online\/wp-content\/uploads\/2014\/01\/slide-2-bg-e1400667726929.png","type":"image\/png"}],"twitter_card":"summary_large_image","twitter_site":"@IoBevo","twitter_misc":{"Tempo di lettura stimato":"1 minuto"},"schema":{"@context":"https:\/\/schema.org","@graph":[{"@type":"WebPage","@id":"https:\/\/www.iobevo.com\/online\/distribuidores\/korinto-io-espresso\/?lang=es","url":"https:\/\/www.iobevo.com\/online\/distribuidores\/korinto-io-espresso\/?lang=es","name":"Korinto io espresso\u00ae - io bevo\u00ae","isPartOf":{"@id":"https:\/\/www.iobevo.com\/online\/#website"},"primaryImageOfPage":{"@id":"https:\/\/www.iobevo.com\/online\/distribuidores\/korinto-io-espresso\/?lang=es#primaryimage"},"image":{"@id":"https:\/\/www.iobevo.com\/online\/distribuidores\/korinto-io-espresso\/?lang=es#primaryimage"},"thumbnailUrl":"https:\/\/www.iobevo.com\/online\/wp-content\/uploads\/2014\/01\/slide-2-bg-e1400667726929.png","datePublished":"2014-07-11T19:24:57+00:00","dateModified":"2017-08-10T21:16:24+00:00","breadcrumb":{"@id":"https:\/\/www.iobevo.com\/online\/distribuidores\/korinto-io-espresso\/?lang=es#breadcrumb"},"inLanguage":"it-IT","potentialAction":[{"@type":"ReadAction","target":["https:\/\/www.iobevo.com\/online\/distribuidores\/korinto-io-espresso\/?lang=es"]}]},{"@type":"ImageObject","inLanguage":"it-IT","@id":"https:\/\/www.iobevo.com\/online\/distribuidores\/korinto-io-espresso\/?lang=es#primaryimage","url":"https:\/\/www.iobevo.com\/online\/wp-content\/uploads\/2014\/01\/slide-2-bg-e1400667726929.png","contentUrl":"https:\/\/www.iobevo.com\/online\/wp-content\/uploads\/2014\/01\/slide-2-bg-e1400667726929.png","width":1512,"height":400},{"@type":"BreadcrumbList","@id":"https:\/\/www.iobevo.com\/online\/distribuidores\/korinto-io-espresso\/?lang=es#breadcrumb","itemListElement":[{"@type":"ListItem","position":1,"name":"Distribuidores","item":"https:\/\/www.iobevo.com\/online\/distribuidores\/?lang=es"},{"@type":"ListItem","position":2,"name":"Korinto io espresso\u00ae"}]},{"@type":"WebSite","@id":"https:\/\/www.iobevo.com\/online\/#website","url":"https:\/\/www.iobevo.com\/online\/","name":"io bevo\u00ae","description":"Drink Plastic free","publisher":{"@id":"https:\/\/www.iobevo.com\/online\/#organization"},"potentialAction":[{"@type":"SearchAction","target":{"@type":"EntryPoint","urlTemplate":"https:\/\/www.iobevo.com\/online\/?s={search_term_string}"},"query-input":{"@type":"PropertyValueSpecification","valueRequired":true,"valueName":"search_term_string"}}],"inLanguage":"it-IT"},{"@type":"Organization","@id":"https:\/\/www.iobevo.com\/online\/#organization","name":"General Beverage","url":"https:\/\/www.iobevo.com\/online\/","logo":{"@type":"ImageObject","inLanguage":"it-IT","@id":"https:\/\/www.iobevo.com\/online\/#\/schema\/logo\/image\/","url":"https:\/\/www.iobevo.com\/online\/wp-content\/uploads\/2014\/01\/logo_gb_horizontal_grey_160x47.png","contentUrl":"https:\/\/www.iobevo.com\/online\/wp-content\/uploads\/2014\/01\/logo_gb_horizontal_grey_160x47.png","width":160,"height":47,"caption":"General Beverage"},"image":{"@id":"https:\/\/www.iobevo.com\/online\/#\/schema\/logo\/image\/"},"sameAs":["https:\/\/x.com\/IoBevo"]}]}},"_links":{"self":[{"href":"https:\/\/www.iobevo.com\/online\/wp-json\/wp\/v2\/pages\/6813","targetHints":{"allow":["GET"]}}],"collection":[{"href":"https:\/\/www.iobevo.com\/online\/wp-json\/wp\/v2\/pages"}],"about":[{"href":"https:\/\/www.iobevo.com\/online\/wp-json\/wp\/v2\/types\/page"}],"author":[{"embeddable":true,"href":"https:\/\/www.iobevo.com\/online\/wp-json\/wp\/v2\/users\/58"}],"replies":[{"embeddable":true,"href":"https:\/\/www.iobevo.com\/online\/wp-json\/wp\/v2\/comments?post=6813"}],"version-history":[{"count":0,"href":"https:\/\/www.iobevo.com\/online\/wp-json\/wp\/v2\/pages\/6813\/revisions"}],"up":[{"embeddable":true,"href":"https:\/\/www.iobevo.com\/online\/wp-json\/wp\/v2\/pages\/6793"}],"wp:featuredmedia":[{"embeddable":true,"href":"https:\/\/www.iobevo.com\/online\/wp-json\/wp\/v2\/media\/2831"}],"wp:attachment":[{"href":"https:\/\/www.iobevo.com\/online\/wp-json\/wp\/v2\/media?parent=6813"}],"curies":[{"name":"wp","href":"https:\/\/api.w.org\/{rel}","templated":true}]}}